{"id":34907,"date":"2025-02-26T13:00:21","date_gmt":"2025-02-26T12:00:21","guid":{"rendered":"https:\/\/www.alteacultural.com\/events\/campeones-2-en-el-teatro-si-lorca-levantara-la-cabeza\/"},"modified":"2025-02-26T13:23:49","modified_gmt":"2025-02-26T12:23:49","slug":"campeones-2-en-el-teatro-si-lorca-levantara-la-cabeza","status":"publish","type":"mec-events","link":"https:\/\/www.alteacultural.com\/es\/events\/campeones-2-en-el-teatro-si-lorca-levantara-la-cabeza\/","title":{"rendered":"Campeones 2 en el teatro, si Lorca levantara la cabeza&#8230;"},"content":{"rendered":"<p><strong>30-mar | 18:00 h | Palau Altea<\/strong><\/p>\n<p><strong>Campeones 2 en el teatro, si Lorca levantara la cabeza&#8230;<\/strong><\/p>\n<p>Sinopsis: Claudia es una actriz a la que le va bien. Muy bien. Sin embargo, siente que todav\u00eda no le ha llegado ese gran personaje que le podr\u00eda encumbrar. Hasta que un d\u00eda la suerte toca a su puerta: uno de los m\u00e1s grandes va a dirigir la que ser\u00e1 su \u00faltima pel\u00edcula y el personaje principal lo ha escrito pensando en ella. Eso s\u00ed, el personaje tiene una discapacidad y antes de tomar una decisi\u00f3n, el director quiere verla.<\/p>\n<p>Claudia tiene tres semanas, y para prepararse la prueba se le ocurre una idea: retomar la relaci\u00f3n con Gloria -su prima con s\u00edndrome de Down-. Crecieron juntas, pero Claudia desapareci\u00f3 de la noche a la ma\u00f1ana para cumplir su sue\u00f1o y cree que Gloria la odia por eso. A su representante le parece una locura, pero Claudia le pide que conf\u00ede. Algo le dice que tiene que ser as\u00ed.<\/p>\n<p>Claudia se reencuentra con Gloria despu\u00e9s de diez a\u00f1os de ausencia y sus miedos se diluyen al instante. Gloria la recibe con los brazos abiertos. Gloria hace teatro en el grupo del centro de ocio de su barrio con sus compa\u00f1eros de piso, Alberto y Emilio, que sue\u00f1an con que alguien descubra el talento que ellos creen tener y los saque de sus rutinarias vidas. El grupo lo dirige Juan que tambi\u00e9n tiene una discapacidad y sabe muy bien lo que es la fama y sus consecuencias: en su momento pudo ser una estrella. Pero un d\u00eda, Juan lo dej\u00f3 todo sin dar explicaciones y volvi\u00f3 a su barrio. Desde entonces y para los dem\u00e1s Juan no es el mismo. Juan recela de Claudia. \u00c9l intuye por qu\u00e9 ha vuelto y no quiere que Gloria sufra.<\/p>\n<p>El grupo est\u00e1 ensayando una nueva obra, una versi\u00f3n muy particular de la Casa de Bernarda Alba, y Claudia se ofrece a actuar con ellos, y simular que tiene tambi\u00e9n una discapacidad. Juan acepta a su pesar, obligado por la ilusi\u00f3n de Gloria y del grupo.<\/p>\n<p>Para Claudia, todas las piezas parecen encajar. Sin embargo, no todo ser\u00e1 tan sencillo. Claudia se adentrar\u00e1 en un mundo muy alejado de la superficialidad de la capital, y en el que solo vale la honestidad. Los ensayos de la obra, su pasado no resuelto con Gloria, Juan convertido en espejo de su propia existencia, las presiones de su representante y la prueba que puede marcar su destino, har\u00e1n que Claudia tenga que replantearse qu\u00e9 es el verdadero \u00e9xito en la vida.<\/p>\n<p>Entrada 20-24 \u20ac.<\/p>\n<p>Duraci\u00f3n: 100 minutos.<\/p>\n<p>Edad recomendada: Para todos los p\u00fablicos.<\/p>\n<p><img fetchpriority=\"high\" decoding=\"async\" class=\"aligncenter wp-image-34903\" src=\"https:\/\/www.alteacultural.com\/wp-content\/uploads\/2025\/02\/2025-03-30_Campeones2EnElTeatro_cartel.jpg\" alt=\"\" width=\"750\" height=\"1062\" srcset=\"https:\/\/www.alteacultural.com\/wp-content\/uploads\/2025\/02\/2025-03-30_Campeones2EnElTeatro_cartel.jpg 1130w, https:\/\/www.alteacultural.com\/wp-content\/uploads\/2025\/02\/2025-03-30_Campeones2EnElTeatro_cartel-768x1087.jpg 768w, https:\/\/www.alteacultural.com\/wp-content\/uploads\/2025\/02\/2025-03-30_Campeones2EnElTeatro_cartel-1085x1536.jpg 1085w\" sizes=\"(max-width: 750px) 100vw, 750px\" \/><\/p>\n","protected":false},"excerpt":{"rendered":"<p>30-mar | 18:00 h | Palau Altea Campeones 2 en el teatro, si Lorca levantara la cabeza&#8230; Sinopsis: Claudia [&hellip;]<\/p>\n","protected":false},"author":1,"featured_media":34906,"comment_status":"open","ping_status":"closed","template":"","meta":{"_expiration-date-status":"","_expiration-date":0,"_expiration-date-type":"","_expiration-date-categories":[],"_expiration-date-options":[]},"yoast_head":"<!-- This site is optimized with the Yoast SEO plugin v22.8 - https:\/\/yoast.com\/wordpress\/plugins\/seo\/ -->\n<title>Campeones 2 en el teatro, si Lorca levantara la cabeza... - Altea Cultural<\/title>\n<meta name=\"robots\" content=\"index, follow, max-snippet:-1, max-image-preview:large, max-video-preview:-1\" \/>\n<link rel=\"canonical\" href=\"https:\/\/www.alteacultural.com\/es\/events\/campeones-2-en-el-teatro-si-lorca-levantara-la-cabeza\/\" \/>\n<meta property=\"og:locale\" content=\"es_ES\" \/>\n<meta property=\"og:type\" content=\"article\" \/>\n<meta property=\"og:title\" content=\"Campeones 2 en el teatro, si Lorca levantara la cabeza... - Altea Cultural\" \/>\n<meta property=\"og:description\" content=\"30-mar | 18:00 h | Palau Altea Campeones 2 en el teatro, si Lorca levantara la cabeza&#8230; Sinopsis: Claudia [&hellip;]\" \/>\n<meta property=\"og:url\" content=\"https:\/\/www.alteacultural.com\/es\/events\/campeones-2-en-el-teatro-si-lorca-levantara-la-cabeza\/\" \/>\n<meta property=\"og:site_name\" content=\"Altea Cultural\" \/>\n<meta property=\"article:modified_time\" content=\"2025-02-26T12:23:49+00:00\" \/>\n<meta property=\"og:image\" content=\"https:\/\/www.alteacultural.com\/wp-content\/uploads\/2025\/02\/2025-03-30_Campeones_2_En_El_Teatro_banner.jpg\" \/>\n\t<meta property=\"og:image:width\" content=\"1360\" \/>\n\t<meta property=\"og:image:height\" content=\"352\" \/>\n\t<meta property=\"og:image:type\" content=\"image\/jpeg\" \/>\n<meta name=\"twitter:card\" content=\"summary_large_image\" \/>\n<meta name=\"twitter:label1\" content=\"Tiempo de lectura\" \/>\n\t<meta name=\"twitter:data1\" content=\"3 minutos\" \/>\n<script type=\"application\/ld+json\" class=\"yoast-schema-graph\">{\"@context\":\"https:\/\/schema.org\",\"@graph\":[{\"@type\":\"WebPage\",\"@id\":\"https:\/\/www.alteacultural.com\/es\/events\/campeones-2-en-el-teatro-si-lorca-levantara-la-cabeza\/\",\"url\":\"https:\/\/www.alteacultural.com\/es\/events\/campeones-2-en-el-teatro-si-lorca-levantara-la-cabeza\/\",\"name\":\"Campeones 2 en el teatro, si Lorca levantara la cabeza... - Altea Cultural\",\"isPartOf\":{\"@id\":\"https:\/\/www.alteacultural.com\/es\/#website\"},\"primaryImageOfPage\":{\"@id\":\"https:\/\/www.alteacultural.com\/es\/events\/campeones-2-en-el-teatro-si-lorca-levantara-la-cabeza\/#primaryimage\"},\"image\":{\"@id\":\"https:\/\/www.alteacultural.com\/es\/events\/campeones-2-en-el-teatro-si-lorca-levantara-la-cabeza\/#primaryimage\"},\"thumbnailUrl\":\"https:\/\/www.alteacultural.com\/wp-content\/uploads\/2025\/02\/2025-03-30_Campeones_2_En_El_Teatro_banner.jpg\",\"datePublished\":\"2025-02-26T12:00:21+00:00\",\"dateModified\":\"2025-02-26T12:23:49+00:00\",\"breadcrumb\":{\"@id\":\"https:\/\/www.alteacultural.com\/es\/events\/campeones-2-en-el-teatro-si-lorca-levantara-la-cabeza\/#breadcrumb\"},\"inLanguage\":\"es\",\"potentialAction\":[{\"@type\":\"ReadAction\",\"target\":[\"https:\/\/www.alteacultural.com\/es\/events\/campeones-2-en-el-teatro-si-lorca-levantara-la-cabeza\/\"]}]},{\"@type\":\"ImageObject\",\"inLanguage\":\"es\",\"@id\":\"https:\/\/www.alteacultural.com\/es\/events\/campeones-2-en-el-teatro-si-lorca-levantara-la-cabeza\/#primaryimage\",\"url\":\"https:\/\/www.alteacultural.com\/wp-content\/uploads\/2025\/02\/2025-03-30_Campeones_2_En_El_Teatro_banner.jpg\",\"contentUrl\":\"https:\/\/www.alteacultural.com\/wp-content\/uploads\/2025\/02\/2025-03-30_Campeones_2_En_El_Teatro_banner.jpg\",\"width\":1360,\"height\":352},{\"@type\":\"BreadcrumbList\",\"@id\":\"https:\/\/www.alteacultural.com\/es\/events\/campeones-2-en-el-teatro-si-lorca-levantara-la-cabeza\/#breadcrumb\",\"itemListElement\":[{\"@type\":\"ListItem\",\"position\":1,\"name\":\"Inici\",\"item\":\"https:\/\/www.alteacultural.com\/es\/\"},{\"@type\":\"ListItem\",\"position\":2,\"name\":\"Eventos\",\"item\":\"https:\/\/www.alteacultural.com\/es\/events\/\"},{\"@type\":\"ListItem\",\"position\":3,\"name\":\"Campeones 2 en el teatro, si Lorca levantara la cabeza&#8230;\"}]},{\"@type\":\"WebSite\",\"@id\":\"https:\/\/www.alteacultural.com\/es\/#website\",\"url\":\"https:\/\/www.alteacultural.com\/es\/\",\"name\":\"Altea Cultural\",\"description\":\"Regidoria de Cultura de l&#039;Ajuntament d&#039;Altea\",\"potentialAction\":[{\"@type\":\"SearchAction\",\"target\":{\"@type\":\"EntryPoint\",\"urlTemplate\":\"https:\/\/www.alteacultural.com\/es\/?s={search_term_string}\"},\"query-input\":\"required name=search_term_string\"}],\"inLanguage\":\"es\"}]}<\/script>\n<!-- \/ Yoast SEO plugin. -->","yoast_head_json":{"title":"Campeones 2 en el teatro, si Lorca levantara la cabeza... - Altea Cultural","robots":{"index":"index","follow":"follow","max-snippet":"max-snippet:-1","max-image-preview":"max-image-preview:large","max-video-preview":"max-video-preview:-1"},"canonical":"https:\/\/www.alteacultural.com\/es\/events\/campeones-2-en-el-teatro-si-lorca-levantara-la-cabeza\/","og_locale":"es_ES","og_type":"article","og_title":"Campeones 2 en el teatro, si Lorca levantara la cabeza... - Altea Cultural","og_description":"30-mar | 18:00 h | Palau Altea Campeones 2 en el teatro, si Lorca levantara la cabeza&#8230; Sinopsis: Claudia [&hellip;]","og_url":"https:\/\/www.alteacultural.com\/es\/events\/campeones-2-en-el-teatro-si-lorca-levantara-la-cabeza\/","og_site_name":"Altea Cultural","article_modified_time":"2025-02-26T12:23:49+00:00","og_image":[{"width":1360,"height":352,"url":"https:\/\/www.alteacultural.com\/wp-content\/uploads\/2025\/02\/2025-03-30_Campeones_2_En_El_Teatro_banner.jpg","type":"image\/jpeg"}],"twitter_card":"summary_large_image","twitter_misc":{"Tiempo de lectura":"3 minutos"},"schema":{"@context":"https:\/\/schema.org","@graph":[{"@type":"WebPage","@id":"https:\/\/www.alteacultural.com\/es\/events\/campeones-2-en-el-teatro-si-lorca-levantara-la-cabeza\/","url":"https:\/\/www.alteacultural.com\/es\/events\/campeones-2-en-el-teatro-si-lorca-levantara-la-cabeza\/","name":"Campeones 2 en el teatro, si Lorca levantara la cabeza... - Altea Cultural","isPartOf":{"@id":"https:\/\/www.alteacultural.com\/es\/#website"},"primaryImageOfPage":{"@id":"https:\/\/www.alteacultural.com\/es\/events\/campeones-2-en-el-teatro-si-lorca-levantara-la-cabeza\/#primaryimage"},"image":{"@id":"https:\/\/www.alteacultural.com\/es\/events\/campeones-2-en-el-teatro-si-lorca-levantara-la-cabeza\/#primaryimage"},"thumbnailUrl":"https:\/\/www.alteacultural.com\/wp-content\/uploads\/2025\/02\/2025-03-30_Campeones_2_En_El_Teatro_banner.jpg","datePublished":"2025-02-26T12:00:21+00:00","dateModified":"2025-02-26T12:23:49+00:00","breadcrumb":{"@id":"https:\/\/www.alteacultural.com\/es\/events\/campeones-2-en-el-teatro-si-lorca-levantara-la-cabeza\/#breadcrumb"},"inLanguage":"es","potentialAction":[{"@type":"ReadAction","target":["https:\/\/www.alteacultural.com\/es\/events\/campeones-2-en-el-teatro-si-lorca-levantara-la-cabeza\/"]}]},{"@type":"ImageObject","inLanguage":"es","@id":"https:\/\/www.alteacultural.com\/es\/events\/campeones-2-en-el-teatro-si-lorca-levantara-la-cabeza\/#primaryimage","url":"https:\/\/www.alteacultural.com\/wp-content\/uploads\/2025\/02\/2025-03-30_Campeones_2_En_El_Teatro_banner.jpg","contentUrl":"https:\/\/www.alteacultural.com\/wp-content\/uploads\/2025\/02\/2025-03-30_Campeones_2_En_El_Teatro_banner.jpg","width":1360,"height":352},{"@type":"BreadcrumbList","@id":"https:\/\/www.alteacultural.com\/es\/events\/campeones-2-en-el-teatro-si-lorca-levantara-la-cabeza\/#breadcrumb","itemListElement":[{"@type":"ListItem","position":1,"name":"Inici","item":"https:\/\/www.alteacultural.com\/es\/"},{"@type":"ListItem","position":2,"name":"Eventos","item":"https:\/\/www.alteacultural.com\/es\/events\/"},{"@type":"ListItem","position":3,"name":"Campeones 2 en el teatro, si Lorca levantara la cabeza&#8230;"}]},{"@type":"WebSite","@id":"https:\/\/www.alteacultural.com\/es\/#website","url":"https:\/\/www.alteacultural.com\/es\/","name":"Altea Cultural","description":"Regidoria de Cultura de l&#039;Ajuntament d&#039;Altea","potentialAction":[{"@type":"SearchAction","target":{"@type":"EntryPoint","urlTemplate":"https:\/\/www.alteacultural.com\/es\/?s={search_term_string}"},"query-input":"required name=search_term_string"}],"inLanguage":"es"}]}},"mec_cost":"20-24 \u20ac","mec_date":{"start":{"date":"2025-03-30","hour":6,"minutes":"0","ampm":"PM"},"end":{"date":"2025-03-30","hour":7,"minutes":"40","ampm":"PM"},"comment":"","repeat":{"type":"daily","interval":"1","advanced":"","end":"never","end_at_date":"","end_at_occurrences":"10"}},"_links":{"self":[{"href":"https:\/\/www.alteacultural.com\/es\/wp-json\/wp\/v2\/mec-events\/34907"}],"collection":[{"href":"https:\/\/www.alteacultural.com\/es\/wp-json\/wp\/v2\/mec-events"}],"about":[{"href":"https:\/\/www.alteacultural.com\/es\/wp-json\/wp\/v2\/types\/mec-events"}],"author":[{"embeddable":true,"href":"https:\/\/www.alteacultural.com\/es\/wp-json\/wp\/v2\/users\/1"}],"replies":[{"embeddable":true,"href":"https:\/\/www.alteacultural.com\/es\/wp-json\/wp\/v2\/comments?post=34907"}],"wp:featuredmedia":[{"embeddable":true,"href":"https:\/\/www.alteacultural.com\/es\/wp-json\/wp\/v2\/media\/34906"}],"wp:attachment":[{"href":"https:\/\/www.alteacultural.com\/es\/wp-json\/wp\/v2\/media?parent=34907"}],"curies":[{"name":"wp","href":"https:\/\/api.w.org\/{rel}","templated":true}]}}

<p><strong>30-mar | 18:00 h | Palau Altea</strong></p>
<p><strong>Campeones 2 en el teatro, si Lorca levantara la cabeza&#8230;</strong></p>
<p>Sinopsis: Claudia es una actriz a la que le va bien. Muy bien. Sin embargo, siente que todavía no le ha llegado ese gran personaje que le podría encumbrar. Hasta que un día la suerte toca a su puerta: uno de los más grandes va a dirigir la que será su última película y el personaje principal lo ha escrito pensando en ella. Eso sí, el personaje tiene una discapacidad y antes de tomar una decisión, el director quiere verla.</p>
<p>Claudia tiene tres semanas, y para prepararse la prueba se le ocurre una idea: retomar la relación con Gloria -su prima con síndrome de Down-. Crecieron juntas, pero Claudia desapareció de la noche a la mañana para cumplir su sueño y cree que Gloria la odia por eso. A su representante le parece una locura, pero Claudia le pide que confíe. Algo le dice que tiene que ser así.</p>
<p>Claudia se reencuentra con Gloria después de diez años de ausencia y sus miedos se diluyen al instante. Gloria la recibe con los brazos abiertos. Gloria hace teatro en el grupo del centro de ocio de su barrio con sus compañeros de piso, Alberto y Emilio, que sueñan con que alguien descubra el talento que ellos creen tener y los saque de sus rutinarias vidas. El grupo lo dirige Juan que también tiene una discapacidad y sabe muy bien lo que es la fama y sus consecuencias: en su momento pudo ser una estrella. Pero un día, Juan lo dejó todo sin dar explicaciones y volvió a su barrio. Desde entonces y para los demás Juan no es el mismo. Juan recela de Claudia. Él intuye por qué ha vuelto y no quiere que Gloria sufra.</p>
<p>El grupo está ensayando una nueva obra, una versión muy particular de la Casa de Bernarda Alba, y Claudia se ofrece a actuar con ellos, y simular que tiene también una discapacidad. Juan acepta a su pesar, obligado por la ilusión de Gloria y del grupo.</p>
<p>Para Claudia, todas las piezas parecen encajar. Sin embargo, no todo será tan sencillo. Claudia se adentrará en un mundo muy alejado de la superficialidad de la capital, y en el que solo vale la honestidad. Los ensayos de la obra, su pasado no resuelto con Gloria, Juan convertido en espejo de su propia existencia, las presiones de su representante y la prueba que puede marcar su destino, harán que Claudia tenga que replantearse qué es el verdadero éxito en la vida.</p>
<p>Entrada 20-24 €.</p>
<p>Duración: 100 minutos.</p>
<p>Edad recomendada: Para todos los públicos.</p>
<p><img fetchpriority="high" decoding="async" class="aligncenter wp-image-34903" src="https://www.alteacultural.com/wp-content/uploads/2025/02/2025-03-30_Campeones2EnElTeatro_cartel.jpg" alt="" width="750" height="1062" srcset="https://www.alteacultural.com/wp-content/uploads/2025/02/2025-03-30_Campeones2EnElTeatro_cartel.jpg 1130w, https://www.alteacultural.com/wp-content/uploads/2025/02/2025-03-30_Campeones2EnElTeatro_cartel-768x1087.jpg 768w, https://www.alteacultural.com/wp-content/uploads/2025/02/2025-03-30_Campeones2EnElTeatro_cartel-1085x1536.jpg 1085w" sizes="(max-width: 750px) 100vw, 750px" /></p>
