{"id":34910,"date":"2025-02-27T13:21:11","date_gmt":"2025-02-27T12:21:11","guid":{"rendered":"https:\/\/www.alteacultural.com\/?post_type=mec-events&#038;p=34910"},"modified":"2025-03-09T14:08:36","modified_gmt":"2025-03-09T13:08:36","slug":"mercat-del-convent-edicio-hivern-2025-2","status":"publish","type":"mec-events","link":"https:\/\/www.alteacultural.com\/es\/events\/mercat-del-convent-edicio-hivern-2025-2\/","title":{"rendered":"Mercat del Convent (edici\u00f3n invierno 2025)"},"content":{"rendered":"<p><strong>15-mar\u00a0 I\u00a0 10.00-20.00 h\u00a0 I\u00a0 Pl. del Convento (Altea)<\/strong><\/p>\n<p>Muestra de producci\u00f3n local y de proximidad.<\/p>\n<p>Organiza: Agrollotja y Ayuntamiento de Altea.<\/p>\n<p>&nbsp;<\/p>\n<p>Actividades:<\/p>\n<p style=\"font-weight: 400;\"><strong>10:00 h<\/strong> Apertura del Mercado<\/p>\n<p style=\"font-weight: 400;\"><strong>11:00 h<\/strong> Punto de entrega e intercambio de semillas a cargo de L<em>lavors d\u2019ac\u00ed.<\/em><\/p>\n<p style=\"font-weight: 400;\"><strong>11:00 h<\/strong> El\u00a0<em>Coret de Altea<\/em><\/p>\n<p style=\"font-weight: 400;\"><strong>11:30 h<\/strong> Taller de cer\u00e1mica. Simone Pastafari. Cer\u00e1mica Mediterr\u00e1neo<\/p>\n<p style=\"font-weight: 400;\"><strong>12:30 h<\/strong> Charla y muestra de cocina de arroces. Vicent Zaragoz\u00ed y Paco Gregori<\/p>\n<p style=\"font-weight: 400;\"><strong>16:00 h<\/strong> Taller creativo con elementos naturales y reciclados. Pepa Mengual<\/p>\n<p style=\"font-weight: 400;\"><strong>16:30 h<\/strong> Caf\u00e9 literario. M\u00fasica y literatura. Santi S\u00e1nchez y Anna Mezquida<\/p>\n<p style=\"font-weight: 400;\"><strong>17:30 h<\/strong> Conciertos de Noraila y Bromuro de plata<\/p>\n<p style=\"font-weight: 400;\"><strong>20:00 h<\/strong> Cierre del Mercado<\/p>\n<p>&nbsp;<\/p>\n<p><img fetchpriority=\"high\" decoding=\"async\" class=\"wp-image-35101 aligncenter\" src=\"https:\/\/www.alteacultural.com\/wp-content\/uploads\/2025\/02\/2025-03-15-MERCAT-DEL-CONVENT-correcte.jpg\" alt=\"\" width=\"700\" height=\"985\" srcset=\"https:\/\/www.alteacultural.com\/wp-content\/uploads\/2025\/02\/2025-03-15-MERCAT-DEL-CONVENT-correcte.jpg 1137w, https:\/\/www.alteacultural.com\/wp-content\/uploads\/2025\/02\/2025-03-15-MERCAT-DEL-CONVENT-correcte-768x1081.jpg 768w, https:\/\/www.alteacultural.com\/wp-content\/uploads\/2025\/02\/2025-03-15-MERCAT-DEL-CONVENT-correcte-1092x1536.jpg 1092w\" sizes=\"(max-width: 700px) 100vw, 700px\" \/><\/p>\n<p>&nbsp;<\/p>\n<p>&nbsp;<\/p>\n<p>&nbsp;<\/p>\n<p>&nbsp;<\/p>\n","protected":false},"excerpt":{"rendered":"<p>15-mar\u00a0 I\u00a0 10.00-20.00 h\u00a0 I\u00a0 Pl. del Convento (Altea) Muestra de producci\u00f3n local y de proximidad. Organiza: Agrollotja y [&hellip;]<\/p>\n","protected":false},"author":1,"featured_media":23266,"comment_status":"open","ping_status":"closed","template":"","meta":{"_expiration-date-status":"","_expiration-date":0,"_expiration-date-type":"","_expiration-date-categories":[],"_expiration-date-options":[]},"yoast_head":"<!-- This site is optimized with the Yoast SEO plugin v22.8 - https:\/\/yoast.com\/wordpress\/plugins\/seo\/ -->\n<title>Mercat del Convent (edici\u00f3n invierno 2025) - Altea Cultural<\/title>\n<meta name=\"robots\" content=\"index, follow, max-snippet:-1, max-image-preview:large, max-video-preview:-1\" \/>\n<link rel=\"canonical\" href=\"https:\/\/www.alteacultural.com\/es\/events\/mercat-del-convent-edicio-hivern-2025-2\/\" \/>\n<meta property=\"og:locale\" content=\"es_ES\" \/>\n<meta property=\"og:type\" content=\"article\" \/>\n<meta property=\"og:title\" content=\"Mercat del Convent (edici\u00f3n invierno 2025) - Altea Cultural\" \/>\n<meta property=\"og:description\" content=\"15-mar\u00a0 I\u00a0 10.00-20.00 h\u00a0 I\u00a0 Pl. del Convento (Altea) Muestra de producci\u00f3n local y de proximidad. Organiza: Agrollotja y [&hellip;]\" \/>\n<meta property=\"og:url\" content=\"https:\/\/www.alteacultural.com\/es\/events\/mercat-del-convent-edicio-hivern-2025-2\/\" \/>\n<meta property=\"og:site_name\" content=\"Altea Cultural\" \/>\n<meta property=\"article:modified_time\" content=\"2025-03-09T13:08:36+00:00\" \/>\n<meta property=\"og:image\" content=\"https:\/\/www.alteacultural.com\/wp-content\/uploads\/2023\/01\/2023-02-25-cartell-mercat-convent-banner-scaled.jpg\" \/>\n\t<meta property=\"og:image:width\" content=\"2560\" \/>\n\t<meta property=\"og:image:height\" content=\"1291\" \/>\n\t<meta property=\"og:image:type\" content=\"image\/jpeg\" \/>\n<meta name=\"twitter:card\" content=\"summary_large_image\" \/>\n<meta name=\"twitter:label1\" content=\"Tiempo de lectura\" \/>\n\t<meta name=\"twitter:data1\" content=\"1 minuto\" \/>\n<script type=\"application\/ld+json\" class=\"yoast-schema-graph\">{\"@context\":\"https:\/\/schema.org\",\"@graph\":[{\"@type\":\"WebPage\",\"@id\":\"https:\/\/www.alteacultural.com\/es\/events\/mercat-del-convent-edicio-hivern-2025-2\/\",\"url\":\"https:\/\/www.alteacultural.com\/es\/events\/mercat-del-convent-edicio-hivern-2025-2\/\",\"name\":\"Mercat del Convent (edici\u00f3n invierno 2025) - Altea Cultural\",\"isPartOf\":{\"@id\":\"https:\/\/www.alteacultural.com\/es\/#website\"},\"primaryImageOfPage\":{\"@id\":\"https:\/\/www.alteacultural.com\/es\/events\/mercat-del-convent-edicio-hivern-2025-2\/#primaryimage\"},\"image\":{\"@id\":\"https:\/\/www.alteacultural.com\/es\/events\/mercat-del-convent-edicio-hivern-2025-2\/#primaryimage\"},\"thumbnailUrl\":\"https:\/\/www.alteacultural.com\/wp-content\/uploads\/2023\/01\/2023-02-25-cartell-mercat-convent-banner-scaled.jpg\",\"datePublished\":\"2025-02-27T12:21:11+00:00\",\"dateModified\":\"2025-03-09T13:08:36+00:00\",\"breadcrumb\":{\"@id\":\"https:\/\/www.alteacultural.com\/es\/events\/mercat-del-convent-edicio-hivern-2025-2\/#breadcrumb\"},\"inLanguage\":\"es\",\"potentialAction\":[{\"@type\":\"ReadAction\",\"target\":[\"https:\/\/www.alteacultural.com\/es\/events\/mercat-del-convent-edicio-hivern-2025-2\/\"]}]},{\"@type\":\"ImageObject\",\"inLanguage\":\"es\",\"@id\":\"https:\/\/www.alteacultural.com\/es\/events\/mercat-del-convent-edicio-hivern-2025-2\/#primaryimage\",\"url\":\"https:\/\/www.alteacultural.com\/wp-content\/uploads\/2023\/01\/2023-02-25-cartell-mercat-convent-banner-scaled.jpg\",\"contentUrl\":\"https:\/\/www.alteacultural.com\/wp-content\/uploads\/2023\/01\/2023-02-25-cartell-mercat-convent-banner-scaled.jpg\",\"width\":2560,\"height\":1291},{\"@type\":\"BreadcrumbList\",\"@id\":\"https:\/\/www.alteacultural.com\/es\/events\/mercat-del-convent-edicio-hivern-2025-2\/#breadcrumb\",\"itemListElement\":[{\"@type\":\"ListItem\",\"position\":1,\"name\":\"Inici\",\"item\":\"https:\/\/www.alteacultural.com\/es\/\"},{\"@type\":\"ListItem\",\"position\":2,\"name\":\"Eventos\",\"item\":\"https:\/\/www.alteacultural.com\/es\/events\/\"},{\"@type\":\"ListItem\",\"position\":3,\"name\":\"Mercat del Convent (edici\u00f3n invierno 2025)\"}]},{\"@type\":\"WebSite\",\"@id\":\"https:\/\/www.alteacultural.com\/es\/#website\",\"url\":\"https:\/\/www.alteacultural.com\/es\/\",\"name\":\"Altea Cultural\",\"description\":\"Regidoria de Cultura de l&#039;Ajuntament d&#039;Altea\",\"potentialAction\":[{\"@type\":\"SearchAction\",\"target\":{\"@type\":\"EntryPoint\",\"urlTemplate\":\"https:\/\/www.alteacultural.com\/es\/?s={search_term_string}\"},\"query-input\":\"required name=search_term_string\"}],\"inLanguage\":\"es\"}]}<\/script>\n<!-- \/ Yoast SEO plugin. -->","yoast_head_json":{"title":"Mercat del Convent (edici\u00f3n invierno 2025) - Altea Cultural","robots":{"index":"index","follow":"follow","max-snippet":"max-snippet:-1","max-image-preview":"max-image-preview:large","max-video-preview":"max-video-preview:-1"},"canonical":"https:\/\/www.alteacultural.com\/es\/events\/mercat-del-convent-edicio-hivern-2025-2\/","og_locale":"es_ES","og_type":"article","og_title":"Mercat del Convent (edici\u00f3n invierno 2025) - Altea Cultural","og_description":"15-mar\u00a0 I\u00a0 10.00-20.00 h\u00a0 I\u00a0 Pl. del Convento (Altea) Muestra de producci\u00f3n local y de proximidad. Organiza: Agrollotja y [&hellip;]","og_url":"https:\/\/www.alteacultural.com\/es\/events\/mercat-del-convent-edicio-hivern-2025-2\/","og_site_name":"Altea Cultural","article_modified_time":"2025-03-09T13:08:36+00:00","og_image":[{"width":2560,"height":1291,"url":"https:\/\/www.alteacultural.com\/wp-content\/uploads\/2023\/01\/2023-02-25-cartell-mercat-convent-banner-scaled.jpg","type":"image\/jpeg"}],"twitter_card":"summary_large_image","twitter_misc":{"Tiempo de lectura":"1 minuto"},"schema":{"@context":"https:\/\/schema.org","@graph":[{"@type":"WebPage","@id":"https:\/\/www.alteacultural.com\/es\/events\/mercat-del-convent-edicio-hivern-2025-2\/","url":"https:\/\/www.alteacultural.com\/es\/events\/mercat-del-convent-edicio-hivern-2025-2\/","name":"Mercat del Convent (edici\u00f3n invierno 2025) - Altea Cultural","isPartOf":{"@id":"https:\/\/www.alteacultural.com\/es\/#website"},"primaryImageOfPage":{"@id":"https:\/\/www.alteacultural.com\/es\/events\/mercat-del-convent-edicio-hivern-2025-2\/#primaryimage"},"image":{"@id":"https:\/\/www.alteacultural.com\/es\/events\/mercat-del-convent-edicio-hivern-2025-2\/#primaryimage"},"thumbnailUrl":"https:\/\/www.alteacultural.com\/wp-content\/uploads\/2023\/01\/2023-02-25-cartell-mercat-convent-banner-scaled.jpg","datePublished":"2025-02-27T12:21:11+00:00","dateModified":"2025-03-09T13:08:36+00:00","breadcrumb":{"@id":"https:\/\/www.alteacultural.com\/es\/events\/mercat-del-convent-edicio-hivern-2025-2\/#breadcrumb"},"inLanguage":"es","potentialAction":[{"@type":"ReadAction","target":["https:\/\/www.alteacultural.com\/es\/events\/mercat-del-convent-edicio-hivern-2025-2\/"]}]},{"@type":"ImageObject","inLanguage":"es","@id":"https:\/\/www.alteacultural.com\/es\/events\/mercat-del-convent-edicio-hivern-2025-2\/#primaryimage","url":"https:\/\/www.alteacultural.com\/wp-content\/uploads\/2023\/01\/2023-02-25-cartell-mercat-convent-banner-scaled.jpg","contentUrl":"https:\/\/www.alteacultural.com\/wp-content\/uploads\/2023\/01\/2023-02-25-cartell-mercat-convent-banner-scaled.jpg","width":2560,"height":1291},{"@type":"BreadcrumbList","@id":"https:\/\/www.alteacultural.com\/es\/events\/mercat-del-convent-edicio-hivern-2025-2\/#breadcrumb","itemListElement":[{"@type":"ListItem","position":1,"name":"Inici","item":"https:\/\/www.alteacultural.com\/es\/"},{"@type":"ListItem","position":2,"name":"Eventos","item":"https:\/\/www.alteacultural.com\/es\/events\/"},{"@type":"ListItem","position":3,"name":"Mercat del Convent (edici\u00f3n invierno 2025)"}]},{"@type":"WebSite","@id":"https:\/\/www.alteacultural.com\/es\/#website","url":"https:\/\/www.alteacultural.com\/es\/","name":"Altea Cultural","description":"Regidoria de Cultura de l&#039;Ajuntament d&#039;Altea","potentialAction":[{"@type":"SearchAction","target":{"@type":"EntryPoint","urlTemplate":"https:\/\/www.alteacultural.com\/es\/?s={search_term_string}"},"query-input":"required name=search_term_string"}],"inLanguage":"es"}]}},"mec_cost":"Talleres libres y gratuitos, hasta completar aforo","mec_date":{"start":{"date":"2025-03-15","hour":"10","minutes":"0","ampm":"AM"},"end":{"date":"2025-03-15","hour":8,"minutes":"0","ampm":"PM"},"comment":"","repeat":{"type":"daily","interval":"1","advanced":"","end":"never","end_at_date":"","end_at_occurrences":"10"}},"_links":{"self":[{"href":"https:\/\/www.alteacultural.com\/es\/wp-json\/wp\/v2\/mec-events\/34910"}],"collection":[{"href":"https:\/\/www.alteacultural.com\/es\/wp-json\/wp\/v2\/mec-events"}],"about":[{"href":"https:\/\/www.alteacultural.com\/es\/wp-json\/wp\/v2\/types\/mec-events"}],"author":[{"embeddable":true,"href":"https:\/\/www.alteacultural.com\/es\/wp-json\/wp\/v2\/users\/1"}],"replies":[{"embeddable":true,"href":"https:\/\/www.alteacultural.com\/es\/wp-json\/wp\/v2\/comments?post=34910"}],"wp:featuredmedia":[{"embeddable":true,"href":"https:\/\/www.alteacultural.com\/es\/wp-json\/wp\/v2\/media\/23266"}],"wp:attachment":[{"href":"https:\/\/www.alteacultural.com\/es\/wp-json\/wp\/v2\/media?parent=34910"}],"curies":[{"name":"wp","href":"https:\/\/api.w.org\/{rel}","templated":true}]}}

Mercat del Convent (edición invierno 2025)

<p><strong>15-mar  I  10.00-20.00 h  I  Pl. del Convento (Altea)</strong></p>
<p>Muestra de producción local y de proximidad.</p>
<p>Organiza: Agrollotja y Ayuntamiento de Altea.</p>
<p>&nbsp;</p>
<p>Actividades:</p>
<p style="font-weight: 400;"><strong>10:00 h</strong> Apertura del Mercado</p>
<p style="font-weight: 400;"><strong>11:00 h</strong> Punto de entrega e intercambio de semillas a cargo de L<em>lavors d’ací.</em></p>
<p style="font-weight: 400;"><strong>11:00 h</strong> El <em>Coret de Altea</em></p>
<p style="font-weight: 400;"><strong>11:30 h</strong> Taller de cerámica. Simone Pastafari. Cerámica Mediterráneo</p>
<p style="font-weight: 400;"><strong>12:30 h</strong> Charla y muestra de cocina de arroces. Vicent Zaragozí y Paco Gregori</p>
<p style="font-weight: 400;"><strong>16:00 h</strong> Taller creativo con elementos naturales y reciclados. Pepa Mengual</p>
<p style="font-weight: 400;"><strong>16:30 h</strong> Café literario. Música y literatura. Santi Sánchez y Anna Mezquida</p>
<p style="font-weight: 400;"><strong>17:30 h</strong> Conciertos de Noraila y Bromuro de plata</p>
<p style="font-weight: 400;"><strong>20:00 h</strong> Cierre del Mercado</p>
<p>&nbsp;</p>
<p><img fetchpriority="high" decoding="async" class="wp-image-35101 aligncenter" src="https://www.alteacultural.com/wp-content/uploads/2025/02/2025-03-15-MERCAT-DEL-CONVENT-correcte.jpg" alt="" width="700" height="985" srcset="https://www.alteacultural.com/wp-content/uploads/2025/02/2025-03-15-MERCAT-DEL-CONVENT-correcte.jpg 1137w, https://www.alteacultural.com/wp-content/uploads/2025/02/2025-03-15-MERCAT-DEL-CONVENT-correcte-768x1081.jpg 768w, https://www.alteacultural.com/wp-content/uploads/2025/02/2025-03-15-MERCAT-DEL-CONVENT-correcte-1092x1536.jpg 1092w" sizes="(max-width: 700px) 100vw, 700px" /></p>
<p>&nbsp;</p>
<p>&nbsp;</p>
<p>&nbsp;</p>
<p>&nbsp;</p>

<p>15-mar  I  10.00-20.00 h  I  Pl. del Convento (Altea) Muestra de producción local y de proximidad. Organiza: Agrollotja y [&hellip;]</p>

<!-- This site is optimized with the Yoast SEO plugin v22.8 - https://yoast.com/wordpress/plugins/seo/ -->
<title>Mercat del Convent (edición invierno 2025) - Altea Cultural</title>
<meta name="robots" content="index, follow, max-snippet:-1, max-image-preview:large, max-video-preview:-1" />
<link rel="canonical" href="https://www.alteacultural.com/es/events/mercat-del-convent-edicio-hivern-2025-2/" />
<meta property="og:locale" content="es_ES" />
<meta property="og:type" content="article" />
<meta property="og:title" content="Mercat del Convent (edición invierno 2025) - Altea Cultural" />
<meta property="og:description" content="15-mar  I  10.00-20.00 h  I  Pl. del Convento (Altea) Muestra de producción local y de proximidad. Organiza: Agrollotja y [&hellip;]" />
<meta property="og:url" content="https://www.alteacultural.com/es/events/mercat-del-convent-edicio-hivern-2025-2/" />
<meta property="og:site_name" content="Altea Cultural" />
<meta property="article:modified_time" content="2025-03-09T13:08:36+00:00" />
<meta property="og:image" content="https://www.alteacultural.com/wp-content/uploads/2023/01/2023-02-25-cartell-mercat-convent-banner-scaled.jpg" />
	<meta property="og:image:width" content="2560" />
	<meta property="og:image:height" content="1291" />
	<meta property="og:image:type" content="image/jpeg" />
<meta name="twitter:card" content="summary_large_image" />
<meta name="twitter:label1" content="Tiempo de lectura" />
	<meta name="twitter:data1" content="1 minuto" />
<script type="application/ld+json" class="yoast-schema-graph">{"@context":"https://schema.org","@graph":[{"@type":"WebPage","@id":"https://www.alteacultural.com/es/events/mercat-del-convent-edicio-hivern-2025-2/","url":"https://www.alteacultural.com/es/events/mercat-del-convent-edicio-hivern-2025-2/","name":"Mercat del Convent (edición invierno 2025) - Altea Cultural","isPartOf":{"@id":"https://www.alteacultural.com/es/#website"},"primaryImageOfPage":{"@id":"https://www.alteacultural.com/es/events/mercat-del-convent-edicio-hivern-2025-2/#primaryimage"},"image":{"@id":"https://www.alteacultural.com/es/events/mercat-del-convent-edicio-hivern-2025-2/#primaryimage"},"thumbnailUrl":"https://www.alteacultural.com/wp-content/uploads/2023/01/2023-02-25-cartell-mercat-convent-banner-scaled.jpg","datePublished":"2025-02-27T12:21:11+00:00","dateModified":"2025-03-09T13:08:36+00:00","breadcrumb":{"@id":"https://www.alteacultural.com/es/events/mercat-del-convent-edicio-hivern-2025-2/#breadcrumb"},"inLanguage":"es","potentialAction":[{"@type":"ReadAction","target":["https://www.alteacultural.com/es/events/mercat-del-convent-edicio-hivern-2025-2/"]}]},{"@type":"ImageObject","inLanguage":"es","@id":"https://www.alteacultural.com/es/events/mercat-del-convent-edicio-hivern-2025-2/#primaryimage","url":"https://www.alteacultural.com/wp-content/uploads/2023/01/2023-02-25-cartell-mercat-convent-banner-scaled.jpg","contentUrl":"https://www.alteacultural.com/wp-content/uploads/2023/01/2023-02-25-cartell-mercat-convent-banner-scaled.jpg","width":2560,"height":1291},{"@type":"BreadcrumbList","@id":"https://www.alteacultural.com/es/events/mercat-del-convent-edicio-hivern-2025-2/#breadcrumb","itemListElement":[{"@type":"ListItem","position":1,"name":"Inici","item":"https://www.alteacultural.com/es/"},{"@type":"ListItem","position":2,"name":"Eventos","item":"https://www.alteacultural.com/es/events/"},{"@type":"ListItem","position":3,"name":"Mercat del Convent (edición invierno 2025)"}]},{"@type":"WebSite","@id":"https://www.alteacultural.com/es/#website","url":"https://www.alteacultural.com/es/","name":"Altea Cultural","description":"Regidoria de Cultura de l&#039;Ajuntament d&#039;Altea","potentialAction":[{"@type":"SearchAction","target":{"@type":"EntryPoint","urlTemplate":"https://www.alteacultural.com/es/?s={search_term_string}"},"query-input":"required name=search_term_string"}],"inLanguage":"es"}]}</script>
<!-- / Yoast SEO plugin. -->

Mercat del Convent (edición invierno 2025) - Altea Cultural

15-mar  I  10.00-20.00 h  I  Pl. del Convento (Altea) Muestra de producción local y de proximidad. Organiza: Agrollotja y [&hellip;]
