{"id":36357,"date":"2025-05-21T12:36:23","date_gmt":"2025-05-21T10:36:23","guid":{"rendered":"https:\/\/www.alteacultural.com\/events\/the-howlin-mequetrefes-altea-blues-festival-2025\/"},"modified":"2025-06-29T11:49:41","modified_gmt":"2025-06-29T09:49:41","slug":"the-howlin-mequetrefes-altea-blues-festival-2025","status":"publish","type":"mec-events","link":"https:\/\/www.alteacultural.com\/es\/events\/the-howlin-mequetrefes-altea-blues-festival-2025\/","title":{"rendered":"The Howlin&#8217; Mequetrefes (Altea Blues Festival 2025)"},"content":{"rendered":"<p>13-jun | 21:00 h | Audit. Plaza del Agua<\/p>\n<p>Concierto: The Howlin&#8217; Mequetrefes<\/p>\n<p>Entradas 10 \u20ac (compra on-line 7 \u20ac)<\/p>\n<p>Abonos 20 \u20ac (compra on-line 14 \u20ac)<\/p>\n<p>Venta de entradas: <a href=\"https:\/\/www.alteacultural.com\/alteabluesfestival\/\">www.alteacultural.com<\/a> | Taquilla el d\u00eda de la actuaci\u00f3n desde 20h (s\u00f3lo si quedan entradas)<\/p>\n<p>Altea Blues Festival &#8211; 13, 20 y 27 de junio de 2025<\/p>\n<h3><span style=\"color: #00ffff;\">Comprar entradas \/ abonos<\/span><\/h3>\n<p><a href=\"https:\/\/www.alteacultural.com\/es\/alteabluesfestival\/\">Clic aqu\u00ed<\/a><\/p>\n<p><a href=\"https:\/\/www.alteacultural.com\/wp-content\/uploads\/2025\/06\/AlteaBluesFestival2025_Cartell.jpg\"><img fetchpriority=\"high\" decoding=\"async\" class=\"aligncenter wp-image-36504\" src=\"https:\/\/www.alteacultural.com\/wp-content\/uploads\/2025\/06\/AlteaBluesFestival2025_Cartell.jpg\" alt=\"\" width=\"700\" height=\"990\" srcset=\"https:\/\/www.alteacultural.com\/wp-content\/uploads\/2025\/06\/AlteaBluesFestival2025_Cartell.jpg 1754w, https:\/\/www.alteacultural.com\/wp-content\/uploads\/2025\/06\/AlteaBluesFestival2025_Cartell-768x1086.jpg 768w, https:\/\/www.alteacultural.com\/wp-content\/uploads\/2025\/06\/AlteaBluesFestival2025_Cartell-1086x1536.jpg 1086w, https:\/\/www.alteacultural.com\/wp-content\/uploads\/2025\/06\/AlteaBluesFestival2025_Cartell-1448x2048.jpg 1448w\" sizes=\"(max-width: 700px) 100vw, 700px\" \/><\/a><\/p>\n","protected":false},"excerpt":{"rendered":"<p>13-jun | 21:00 h | Audit. Plaza del Agua Concierto: The Howlin&#8217; Mequetrefes Entradas 10 \u20ac (compra on-line 7 [&hellip;]<\/p>\n","protected":false},"author":1,"featured_media":36354,"comment_status":"open","ping_status":"closed","template":"","meta":{"_expiration-date-status":"","_expiration-date":0,"_expiration-date-type":"","_expiration-date-categories":[],"_expiration-date-options":[]},"yoast_head":"<!-- This site is optimized with the Yoast SEO plugin v22.8 - https:\/\/yoast.com\/wordpress\/plugins\/seo\/ -->\n<title>The Howlin&#039; Mequetrefes (Altea Blues Festival 2025) - Altea Cultural<\/title>\n<meta name=\"robots\" content=\"index, follow, max-snippet:-1, max-image-preview:large, max-video-preview:-1\" \/>\n<link rel=\"canonical\" href=\"https:\/\/www.alteacultural.com\/es\/events\/the-howlin-mequetrefes-altea-blues-festival-2025\/\" \/>\n<meta property=\"og:locale\" content=\"es_ES\" \/>\n<meta property=\"og:type\" content=\"article\" \/>\n<meta property=\"og:title\" content=\"The Howlin&#039; Mequetrefes (Altea Blues Festival 2025) - Altea Cultural\" \/>\n<meta property=\"og:description\" content=\"13-jun | 21:00 h | Audit. Plaza del Agua Concierto: The Howlin&#8217; Mequetrefes Entradas 10 \u20ac (compra on-line 7 [&hellip;]\" \/>\n<meta property=\"og:url\" content=\"https:\/\/www.alteacultural.com\/es\/events\/the-howlin-mequetrefes-altea-blues-festival-2025\/\" \/>\n<meta property=\"og:site_name\" content=\"Altea Cultural\" \/>\n<meta property=\"article:modified_time\" content=\"2025-06-29T09:49:41+00:00\" \/>\n<meta property=\"og:image\" content=\"https:\/\/www.alteacultural.com\/wp-content\/uploads\/2025\/05\/AlteaBluesFestival2025_Banner1-01-scaled.jpg\" \/>\n\t<meta property=\"og:image:width\" content=\"2560\" \/>\n\t<meta property=\"og:image:height\" content=\"948\" \/>\n\t<meta property=\"og:image:type\" content=\"image\/jpeg\" \/>\n<meta name=\"twitter:card\" content=\"summary_large_image\" \/>\n<meta name=\"twitter:label1\" content=\"Tiempo de lectura\" \/>\n\t<meta name=\"twitter:data1\" content=\"1 minuto\" \/>\n<script type=\"application\/ld+json\" class=\"yoast-schema-graph\">{\"@context\":\"https:\/\/schema.org\",\"@graph\":[{\"@type\":\"WebPage\",\"@id\":\"https:\/\/www.alteacultural.com\/es\/events\/the-howlin-mequetrefes-altea-blues-festival-2025\/\",\"url\":\"https:\/\/www.alteacultural.com\/es\/events\/the-howlin-mequetrefes-altea-blues-festival-2025\/\",\"name\":\"The Howlin' Mequetrefes (Altea Blues Festival 2025) - Altea Cultural\",\"isPartOf\":{\"@id\":\"https:\/\/www.alteacultural.com\/es\/#website\"},\"primaryImageOfPage\":{\"@id\":\"https:\/\/www.alteacultural.com\/es\/events\/the-howlin-mequetrefes-altea-blues-festival-2025\/#primaryimage\"},\"image\":{\"@id\":\"https:\/\/www.alteacultural.com\/es\/events\/the-howlin-mequetrefes-altea-blues-festival-2025\/#primaryimage\"},\"thumbnailUrl\":\"https:\/\/www.alteacultural.com\/wp-content\/uploads\/2025\/05\/AlteaBluesFestival2025_Banner1-01-scaled.jpg\",\"datePublished\":\"2025-05-21T10:36:23+00:00\",\"dateModified\":\"2025-06-29T09:49:41+00:00\",\"breadcrumb\":{\"@id\":\"https:\/\/www.alteacultural.com\/es\/events\/the-howlin-mequetrefes-altea-blues-festival-2025\/#breadcrumb\"},\"inLanguage\":\"es\",\"potentialAction\":[{\"@type\":\"ReadAction\",\"target\":[\"https:\/\/www.alteacultural.com\/es\/events\/the-howlin-mequetrefes-altea-blues-festival-2025\/\"]}]},{\"@type\":\"ImageObject\",\"inLanguage\":\"es\",\"@id\":\"https:\/\/www.alteacultural.com\/es\/events\/the-howlin-mequetrefes-altea-blues-festival-2025\/#primaryimage\",\"url\":\"https:\/\/www.alteacultural.com\/wp-content\/uploads\/2025\/05\/AlteaBluesFestival2025_Banner1-01-scaled.jpg\",\"contentUrl\":\"https:\/\/www.alteacultural.com\/wp-content\/uploads\/2025\/05\/AlteaBluesFestival2025_Banner1-01-scaled.jpg\",\"width\":2560,\"height\":948},{\"@type\":\"BreadcrumbList\",\"@id\":\"https:\/\/www.alteacultural.com\/es\/events\/the-howlin-mequetrefes-altea-blues-festival-2025\/#breadcrumb\",\"itemListElement\":[{\"@type\":\"ListItem\",\"position\":1,\"name\":\"Inici\",\"item\":\"https:\/\/www.alteacultural.com\/es\/\"},{\"@type\":\"ListItem\",\"position\":2,\"name\":\"Eventos\",\"item\":\"https:\/\/www.alteacultural.com\/es\/events\/\"},{\"@type\":\"ListItem\",\"position\":3,\"name\":\"The Howlin&#8217; Mequetrefes (Altea Blues Festival 2025)\"}]},{\"@type\":\"WebSite\",\"@id\":\"https:\/\/www.alteacultural.com\/es\/#website\",\"url\":\"https:\/\/www.alteacultural.com\/es\/\",\"name\":\"Altea Cultural\",\"description\":\"Regidoria de Cultura de l&#039;Ajuntament d&#039;Altea\",\"potentialAction\":[{\"@type\":\"SearchAction\",\"target\":{\"@type\":\"EntryPoint\",\"urlTemplate\":\"https:\/\/www.alteacultural.com\/es\/?s={search_term_string}\"},\"query-input\":\"required name=search_term_string\"}],\"inLanguage\":\"es\"}]}<\/script>\n<!-- \/ Yoast SEO plugin. -->","yoast_head_json":{"title":"The Howlin' Mequetrefes (Altea Blues Festival 2025) - Altea Cultural","robots":{"index":"index","follow":"follow","max-snippet":"max-snippet:-1","max-image-preview":"max-image-preview:large","max-video-preview":"max-video-preview:-1"},"canonical":"https:\/\/www.alteacultural.com\/es\/events\/the-howlin-mequetrefes-altea-blues-festival-2025\/","og_locale":"es_ES","og_type":"article","og_title":"The Howlin' Mequetrefes (Altea Blues Festival 2025) - Altea Cultural","og_description":"13-jun | 21:00 h | Audit. Plaza del Agua Concierto: The Howlin&#8217; Mequetrefes Entradas 10 \u20ac (compra on-line 7 [&hellip;]","og_url":"https:\/\/www.alteacultural.com\/es\/events\/the-howlin-mequetrefes-altea-blues-festival-2025\/","og_site_name":"Altea Cultural","article_modified_time":"2025-06-29T09:49:41+00:00","og_image":[{"width":2560,"height":948,"url":"https:\/\/www.alteacultural.com\/wp-content\/uploads\/2025\/05\/AlteaBluesFestival2025_Banner1-01-scaled.jpg","type":"image\/jpeg"}],"twitter_card":"summary_large_image","twitter_misc":{"Tiempo de lectura":"1 minuto"},"schema":{"@context":"https:\/\/schema.org","@graph":[{"@type":"WebPage","@id":"https:\/\/www.alteacultural.com\/es\/events\/the-howlin-mequetrefes-altea-blues-festival-2025\/","url":"https:\/\/www.alteacultural.com\/es\/events\/the-howlin-mequetrefes-altea-blues-festival-2025\/","name":"The Howlin' Mequetrefes (Altea Blues Festival 2025) - Altea Cultural","isPartOf":{"@id":"https:\/\/www.alteacultural.com\/es\/#website"},"primaryImageOfPage":{"@id":"https:\/\/www.alteacultural.com\/es\/events\/the-howlin-mequetrefes-altea-blues-festival-2025\/#primaryimage"},"image":{"@id":"https:\/\/www.alteacultural.com\/es\/events\/the-howlin-mequetrefes-altea-blues-festival-2025\/#primaryimage"},"thumbnailUrl":"https:\/\/www.alteacultural.com\/wp-content\/uploads\/2025\/05\/AlteaBluesFestival2025_Banner1-01-scaled.jpg","datePublished":"2025-05-21T10:36:23+00:00","dateModified":"2025-06-29T09:49:41+00:00","breadcrumb":{"@id":"https:\/\/www.alteacultural.com\/es\/events\/the-howlin-mequetrefes-altea-blues-festival-2025\/#breadcrumb"},"inLanguage":"es","potentialAction":[{"@type":"ReadAction","target":["https:\/\/www.alteacultural.com\/es\/events\/the-howlin-mequetrefes-altea-blues-festival-2025\/"]}]},{"@type":"ImageObject","inLanguage":"es","@id":"https:\/\/www.alteacultural.com\/es\/events\/the-howlin-mequetrefes-altea-blues-festival-2025\/#primaryimage","url":"https:\/\/www.alteacultural.com\/wp-content\/uploads\/2025\/05\/AlteaBluesFestival2025_Banner1-01-scaled.jpg","contentUrl":"https:\/\/www.alteacultural.com\/wp-content\/uploads\/2025\/05\/AlteaBluesFestival2025_Banner1-01-scaled.jpg","width":2560,"height":948},{"@type":"BreadcrumbList","@id":"https:\/\/www.alteacultural.com\/es\/events\/the-howlin-mequetrefes-altea-blues-festival-2025\/#breadcrumb","itemListElement":[{"@type":"ListItem","position":1,"name":"Inici","item":"https:\/\/www.alteacultural.com\/es\/"},{"@type":"ListItem","position":2,"name":"Eventos","item":"https:\/\/www.alteacultural.com\/es\/events\/"},{"@type":"ListItem","position":3,"name":"The Howlin&#8217; Mequetrefes (Altea Blues Festival 2025)"}]},{"@type":"WebSite","@id":"https:\/\/www.alteacultural.com\/es\/#website","url":"https:\/\/www.alteacultural.com\/es\/","name":"Altea Cultural","description":"Regidoria de Cultura de l&#039;Ajuntament d&#039;Altea","potentialAction":[{"@type":"SearchAction","target":{"@type":"EntryPoint","urlTemplate":"https:\/\/www.alteacultural.com\/es\/?s={search_term_string}"},"query-input":"required name=search_term_string"}],"inLanguage":"es"}]}},"mec_cost":"10 \u20ac (on-line 7 \u20ac)","mec_date":{"start":{"date":"2025-06-13","hour":9,"minutes":"0","ampm":"PM"},"end":{"date":"2025-06-13","hour":10,"minutes":"0","ampm":"PM"},"comment":"","repeat":{"type":"daily","interval":"1","advanced":"","end":"never","end_at_date":"","end_at_occurrences":"10"}},"_links":{"self":[{"href":"https:\/\/www.alteacultural.com\/es\/wp-json\/wp\/v2\/mec-events\/36357"}],"collection":[{"href":"https:\/\/www.alteacultural.com\/es\/wp-json\/wp\/v2\/mec-events"}],"about":[{"href":"https:\/\/www.alteacultural.com\/es\/wp-json\/wp\/v2\/types\/mec-events"}],"author":[{"embeddable":true,"href":"https:\/\/www.alteacultural.com\/es\/wp-json\/wp\/v2\/users\/1"}],"replies":[{"embeddable":true,"href":"https:\/\/www.alteacultural.com\/es\/wp-json\/wp\/v2\/comments?post=36357"}],"wp:featuredmedia":[{"embeddable":true,"href":"https:\/\/www.alteacultural.com\/es\/wp-json\/wp\/v2\/media\/36354"}],"wp:attachment":[{"href":"https:\/\/www.alteacultural.com\/es\/wp-json\/wp\/v2\/media?parent=36357"}],"curies":[{"name":"wp","href":"https:\/\/api.w.org\/{rel}","templated":true}]}}

<p>13-jun | 21:00 h | Audit. Plaza del Agua</p>
<p>Concierto: The Howlin&#8217; Mequetrefes</p>
<p>Entradas 10 € (compra on-line 7 €)</p>
<p>Abonos 20 € (compra on-line 14 €)</p>
<p>Venta de entradas: <a href="https://www.alteacultural.com/alteabluesfestival/">www.alteacultural.com</a> | Taquilla el día de la actuación desde 20h (sólo si quedan entradas)</p>
<p>Altea Blues Festival &#8211; 13, 20 y 27 de junio de 2025</p>
<h3><span style="color: #00ffff;">Comprar entradas / abonos</span></h3>
<p><a href="https://www.alteacultural.com/es/alteabluesfestival/">Clic aquí</a></p>
<p><a href="https://www.alteacultural.com/wp-content/uploads/2025/06/AlteaBluesFestival2025_Cartell.jpg"><img fetchpriority="high" decoding="async" class="aligncenter wp-image-36504" src="https://www.alteacultural.com/wp-content/uploads/2025/06/AlteaBluesFestival2025_Cartell.jpg" alt="" width="700" height="990" srcset="https://www.alteacultural.com/wp-content/uploads/2025/06/AlteaBluesFestival2025_Cartell.jpg 1754w, https://www.alteacultural.com/wp-content/uploads/2025/06/AlteaBluesFestival2025_Cartell-768x1086.jpg 768w, https://www.alteacultural.com/wp-content/uploads/2025/06/AlteaBluesFestival2025_Cartell-1086x1536.jpg 1086w, https://www.alteacultural.com/wp-content/uploads/2025/06/AlteaBluesFestival2025_Cartell-1448x2048.jpg 1448w" sizes="(max-width: 700px) 100vw, 700px" /></a></p>
