{"id":37289,"date":"2025-07-09T09:16:26","date_gmt":"2025-07-09T07:16:26","guid":{"rendered":"https:\/\/www.alteacultural.com\/events\/opera-la-traviata\/"},"modified":"2025-07-09T09:18:52","modified_gmt":"2025-07-09T07:18:52","slug":"opera-la-traviata","status":"publish","type":"mec-events","link":"https:\/\/www.alteacultural.com\/es\/events\/opera-la-traviata\/","title":{"rendered":"\u00d3pera: La Traviata"},"content":{"rendered":"<p><strong>10-nov | 20:00 h | Palau Altea<\/strong><\/p>\n<p><strong>La Traviata. Una producci\u00f3n de \u00d3pera 2001.<\/strong><\/p>\n<p>Cuando Verdi estren\u00f3 La Traviata en 1853, su libreto escandaliz\u00f3 al p\u00fablico por denunciar de forma tan directa los vicios de una burgues\u00eda que en esa \u00e9poca se daba al juego y a las mujeres. Violeta, la protagonista de esta historia, se ha convertido en una de las hero\u00ednas m\u00e1s ic\u00f3nicas de la \u00f3pera con un dram\u00e1tico relato de amor y muerte que contrasta con la frivolidad de la sociedad de entonces.<\/p>\n<p>Junto a su cr\u00edtica social, la partitura muestra al mejor Verdi con una m\u00fasica dram\u00e1ticamente efectiva e innovadora desde el punto de vista mel\u00f3dico, arm\u00f3nico y r\u00edtmico. Todo ello termin\u00f3 por convertir a La Traviata en un referente en toda la historia de la m\u00fasica.<\/p>\n<p>Bajo la batuta de Martin M\u00e1zik, los solistas y orquesta de la compa\u00f1\u00eda \u00d3pera 2001, junto al Coro L\u00edrico Siciliano, traen a Altea uno de los esenciales para los amantes del g\u00e9nero que se ha convertido en un referente del lirismo oper\u00edstico.<\/p>\n<p>Entrada 36-41 \u20ac.<\/p>\n<p><img fetchpriority=\"high\" decoding=\"async\" class=\"aligncenter wp-image-37284\" src=\"https:\/\/www.alteacultural.com\/wp-content\/uploads\/2025\/07\/2025-11-10_LaTraviata-1.jpg\" alt=\"\" width=\"750\" height=\"500\" srcset=\"https:\/\/www.alteacultural.com\/wp-content\/uploads\/2025\/07\/2025-11-10_LaTraviata-1.jpg 2250w, https:\/\/www.alteacultural.com\/wp-content\/uploads\/2025\/07\/2025-11-10_LaTraviata-1-768x512.jpg 768w, https:\/\/www.alteacultural.com\/wp-content\/uploads\/2025\/07\/2025-11-10_LaTraviata-1-391x260.jpg 391w, https:\/\/www.alteacultural.com\/wp-content\/uploads\/2025\/07\/2025-11-10_LaTraviata-1-1536x1024.jpg 1536w, https:\/\/www.alteacultural.com\/wp-content\/uploads\/2025\/07\/2025-11-10_LaTraviata-1-2048x1365.jpg 2048w\" sizes=\"(max-width: 750px) 100vw, 750px\" \/><\/p>\n","protected":false},"excerpt":{"rendered":"<p>10-nov | 20:00 h | Palau Altea La Traviata. Una producci\u00f3n de \u00d3pera 2001. Cuando Verdi estren\u00f3 La Traviata [&hellip;]<\/p>\n","protected":false},"author":1,"featured_media":37287,"comment_status":"open","ping_status":"closed","template":"","meta":{"_expiration-date-status":"","_expiration-date":0,"_expiration-date-type":"","_expiration-date-categories":[],"_expiration-date-options":[]},"yoast_head":"<!-- This site is optimized with the Yoast SEO plugin v22.8 - https:\/\/yoast.com\/wordpress\/plugins\/seo\/ -->\n<title>\u00d3pera: La Traviata - Altea Cultural<\/title>\n<meta name=\"robots\" content=\"index, follow, max-snippet:-1, max-image-preview:large, max-video-preview:-1\" \/>\n<link rel=\"canonical\" href=\"https:\/\/www.alteacultural.com\/es\/events\/opera-la-traviata\/\" \/>\n<meta property=\"og:locale\" content=\"es_ES\" \/>\n<meta property=\"og:type\" content=\"article\" \/>\n<meta property=\"og:title\" content=\"\u00d3pera: La Traviata - Altea Cultural\" \/>\n<meta property=\"og:description\" content=\"10-nov | 20:00 h | Palau Altea La Traviata. Una producci\u00f3n de \u00d3pera 2001. Cuando Verdi estren\u00f3 La Traviata [&hellip;]\" \/>\n<meta property=\"og:url\" content=\"https:\/\/www.alteacultural.com\/es\/events\/opera-la-traviata\/\" \/>\n<meta property=\"og:site_name\" content=\"Altea Cultural\" \/>\n<meta property=\"article:modified_time\" content=\"2025-07-09T07:18:52+00:00\" \/>\n<meta property=\"og:image\" content=\"https:\/\/www.alteacultural.com\/wp-content\/uploads\/2025\/07\/2025-11-10_LaTraviata_banner.jpg\" \/>\n\t<meta property=\"og:image:width\" content=\"2250\" \/>\n\t<meta property=\"og:image:height\" content=\"598\" \/>\n\t<meta property=\"og:image:type\" content=\"image\/jpeg\" \/>\n<meta name=\"twitter:card\" content=\"summary_large_image\" \/>\n<meta name=\"twitter:label1\" content=\"Tiempo de lectura\" \/>\n\t<meta name=\"twitter:data1\" content=\"2 minutos\" \/>\n<script type=\"application\/ld+json\" class=\"yoast-schema-graph\">{\"@context\":\"https:\/\/schema.org\",\"@graph\":[{\"@type\":\"WebPage\",\"@id\":\"https:\/\/www.alteacultural.com\/es\/events\/opera-la-traviata\/\",\"url\":\"https:\/\/www.alteacultural.com\/es\/events\/opera-la-traviata\/\",\"name\":\"\u00d3pera: La Traviata - Altea Cultural\",\"isPartOf\":{\"@id\":\"https:\/\/www.alteacultural.com\/es\/#website\"},\"primaryImageOfPage\":{\"@id\":\"https:\/\/www.alteacultural.com\/es\/events\/opera-la-traviata\/#primaryimage\"},\"image\":{\"@id\":\"https:\/\/www.alteacultural.com\/es\/events\/opera-la-traviata\/#primaryimage\"},\"thumbnailUrl\":\"https:\/\/www.alteacultural.com\/wp-content\/uploads\/2025\/07\/2025-11-10_LaTraviata_banner.jpg\",\"datePublished\":\"2025-07-09T07:16:26+00:00\",\"dateModified\":\"2025-07-09T07:18:52+00:00\",\"breadcrumb\":{\"@id\":\"https:\/\/www.alteacultural.com\/es\/events\/opera-la-traviata\/#breadcrumb\"},\"inLanguage\":\"es\",\"potentialAction\":[{\"@type\":\"ReadAction\",\"target\":[\"https:\/\/www.alteacultural.com\/es\/events\/opera-la-traviata\/\"]}]},{\"@type\":\"ImageObject\",\"inLanguage\":\"es\",\"@id\":\"https:\/\/www.alteacultural.com\/es\/events\/opera-la-traviata\/#primaryimage\",\"url\":\"https:\/\/www.alteacultural.com\/wp-content\/uploads\/2025\/07\/2025-11-10_LaTraviata_banner.jpg\",\"contentUrl\":\"https:\/\/www.alteacultural.com\/wp-content\/uploads\/2025\/07\/2025-11-10_LaTraviata_banner.jpg\",\"width\":2250,\"height\":598},{\"@type\":\"BreadcrumbList\",\"@id\":\"https:\/\/www.alteacultural.com\/es\/events\/opera-la-traviata\/#breadcrumb\",\"itemListElement\":[{\"@type\":\"ListItem\",\"position\":1,\"name\":\"Inici\",\"item\":\"https:\/\/www.alteacultural.com\/es\/\"},{\"@type\":\"ListItem\",\"position\":2,\"name\":\"Eventos\",\"item\":\"https:\/\/www.alteacultural.com\/es\/events\/\"},{\"@type\":\"ListItem\",\"position\":3,\"name\":\"\u00d3pera: La Traviata\"}]},{\"@type\":\"WebSite\",\"@id\":\"https:\/\/www.alteacultural.com\/es\/#website\",\"url\":\"https:\/\/www.alteacultural.com\/es\/\",\"name\":\"Altea Cultural\",\"description\":\"Regidoria de Cultura de l&#039;Ajuntament d&#039;Altea\",\"potentialAction\":[{\"@type\":\"SearchAction\",\"target\":{\"@type\":\"EntryPoint\",\"urlTemplate\":\"https:\/\/www.alteacultural.com\/es\/?s={search_term_string}\"},\"query-input\":\"required name=search_term_string\"}],\"inLanguage\":\"es\"}]}<\/script>\n<!-- \/ Yoast SEO plugin. -->","yoast_head_json":{"title":"\u00d3pera: La Traviata - Altea Cultural","robots":{"index":"index","follow":"follow","max-snippet":"max-snippet:-1","max-image-preview":"max-image-preview:large","max-video-preview":"max-video-preview:-1"},"canonical":"https:\/\/www.alteacultural.com\/es\/events\/opera-la-traviata\/","og_locale":"es_ES","og_type":"article","og_title":"\u00d3pera: La Traviata - Altea Cultural","og_description":"10-nov | 20:00 h | Palau Altea La Traviata. Una producci\u00f3n de \u00d3pera 2001. Cuando Verdi estren\u00f3 La Traviata [&hellip;]","og_url":"https:\/\/www.alteacultural.com\/es\/events\/opera-la-traviata\/","og_site_name":"Altea Cultural","article_modified_time":"2025-07-09T07:18:52+00:00","og_image":[{"width":2250,"height":598,"url":"https:\/\/www.alteacultural.com\/wp-content\/uploads\/2025\/07\/2025-11-10_LaTraviata_banner.jpg","type":"image\/jpeg"}],"twitter_card":"summary_large_image","twitter_misc":{"Tiempo de lectura":"2 minutos"},"schema":{"@context":"https:\/\/schema.org","@graph":[{"@type":"WebPage","@id":"https:\/\/www.alteacultural.com\/es\/events\/opera-la-traviata\/","url":"https:\/\/www.alteacultural.com\/es\/events\/opera-la-traviata\/","name":"\u00d3pera: La Traviata - Altea Cultural","isPartOf":{"@id":"https:\/\/www.alteacultural.com\/es\/#website"},"primaryImageOfPage":{"@id":"https:\/\/www.alteacultural.com\/es\/events\/opera-la-traviata\/#primaryimage"},"image":{"@id":"https:\/\/www.alteacultural.com\/es\/events\/opera-la-traviata\/#primaryimage"},"thumbnailUrl":"https:\/\/www.alteacultural.com\/wp-content\/uploads\/2025\/07\/2025-11-10_LaTraviata_banner.jpg","datePublished":"2025-07-09T07:16:26+00:00","dateModified":"2025-07-09T07:18:52+00:00","breadcrumb":{"@id":"https:\/\/www.alteacultural.com\/es\/events\/opera-la-traviata\/#breadcrumb"},"inLanguage":"es","potentialAction":[{"@type":"ReadAction","target":["https:\/\/www.alteacultural.com\/es\/events\/opera-la-traviata\/"]}]},{"@type":"ImageObject","inLanguage":"es","@id":"https:\/\/www.alteacultural.com\/es\/events\/opera-la-traviata\/#primaryimage","url":"https:\/\/www.alteacultural.com\/wp-content\/uploads\/2025\/07\/2025-11-10_LaTraviata_banner.jpg","contentUrl":"https:\/\/www.alteacultural.com\/wp-content\/uploads\/2025\/07\/2025-11-10_LaTraviata_banner.jpg","width":2250,"height":598},{"@type":"BreadcrumbList","@id":"https:\/\/www.alteacultural.com\/es\/events\/opera-la-traviata\/#breadcrumb","itemListElement":[{"@type":"ListItem","position":1,"name":"Inici","item":"https:\/\/www.alteacultural.com\/es\/"},{"@type":"ListItem","position":2,"name":"Eventos","item":"https:\/\/www.alteacultural.com\/es\/events\/"},{"@type":"ListItem","position":3,"name":"\u00d3pera: La Traviata"}]},{"@type":"WebSite","@id":"https:\/\/www.alteacultural.com\/es\/#website","url":"https:\/\/www.alteacultural.com\/es\/","name":"Altea Cultural","description":"Regidoria de Cultura de l&#039;Ajuntament d&#039;Altea","potentialAction":[{"@type":"SearchAction","target":{"@type":"EntryPoint","urlTemplate":"https:\/\/www.alteacultural.com\/es\/?s={search_term_string}"},"query-input":"required name=search_term_string"}],"inLanguage":"es"}]}},"mec_cost":"36-41 \u20ac","mec_date":{"start":{"date":"2025-11-10","hour":8,"minutes":"0","ampm":"PM"},"end":{"date":"2025-11-10","hour":10,"minutes":"50","ampm":"PM"},"comment":"","repeat":{"type":"daily","interval":"1","advanced":"","end":"never","end_at_date":"","end_at_occurrences":"10"}},"_links":{"self":[{"href":"https:\/\/www.alteacultural.com\/es\/wp-json\/wp\/v2\/mec-events\/37289"}],"collection":[{"href":"https:\/\/www.alteacultural.com\/es\/wp-json\/wp\/v2\/mec-events"}],"about":[{"href":"https:\/\/www.alteacultural.com\/es\/wp-json\/wp\/v2\/types\/mec-events"}],"author":[{"embeddable":true,"href":"https:\/\/www.alteacultural.com\/es\/wp-json\/wp\/v2\/users\/1"}],"replies":[{"embeddable":true,"href":"https:\/\/www.alteacultural.com\/es\/wp-json\/wp\/v2\/comments?post=37289"}],"wp:featuredmedia":[{"embeddable":true,"href":"https:\/\/www.alteacultural.com\/es\/wp-json\/wp\/v2\/media\/37287"}],"wp:attachment":[{"href":"https:\/\/www.alteacultural.com\/es\/wp-json\/wp\/v2\/media?parent=37289"}],"curies":[{"name":"wp","href":"https:\/\/api.w.org\/{rel}","templated":true}]}}

Ópera: La Traviata

<p><strong>10-nov | 20:00 h | Palau Altea</strong></p>
<p><strong>La Traviata. Una producción de Ópera 2001.</strong></p>
<p>Cuando Verdi estrenó La Traviata en 1853, su libreto escandalizó al público por denunciar de forma tan directa los vicios de una burguesía que en esa época se daba al juego y a las mujeres. Violeta, la protagonista de esta historia, se ha convertido en una de las heroínas más icónicas de la ópera con un dramático relato de amor y muerte que contrasta con la frivolidad de la sociedad de entonces.</p>
<p>Junto a su crítica social, la partitura muestra al mejor Verdi con una música dramáticamente efectiva e innovadora desde el punto de vista melódico, armónico y rítmico. Todo ello terminó por convertir a La Traviata en un referente en toda la historia de la música.</p>
<p>Bajo la batuta de Martin Mázik, los solistas y orquesta de la compañía Ópera 2001, junto al Coro Lírico Siciliano, traen a Altea uno de los esenciales para los amantes del género que se ha convertido en un referente del lirismo operístico.</p>
<p>Entrada 36-41 €.</p>
<p><img fetchpriority="high" decoding="async" class="aligncenter wp-image-37284" src="https://www.alteacultural.com/wp-content/uploads/2025/07/2025-11-10_LaTraviata-1.jpg" alt="" width="750" height="500" srcset="https://www.alteacultural.com/wp-content/uploads/2025/07/2025-11-10_LaTraviata-1.jpg 2250w, https://www.alteacultural.com/wp-content/uploads/2025/07/2025-11-10_LaTraviata-1-768x512.jpg 768w, https://www.alteacultural.com/wp-content/uploads/2025/07/2025-11-10_LaTraviata-1-391x260.jpg 391w, https://www.alteacultural.com/wp-content/uploads/2025/07/2025-11-10_LaTraviata-1-1536x1024.jpg 1536w, https://www.alteacultural.com/wp-content/uploads/2025/07/2025-11-10_LaTraviata-1-2048x1365.jpg 2048w" sizes="(max-width: 750px) 100vw, 750px" /></p>

<p>10-nov | 20:00 h | Palau Altea La Traviata. Una producción de Ópera 2001. Cuando Verdi estrenó La Traviata [&hellip;]</p>

<!-- This site is optimized with the Yoast SEO plugin v22.8 - https://yoast.com/wordpress/plugins/seo/ -->
<title>Ópera: La Traviata - Altea Cultural</title>
<meta name="robots" content="index, follow, max-snippet:-1, max-image-preview:large, max-video-preview:-1" />
<link rel="canonical" href="https://www.alteacultural.com/es/events/opera-la-traviata/" />
<meta property="og:locale" content="es_ES" />
<meta property="og:type" content="article" />
<meta property="og:title" content="Ópera: La Traviata - Altea Cultural" />
<meta property="og:description" content="10-nov | 20:00 h | Palau Altea La Traviata. Una producción de Ópera 2001. Cuando Verdi estrenó La Traviata [&hellip;]" />
<meta property="og:url" content="https://www.alteacultural.com/es/events/opera-la-traviata/" />
<meta property="og:site_name" content="Altea Cultural" />
<meta property="article:modified_time" content="2025-07-09T07:18:52+00:00" />
<meta property="og:image" content="https://www.alteacultural.com/wp-content/uploads/2025/07/2025-11-10_LaTraviata_banner.jpg" />
	<meta property="og:image:width" content="2250" />
	<meta property="og:image:height" content="598" />
	<meta property="og:image:type" content="image/jpeg" />
<meta name="twitter:card" content="summary_large_image" />
<meta name="twitter:label1" content="Tiempo de lectura" />
	<meta name="twitter:data1" content="2 minutos" />
<script type="application/ld+json" class="yoast-schema-graph">{"@context":"https://schema.org","@graph":[{"@type":"WebPage","@id":"https://www.alteacultural.com/es/events/opera-la-traviata/","url":"https://www.alteacultural.com/es/events/opera-la-traviata/","name":"Ópera: La Traviata - Altea Cultural","isPartOf":{"@id":"https://www.alteacultural.com/es/#website"},"primaryImageOfPage":{"@id":"https://www.alteacultural.com/es/events/opera-la-traviata/#primaryimage"},"image":{"@id":"https://www.alteacultural.com/es/events/opera-la-traviata/#primaryimage"},"thumbnailUrl":"https://www.alteacultural.com/wp-content/uploads/2025/07/2025-11-10_LaTraviata_banner.jpg","datePublished":"2025-07-09T07:16:26+00:00","dateModified":"2025-07-09T07:18:52+00:00","breadcrumb":{"@id":"https://www.alteacultural.com/es/events/opera-la-traviata/#breadcrumb"},"inLanguage":"es","potentialAction":[{"@type":"ReadAction","target":["https://www.alteacultural.com/es/events/opera-la-traviata/"]}]},{"@type":"ImageObject","inLanguage":"es","@id":"https://www.alteacultural.com/es/events/opera-la-traviata/#primaryimage","url":"https://www.alteacultural.com/wp-content/uploads/2025/07/2025-11-10_LaTraviata_banner.jpg","contentUrl":"https://www.alteacultural.com/wp-content/uploads/2025/07/2025-11-10_LaTraviata_banner.jpg","width":2250,"height":598},{"@type":"BreadcrumbList","@id":"https://www.alteacultural.com/es/events/opera-la-traviata/#breadcrumb","itemListElement":[{"@type":"ListItem","position":1,"name":"Inici","item":"https://www.alteacultural.com/es/"},{"@type":"ListItem","position":2,"name":"Eventos","item":"https://www.alteacultural.com/es/events/"},{"@type":"ListItem","position":3,"name":"Ópera: La Traviata"}]},{"@type":"WebSite","@id":"https://www.alteacultural.com/es/#website","url":"https://www.alteacultural.com/es/","name":"Altea Cultural","description":"Regidoria de Cultura de l&#039;Ajuntament d&#039;Altea","potentialAction":[{"@type":"SearchAction","target":{"@type":"EntryPoint","urlTemplate":"https://www.alteacultural.com/es/?s={search_term_string}"},"query-input":"required name=search_term_string"}],"inLanguage":"es"}]}</script>
<!-- / Yoast SEO plugin. -->

Ópera: La Traviata - Altea Cultural

10-nov | 20:00 h | Palau Altea La Traviata. Una producción de Ópera 2001. Cuando Verdi estrenó La Traviata [&hellip;]
