{"id":37303,"date":"2025-07-09T09:56:51","date_gmt":"2025-07-09T07:56:51","guid":{"rendered":"https:\/\/www.alteacultural.com\/events\/teatro-camino-a-la-meca\/"},"modified":"2025-07-09T09:57:59","modified_gmt":"2025-07-09T07:57:59","slug":"teatro-camino-a-la-meca","status":"publish","type":"mec-events","link":"https:\/\/www.alteacultural.com\/es\/events\/teatro-camino-a-la-meca\/","title":{"rendered":"Teatro: Camino a la Meca"},"content":{"rendered":"<p><strong>29-nov | 20:00 h | Palau Altea<\/strong><\/p>\n<p><strong>Camino a la Meca. Una producci\u00f3n de Pentaci\u00f3n Espect\u00e1culos.<\/strong><\/p>\n<p>Lola Herrera encarna el papel de Helen Martins, una mujer real que se rebel\u00f3 contra todos los estamentos de su \u00e9poca, que valor\u00f3 su libertad enfrent\u00e1ndose a su tiempo y al mundo que la rodeaba.<\/p>\n<p>En esta obra de Athol Fugard, la actriz se adentra en un aut\u00e9ntico viaje para perseguir la luz de la inspiraci\u00f3n que no corresponde a ninguna edad ni a ninguna generaci\u00f3n, reflexionando sobre la libertad, la vejez o la soledad. Una exploraci\u00f3n hasta lo m\u00e1s dentro de nosotros mismos donde nos zarandea maravillosamente, como veletas, desde la risa al miedo, desde la alegr\u00eda a la frustraci\u00f3n o desde la inquietud a la paz.<\/p>\n<p>Producida por Pentaci\u00f3n y bajo la direcci\u00f3n de Claudio Tolcachir, Lola Herrera comparte escenario con Natalia Dicenta y Carlos Olalla para hacernos comprender que, a veces, es preferible tener preguntas sin respuesta que certezas inciertas.<\/p>\n<p>Entrada 22-26 \u20ac.<\/p>\n<p><img fetchpriority=\"high\" decoding=\"async\" class=\"aligncenter wp-image-37299\" src=\"https:\/\/www.alteacultural.com\/wp-content\/uploads\/2025\/07\/2025-11-29_CaminoALaMeca-2.jpg\" alt=\"\" width=\"750\" height=\"498\" srcset=\"https:\/\/www.alteacultural.com\/wp-content\/uploads\/2025\/07\/2025-11-29_CaminoALaMeca-2.jpg 1100w, https:\/\/www.alteacultural.com\/wp-content\/uploads\/2025\/07\/2025-11-29_CaminoALaMeca-2-768x510.jpg 768w, https:\/\/www.alteacultural.com\/wp-content\/uploads\/2025\/07\/2025-11-29_CaminoALaMeca-2-391x260.jpg 391w\" sizes=\"(max-width: 750px) 100vw, 750px\" \/><\/p>\n","protected":false},"excerpt":{"rendered":"<p>29-nov | 20:00 h | Palau Altea Camino a la Meca. Una producci\u00f3n de Pentaci\u00f3n Espect\u00e1culos. Lola Herrera encarna [&hellip;]<\/p>\n","protected":false},"author":1,"featured_media":37302,"comment_status":"open","ping_status":"closed","template":"","meta":{"_expiration-date-status":"","_expiration-date":0,"_expiration-date-type":"","_expiration-date-categories":[],"_expiration-date-options":[]},"yoast_head":"<!-- This site is optimized with the Yoast SEO plugin v22.8 - https:\/\/yoast.com\/wordpress\/plugins\/seo\/ -->\n<title>Teatro: Camino a la Meca - Altea Cultural<\/title>\n<meta name=\"robots\" content=\"index, follow, max-snippet:-1, max-image-preview:large, max-video-preview:-1\" \/>\n<link rel=\"canonical\" href=\"https:\/\/www.alteacultural.com\/es\/events\/teatro-camino-a-la-meca\/\" \/>\n<meta property=\"og:locale\" content=\"es_ES\" \/>\n<meta property=\"og:type\" content=\"article\" \/>\n<meta property=\"og:title\" content=\"Teatro: Camino a la Meca - Altea Cultural\" \/>\n<meta property=\"og:description\" content=\"29-nov | 20:00 h | Palau Altea Camino a la Meca. Una producci\u00f3n de Pentaci\u00f3n Espect\u00e1culos. Lola Herrera encarna [&hellip;]\" \/>\n<meta property=\"og:url\" content=\"https:\/\/www.alteacultural.com\/es\/events\/teatro-camino-a-la-meca\/\" \/>\n<meta property=\"og:site_name\" content=\"Altea Cultural\" \/>\n<meta property=\"article:modified_time\" content=\"2025-07-09T07:57:59+00:00\" \/>\n<meta property=\"og:image\" content=\"https:\/\/www.alteacultural.com\/wp-content\/uploads\/2025\/07\/2025-11-29_CaminoMeca_banner.jpg\" \/>\n\t<meta property=\"og:image:width\" content=\"1098\" \/>\n\t<meta property=\"og:image:height\" content=\"401\" \/>\n\t<meta property=\"og:image:type\" content=\"image\/jpeg\" \/>\n<meta name=\"twitter:card\" content=\"summary_large_image\" \/>\n<meta name=\"twitter:label1\" content=\"Tiempo de lectura\" \/>\n\t<meta name=\"twitter:data1\" content=\"2 minutos\" \/>\n<script type=\"application\/ld+json\" class=\"yoast-schema-graph\">{\"@context\":\"https:\/\/schema.org\",\"@graph\":[{\"@type\":\"WebPage\",\"@id\":\"https:\/\/www.alteacultural.com\/es\/events\/teatro-camino-a-la-meca\/\",\"url\":\"https:\/\/www.alteacultural.com\/es\/events\/teatro-camino-a-la-meca\/\",\"name\":\"Teatro: Camino a la Meca - Altea Cultural\",\"isPartOf\":{\"@id\":\"https:\/\/www.alteacultural.com\/es\/#website\"},\"primaryImageOfPage\":{\"@id\":\"https:\/\/www.alteacultural.com\/es\/events\/teatro-camino-a-la-meca\/#primaryimage\"},\"image\":{\"@id\":\"https:\/\/www.alteacultural.com\/es\/events\/teatro-camino-a-la-meca\/#primaryimage\"},\"thumbnailUrl\":\"https:\/\/www.alteacultural.com\/wp-content\/uploads\/2025\/07\/2025-11-29_CaminoMeca_banner.jpg\",\"datePublished\":\"2025-07-09T07:56:51+00:00\",\"dateModified\":\"2025-07-09T07:57:59+00:00\",\"breadcrumb\":{\"@id\":\"https:\/\/www.alteacultural.com\/es\/events\/teatro-camino-a-la-meca\/#breadcrumb\"},\"inLanguage\":\"es\",\"potentialAction\":[{\"@type\":\"ReadAction\",\"target\":[\"https:\/\/www.alteacultural.com\/es\/events\/teatro-camino-a-la-meca\/\"]}]},{\"@type\":\"ImageObject\",\"inLanguage\":\"es\",\"@id\":\"https:\/\/www.alteacultural.com\/es\/events\/teatro-camino-a-la-meca\/#primaryimage\",\"url\":\"https:\/\/www.alteacultural.com\/wp-content\/uploads\/2025\/07\/2025-11-29_CaminoMeca_banner.jpg\",\"contentUrl\":\"https:\/\/www.alteacultural.com\/wp-content\/uploads\/2025\/07\/2025-11-29_CaminoMeca_banner.jpg\",\"width\":1098,\"height\":401},{\"@type\":\"BreadcrumbList\",\"@id\":\"https:\/\/www.alteacultural.com\/es\/events\/teatro-camino-a-la-meca\/#breadcrumb\",\"itemListElement\":[{\"@type\":\"ListItem\",\"position\":1,\"name\":\"Inici\",\"item\":\"https:\/\/www.alteacultural.com\/es\/\"},{\"@type\":\"ListItem\",\"position\":2,\"name\":\"Eventos\",\"item\":\"https:\/\/www.alteacultural.com\/es\/events\/\"},{\"@type\":\"ListItem\",\"position\":3,\"name\":\"Teatro: Camino a la Meca\"}]},{\"@type\":\"WebSite\",\"@id\":\"https:\/\/www.alteacultural.com\/es\/#website\",\"url\":\"https:\/\/www.alteacultural.com\/es\/\",\"name\":\"Altea Cultural\",\"description\":\"Regidoria de Cultura de l&#039;Ajuntament d&#039;Altea\",\"potentialAction\":[{\"@type\":\"SearchAction\",\"target\":{\"@type\":\"EntryPoint\",\"urlTemplate\":\"https:\/\/www.alteacultural.com\/es\/?s={search_term_string}\"},\"query-input\":\"required name=search_term_string\"}],\"inLanguage\":\"es\"}]}<\/script>\n<!-- \/ Yoast SEO plugin. -->","yoast_head_json":{"title":"Teatro: Camino a la Meca - Altea Cultural","robots":{"index":"index","follow":"follow","max-snippet":"max-snippet:-1","max-image-preview":"max-image-preview:large","max-video-preview":"max-video-preview:-1"},"canonical":"https:\/\/www.alteacultural.com\/es\/events\/teatro-camino-a-la-meca\/","og_locale":"es_ES","og_type":"article","og_title":"Teatro: Camino a la Meca - Altea Cultural","og_description":"29-nov | 20:00 h | Palau Altea Camino a la Meca. Una producci\u00f3n de Pentaci\u00f3n Espect\u00e1culos. Lola Herrera encarna [&hellip;]","og_url":"https:\/\/www.alteacultural.com\/es\/events\/teatro-camino-a-la-meca\/","og_site_name":"Altea Cultural","article_modified_time":"2025-07-09T07:57:59+00:00","og_image":[{"width":1098,"height":401,"url":"https:\/\/www.alteacultural.com\/wp-content\/uploads\/2025\/07\/2025-11-29_CaminoMeca_banner.jpg","type":"image\/jpeg"}],"twitter_card":"summary_large_image","twitter_misc":{"Tiempo de lectura":"2 minutos"},"schema":{"@context":"https:\/\/schema.org","@graph":[{"@type":"WebPage","@id":"https:\/\/www.alteacultural.com\/es\/events\/teatro-camino-a-la-meca\/","url":"https:\/\/www.alteacultural.com\/es\/events\/teatro-camino-a-la-meca\/","name":"Teatro: Camino a la Meca - Altea Cultural","isPartOf":{"@id":"https:\/\/www.alteacultural.com\/es\/#website"},"primaryImageOfPage":{"@id":"https:\/\/www.alteacultural.com\/es\/events\/teatro-camino-a-la-meca\/#primaryimage"},"image":{"@id":"https:\/\/www.alteacultural.com\/es\/events\/teatro-camino-a-la-meca\/#primaryimage"},"thumbnailUrl":"https:\/\/www.alteacultural.com\/wp-content\/uploads\/2025\/07\/2025-11-29_CaminoMeca_banner.jpg","datePublished":"2025-07-09T07:56:51+00:00","dateModified":"2025-07-09T07:57:59+00:00","breadcrumb":{"@id":"https:\/\/www.alteacultural.com\/es\/events\/teatro-camino-a-la-meca\/#breadcrumb"},"inLanguage":"es","potentialAction":[{"@type":"ReadAction","target":["https:\/\/www.alteacultural.com\/es\/events\/teatro-camino-a-la-meca\/"]}]},{"@type":"ImageObject","inLanguage":"es","@id":"https:\/\/www.alteacultural.com\/es\/events\/teatro-camino-a-la-meca\/#primaryimage","url":"https:\/\/www.alteacultural.com\/wp-content\/uploads\/2025\/07\/2025-11-29_CaminoMeca_banner.jpg","contentUrl":"https:\/\/www.alteacultural.com\/wp-content\/uploads\/2025\/07\/2025-11-29_CaminoMeca_banner.jpg","width":1098,"height":401},{"@type":"BreadcrumbList","@id":"https:\/\/www.alteacultural.com\/es\/events\/teatro-camino-a-la-meca\/#breadcrumb","itemListElement":[{"@type":"ListItem","position":1,"name":"Inici","item":"https:\/\/www.alteacultural.com\/es\/"},{"@type":"ListItem","position":2,"name":"Eventos","item":"https:\/\/www.alteacultural.com\/es\/events\/"},{"@type":"ListItem","position":3,"name":"Teatro: Camino a la Meca"}]},{"@type":"WebSite","@id":"https:\/\/www.alteacultural.com\/es\/#website","url":"https:\/\/www.alteacultural.com\/es\/","name":"Altea Cultural","description":"Regidoria de Cultura de l&#039;Ajuntament d&#039;Altea","potentialAction":[{"@type":"SearchAction","target":{"@type":"EntryPoint","urlTemplate":"https:\/\/www.alteacultural.com\/es\/?s={search_term_string}"},"query-input":"required name=search_term_string"}],"inLanguage":"es"}]}},"mec_cost":"22-26 \u20ac","mec_date":{"start":{"date":"2025-11-29","hour":8,"minutes":"0","ampm":"PM"},"end":{"date":"2025-11-29","hour":9,"minutes":"30","ampm":"PM"},"comment":"","repeat":{"type":"daily","interval":"1","advanced":"","end":"never","end_at_date":"","end_at_occurrences":"10"}},"_links":{"self":[{"href":"https:\/\/www.alteacultural.com\/es\/wp-json\/wp\/v2\/mec-events\/37303"}],"collection":[{"href":"https:\/\/www.alteacultural.com\/es\/wp-json\/wp\/v2\/mec-events"}],"about":[{"href":"https:\/\/www.alteacultural.com\/es\/wp-json\/wp\/v2\/types\/mec-events"}],"author":[{"embeddable":true,"href":"https:\/\/www.alteacultural.com\/es\/wp-json\/wp\/v2\/users\/1"}],"replies":[{"embeddable":true,"href":"https:\/\/www.alteacultural.com\/es\/wp-json\/wp\/v2\/comments?post=37303"}],"wp:featuredmedia":[{"embeddable":true,"href":"https:\/\/www.alteacultural.com\/es\/wp-json\/wp\/v2\/media\/37302"}],"wp:attachment":[{"href":"https:\/\/www.alteacultural.com\/es\/wp-json\/wp\/v2\/media?parent=37303"}],"curies":[{"name":"wp","href":"https:\/\/api.w.org\/{rel}","templated":true}]}}

<p><strong>29-nov | 20:00 h | Palau Altea</strong></p>
<p><strong>Camino a la Meca. Una producción de Pentación Espectáculos.</strong></p>
<p>Lola Herrera encarna el papel de Helen Martins, una mujer real que se rebeló contra todos los estamentos de su época, que valoró su libertad enfrentándose a su tiempo y al mundo que la rodeaba.</p>
<p>En esta obra de Athol Fugard, la actriz se adentra en un auténtico viaje para perseguir la luz de la inspiración que no corresponde a ninguna edad ni a ninguna generación, reflexionando sobre la libertad, la vejez o la soledad. Una exploración hasta lo más dentro de nosotros mismos donde nos zarandea maravillosamente, como veletas, desde la risa al miedo, desde la alegría a la frustración o desde la inquietud a la paz.</p>
<p>Producida por Pentación y bajo la dirección de Claudio Tolcachir, Lola Herrera comparte escenario con Natalia Dicenta y Carlos Olalla para hacernos comprender que, a veces, es preferible tener preguntas sin respuesta que certezas inciertas.</p>
<p>Entrada 22-26 €.</p>
<p><img fetchpriority="high" decoding="async" class="aligncenter wp-image-37299" src="https://www.alteacultural.com/wp-content/uploads/2025/07/2025-11-29_CaminoALaMeca-2.jpg" alt="" width="750" height="498" srcset="https://www.alteacultural.com/wp-content/uploads/2025/07/2025-11-29_CaminoALaMeca-2.jpg 1100w, https://www.alteacultural.com/wp-content/uploads/2025/07/2025-11-29_CaminoALaMeca-2-768x510.jpg 768w, https://www.alteacultural.com/wp-content/uploads/2025/07/2025-11-29_CaminoALaMeca-2-391x260.jpg 391w" sizes="(max-width: 750px) 100vw, 750px" /></p>

<p>29-nov | 20:00 h | Palau Altea Camino a la Meca. Una producción de Pentación Espectáculos. Lola Herrera encarna [&hellip;]</p>

<!-- This site is optimized with the Yoast SEO plugin v22.8 - https://yoast.com/wordpress/plugins/seo/ -->
<title>Teatro: Camino a la Meca - Altea Cultural</title>
<meta name="robots" content="index, follow, max-snippet:-1, max-image-preview:large, max-video-preview:-1" />
<link rel="canonical" href="https://www.alteacultural.com/es/events/teatro-camino-a-la-meca/" />
<meta property="og:locale" content="es_ES" />
<meta property="og:type" content="article" />
<meta property="og:title" content="Teatro: Camino a la Meca - Altea Cultural" />
<meta property="og:description" content="29-nov | 20:00 h | Palau Altea Camino a la Meca. Una producción de Pentación Espectáculos. Lola Herrera encarna [&hellip;]" />
<meta property="og:url" content="https://www.alteacultural.com/es/events/teatro-camino-a-la-meca/" />
<meta property="og:site_name" content="Altea Cultural" />
<meta property="article:modified_time" content="2025-07-09T07:57:59+00:00" />
<meta property="og:image" content="https://www.alteacultural.com/wp-content/uploads/2025/07/2025-11-29_CaminoMeca_banner.jpg" />
	<meta property="og:image:width" content="1098" />
	<meta property="og:image:height" content="401" />
	<meta property="og:image:type" content="image/jpeg" />
<meta name="twitter:card" content="summary_large_image" />
<meta name="twitter:label1" content="Tiempo de lectura" />
	<meta name="twitter:data1" content="2 minutos" />
<script type="application/ld+json" class="yoast-schema-graph">{"@context":"https://schema.org","@graph":[{"@type":"WebPage","@id":"https://www.alteacultural.com/es/events/teatro-camino-a-la-meca/","url":"https://www.alteacultural.com/es/events/teatro-camino-a-la-meca/","name":"Teatro: Camino a la Meca - Altea Cultural","isPartOf":{"@id":"https://www.alteacultural.com/es/#website"},"primaryImageOfPage":{"@id":"https://www.alteacultural.com/es/events/teatro-camino-a-la-meca/#primaryimage"},"image":{"@id":"https://www.alteacultural.com/es/events/teatro-camino-a-la-meca/#primaryimage"},"thumbnailUrl":"https://www.alteacultural.com/wp-content/uploads/2025/07/2025-11-29_CaminoMeca_banner.jpg","datePublished":"2025-07-09T07:56:51+00:00","dateModified":"2025-07-09T07:57:59+00:00","breadcrumb":{"@id":"https://www.alteacultural.com/es/events/teatro-camino-a-la-meca/#breadcrumb"},"inLanguage":"es","potentialAction":[{"@type":"ReadAction","target":["https://www.alteacultural.com/es/events/teatro-camino-a-la-meca/"]}]},{"@type":"ImageObject","inLanguage":"es","@id":"https://www.alteacultural.com/es/events/teatro-camino-a-la-meca/#primaryimage","url":"https://www.alteacultural.com/wp-content/uploads/2025/07/2025-11-29_CaminoMeca_banner.jpg","contentUrl":"https://www.alteacultural.com/wp-content/uploads/2025/07/2025-11-29_CaminoMeca_banner.jpg","width":1098,"height":401},{"@type":"BreadcrumbList","@id":"https://www.alteacultural.com/es/events/teatro-camino-a-la-meca/#breadcrumb","itemListElement":[{"@type":"ListItem","position":1,"name":"Inici","item":"https://www.alteacultural.com/es/"},{"@type":"ListItem","position":2,"name":"Eventos","item":"https://www.alteacultural.com/es/events/"},{"@type":"ListItem","position":3,"name":"Teatro: Camino a la Meca"}]},{"@type":"WebSite","@id":"https://www.alteacultural.com/es/#website","url":"https://www.alteacultural.com/es/","name":"Altea Cultural","description":"Regidoria de Cultura de l&#039;Ajuntament d&#039;Altea","potentialAction":[{"@type":"SearchAction","target":{"@type":"EntryPoint","urlTemplate":"https://www.alteacultural.com/es/?s={search_term_string}"},"query-input":"required name=search_term_string"}],"inLanguage":"es"}]}</script>
<!-- / Yoast SEO plugin. -->

29-nov | 20:00 h | Palau Altea Camino a la Meca. Una producción de Pentación Espectáculos. Lola Herrera encarna [&hellip;]
