{"id":37322,"date":"2025-07-09T10:41:49","date_gmt":"2025-07-09T08:41:49","guid":{"rendered":"https:\/\/www.alteacultural.com\/events\/musical-garfio-y-la-isla-del-tesoro\/"},"modified":"2025-07-09T10:43:11","modified_gmt":"2025-07-09T08:43:11","slug":"musical-garfio-y-la-isla-del-tesoro","status":"publish","type":"mec-events","link":"https:\/\/www.alteacultural.com\/es\/events\/musical-garfio-y-la-isla-del-tesoro\/","title":{"rendered":"Musical: Garfio y la Isla del Tesoro"},"content":{"rendered":"<p><strong>29-dic | 18:00 h | Palau Altea<\/strong><\/p>\n<p><strong>Garfio y la Isla del Tesoro.<\/strong><\/p>\n<p>En el mundo de los cuentos, el clima se ha vuelto loco. En unos hace un fr\u00edo que congela hasta los pensamientos y en otros hace un calor que achicharra. \u00bfQu\u00e9 habr\u00e1 ocurrido para que todo est\u00e9 patas arriba?<\/p>\n<p>En este musical de aventuras Peter Pan, el Sombrero Loco y Gretel se embarcar\u00e1n en un emocionante viaje hasta una isla lejana para encontrar la soluci\u00f3n a tal desastre. En su periplo, tendr\u00e1n que enfrentarse a la Bruja del Mar, Las Sirenitas hipnotizadoras y a Plastifer\u00f3n, un monstruo formado con los residuos pl\u00e1sticos que los humanos vertimos al mar.<\/p>\n<p>Garfio y la Isla del Tesoro invita a los m\u00e1s peque\u00f1os a ser los grandes protagonistas de esta historia participando como grumetes del barco pirata. Con mucho humor, canciones pegadizas y alguna que otra sorpresa, este musical emocionar\u00e1 a toda la familia compartiendo un importante mensaje de esperanza y unidad para lograr un mundo mejor.<\/p>\n<p>Entrada 13-16 \u20ac.<\/p>\n<p><img fetchpriority=\"high\" decoding=\"async\" class=\"aligncenter wp-image-37318\" src=\"https:\/\/www.alteacultural.com\/wp-content\/uploads\/2025\/07\/2025-12-29_GarfioIslaTesoro-2.jpg\" alt=\"\" width=\"750\" height=\"500\" srcset=\"https:\/\/www.alteacultural.com\/wp-content\/uploads\/2025\/07\/2025-12-29_GarfioIslaTesoro-2.jpg 1098w, https:\/\/www.alteacultural.com\/wp-content\/uploads\/2025\/07\/2025-12-29_GarfioIslaTesoro-2-768x512.jpg 768w, https:\/\/www.alteacultural.com\/wp-content\/uploads\/2025\/07\/2025-12-29_GarfioIslaTesoro-2-391x260.jpg 391w\" sizes=\"(max-width: 750px) 100vw, 750px\" \/><\/p>\n","protected":false},"excerpt":{"rendered":"<p>29-dic | 18:00 h | Palau Altea Garfio y la Isla del Tesoro. En el mundo de los cuentos, [&hellip;]<\/p>\n","protected":false},"author":1,"featured_media":37321,"comment_status":"open","ping_status":"closed","template":"","meta":{"_expiration-date-status":"","_expiration-date":0,"_expiration-date-type":"","_expiration-date-categories":[],"_expiration-date-options":[]},"yoast_head":"<!-- This site is optimized with the Yoast SEO plugin v22.8 - https:\/\/yoast.com\/wordpress\/plugins\/seo\/ -->\n<title>Musical: Garfio y la Isla del Tesoro - Altea Cultural<\/title>\n<meta name=\"robots\" content=\"index, follow, max-snippet:-1, max-image-preview:large, max-video-preview:-1\" \/>\n<link rel=\"canonical\" href=\"https:\/\/www.alteacultural.com\/es\/events\/musical-garfio-y-la-isla-del-tesoro\/\" \/>\n<meta property=\"og:locale\" content=\"es_ES\" \/>\n<meta property=\"og:type\" content=\"article\" \/>\n<meta property=\"og:title\" content=\"Musical: Garfio y la Isla del Tesoro - Altea Cultural\" \/>\n<meta property=\"og:description\" content=\"29-dic | 18:00 h | Palau Altea Garfio y la Isla del Tesoro. En el mundo de los cuentos, [&hellip;]\" \/>\n<meta property=\"og:url\" content=\"https:\/\/www.alteacultural.com\/es\/events\/musical-garfio-y-la-isla-del-tesoro\/\" \/>\n<meta property=\"og:site_name\" content=\"Altea Cultural\" \/>\n<meta property=\"article:modified_time\" content=\"2025-07-09T08:43:11+00:00\" \/>\n<meta property=\"og:image\" content=\"https:\/\/www.alteacultural.com\/wp-content\/uploads\/2025\/07\/2025-12-29_GarfioIslaTesoro_banner.jpg\" \/>\n\t<meta property=\"og:image:width\" content=\"1096\" \/>\n\t<meta property=\"og:image:height\" content=\"396\" \/>\n\t<meta property=\"og:image:type\" content=\"image\/jpeg\" \/>\n<meta name=\"twitter:card\" content=\"summary_large_image\" \/>\n<meta name=\"twitter:label1\" content=\"Tiempo de lectura\" \/>\n\t<meta name=\"twitter:data1\" content=\"2 minutos\" \/>\n<script type=\"application\/ld+json\" class=\"yoast-schema-graph\">{\"@context\":\"https:\/\/schema.org\",\"@graph\":[{\"@type\":\"WebPage\",\"@id\":\"https:\/\/www.alteacultural.com\/es\/events\/musical-garfio-y-la-isla-del-tesoro\/\",\"url\":\"https:\/\/www.alteacultural.com\/es\/events\/musical-garfio-y-la-isla-del-tesoro\/\",\"name\":\"Musical: Garfio y la Isla del Tesoro - Altea Cultural\",\"isPartOf\":{\"@id\":\"https:\/\/www.alteacultural.com\/es\/#website\"},\"primaryImageOfPage\":{\"@id\":\"https:\/\/www.alteacultural.com\/es\/events\/musical-garfio-y-la-isla-del-tesoro\/#primaryimage\"},\"image\":{\"@id\":\"https:\/\/www.alteacultural.com\/es\/events\/musical-garfio-y-la-isla-del-tesoro\/#primaryimage\"},\"thumbnailUrl\":\"https:\/\/www.alteacultural.com\/wp-content\/uploads\/2025\/07\/2025-12-29_GarfioIslaTesoro_banner.jpg\",\"datePublished\":\"2025-07-09T08:41:49+00:00\",\"dateModified\":\"2025-07-09T08:43:11+00:00\",\"breadcrumb\":{\"@id\":\"https:\/\/www.alteacultural.com\/es\/events\/musical-garfio-y-la-isla-del-tesoro\/#breadcrumb\"},\"inLanguage\":\"es\",\"potentialAction\":[{\"@type\":\"ReadAction\",\"target\":[\"https:\/\/www.alteacultural.com\/es\/events\/musical-garfio-y-la-isla-del-tesoro\/\"]}]},{\"@type\":\"ImageObject\",\"inLanguage\":\"es\",\"@id\":\"https:\/\/www.alteacultural.com\/es\/events\/musical-garfio-y-la-isla-del-tesoro\/#primaryimage\",\"url\":\"https:\/\/www.alteacultural.com\/wp-content\/uploads\/2025\/07\/2025-12-29_GarfioIslaTesoro_banner.jpg\",\"contentUrl\":\"https:\/\/www.alteacultural.com\/wp-content\/uploads\/2025\/07\/2025-12-29_GarfioIslaTesoro_banner.jpg\",\"width\":1096,\"height\":396},{\"@type\":\"BreadcrumbList\",\"@id\":\"https:\/\/www.alteacultural.com\/es\/events\/musical-garfio-y-la-isla-del-tesoro\/#breadcrumb\",\"itemListElement\":[{\"@type\":\"ListItem\",\"position\":1,\"name\":\"Inici\",\"item\":\"https:\/\/www.alteacultural.com\/es\/\"},{\"@type\":\"ListItem\",\"position\":2,\"name\":\"Eventos\",\"item\":\"https:\/\/www.alteacultural.com\/es\/events\/\"},{\"@type\":\"ListItem\",\"position\":3,\"name\":\"Musical: Garfio y la Isla del Tesoro\"}]},{\"@type\":\"WebSite\",\"@id\":\"https:\/\/www.alteacultural.com\/es\/#website\",\"url\":\"https:\/\/www.alteacultural.com\/es\/\",\"name\":\"Altea Cultural\",\"description\":\"Regidoria de Cultura de l&#039;Ajuntament d&#039;Altea\",\"potentialAction\":[{\"@type\":\"SearchAction\",\"target\":{\"@type\":\"EntryPoint\",\"urlTemplate\":\"https:\/\/www.alteacultural.com\/es\/?s={search_term_string}\"},\"query-input\":\"required name=search_term_string\"}],\"inLanguage\":\"es\"}]}<\/script>\n<!-- \/ Yoast SEO plugin. -->","yoast_head_json":{"title":"Musical: Garfio y la Isla del Tesoro - Altea Cultural","robots":{"index":"index","follow":"follow","max-snippet":"max-snippet:-1","max-image-preview":"max-image-preview:large","max-video-preview":"max-video-preview:-1"},"canonical":"https:\/\/www.alteacultural.com\/es\/events\/musical-garfio-y-la-isla-del-tesoro\/","og_locale":"es_ES","og_type":"article","og_title":"Musical: Garfio y la Isla del Tesoro - Altea Cultural","og_description":"29-dic | 18:00 h | Palau Altea Garfio y la Isla del Tesoro. En el mundo de los cuentos, [&hellip;]","og_url":"https:\/\/www.alteacultural.com\/es\/events\/musical-garfio-y-la-isla-del-tesoro\/","og_site_name":"Altea Cultural","article_modified_time":"2025-07-09T08:43:11+00:00","og_image":[{"width":1096,"height":396,"url":"https:\/\/www.alteacultural.com\/wp-content\/uploads\/2025\/07\/2025-12-29_GarfioIslaTesoro_banner.jpg","type":"image\/jpeg"}],"twitter_card":"summary_large_image","twitter_misc":{"Tiempo de lectura":"2 minutos"},"schema":{"@context":"https:\/\/schema.org","@graph":[{"@type":"WebPage","@id":"https:\/\/www.alteacultural.com\/es\/events\/musical-garfio-y-la-isla-del-tesoro\/","url":"https:\/\/www.alteacultural.com\/es\/events\/musical-garfio-y-la-isla-del-tesoro\/","name":"Musical: Garfio y la Isla del Tesoro - Altea Cultural","isPartOf":{"@id":"https:\/\/www.alteacultural.com\/es\/#website"},"primaryImageOfPage":{"@id":"https:\/\/www.alteacultural.com\/es\/events\/musical-garfio-y-la-isla-del-tesoro\/#primaryimage"},"image":{"@id":"https:\/\/www.alteacultural.com\/es\/events\/musical-garfio-y-la-isla-del-tesoro\/#primaryimage"},"thumbnailUrl":"https:\/\/www.alteacultural.com\/wp-content\/uploads\/2025\/07\/2025-12-29_GarfioIslaTesoro_banner.jpg","datePublished":"2025-07-09T08:41:49+00:00","dateModified":"2025-07-09T08:43:11+00:00","breadcrumb":{"@id":"https:\/\/www.alteacultural.com\/es\/events\/musical-garfio-y-la-isla-del-tesoro\/#breadcrumb"},"inLanguage":"es","potentialAction":[{"@type":"ReadAction","target":["https:\/\/www.alteacultural.com\/es\/events\/musical-garfio-y-la-isla-del-tesoro\/"]}]},{"@type":"ImageObject","inLanguage":"es","@id":"https:\/\/www.alteacultural.com\/es\/events\/musical-garfio-y-la-isla-del-tesoro\/#primaryimage","url":"https:\/\/www.alteacultural.com\/wp-content\/uploads\/2025\/07\/2025-12-29_GarfioIslaTesoro_banner.jpg","contentUrl":"https:\/\/www.alteacultural.com\/wp-content\/uploads\/2025\/07\/2025-12-29_GarfioIslaTesoro_banner.jpg","width":1096,"height":396},{"@type":"BreadcrumbList","@id":"https:\/\/www.alteacultural.com\/es\/events\/musical-garfio-y-la-isla-del-tesoro\/#breadcrumb","itemListElement":[{"@type":"ListItem","position":1,"name":"Inici","item":"https:\/\/www.alteacultural.com\/es\/"},{"@type":"ListItem","position":2,"name":"Eventos","item":"https:\/\/www.alteacultural.com\/es\/events\/"},{"@type":"ListItem","position":3,"name":"Musical: Garfio y la Isla del Tesoro"}]},{"@type":"WebSite","@id":"https:\/\/www.alteacultural.com\/es\/#website","url":"https:\/\/www.alteacultural.com\/es\/","name":"Altea Cultural","description":"Regidoria de Cultura de l&#039;Ajuntament d&#039;Altea","potentialAction":[{"@type":"SearchAction","target":{"@type":"EntryPoint","urlTemplate":"https:\/\/www.alteacultural.com\/es\/?s={search_term_string}"},"query-input":"required name=search_term_string"}],"inLanguage":"es"}]}},"mec_cost":"13-16 \u20ac","mec_date":{"start":{"date":"2025-12-29","hour":6,"minutes":"0","ampm":"PM"},"end":{"date":"2025-12-29","hour":7,"minutes":"10","ampm":"PM"},"comment":"","repeat":{"type":"daily","interval":"1","advanced":"","end":"never","end_at_date":"","end_at_occurrences":"10"}},"_links":{"self":[{"href":"https:\/\/www.alteacultural.com\/es\/wp-json\/wp\/v2\/mec-events\/37322"}],"collection":[{"href":"https:\/\/www.alteacultural.com\/es\/wp-json\/wp\/v2\/mec-events"}],"about":[{"href":"https:\/\/www.alteacultural.com\/es\/wp-json\/wp\/v2\/types\/mec-events"}],"author":[{"embeddable":true,"href":"https:\/\/www.alteacultural.com\/es\/wp-json\/wp\/v2\/users\/1"}],"replies":[{"embeddable":true,"href":"https:\/\/www.alteacultural.com\/es\/wp-json\/wp\/v2\/comments?post=37322"}],"wp:featuredmedia":[{"embeddable":true,"href":"https:\/\/www.alteacultural.com\/es\/wp-json\/wp\/v2\/media\/37321"}],"wp:attachment":[{"href":"https:\/\/www.alteacultural.com\/es\/wp-json\/wp\/v2\/media?parent=37322"}],"curies":[{"name":"wp","href":"https:\/\/api.w.org\/{rel}","templated":true}]}}

<p><strong>29-dic | 18:00 h | Palau Altea</strong></p>
<p><strong>Garfio y la Isla del Tesoro.</strong></p>
<p>En el mundo de los cuentos, el clima se ha vuelto loco. En unos hace un frío que congela hasta los pensamientos y en otros hace un calor que achicharra. ¿Qué habrá ocurrido para que todo esté patas arriba?</p>
<p>En este musical de aventuras Peter Pan, el Sombrero Loco y Gretel se embarcarán en un emocionante viaje hasta una isla lejana para encontrar la solución a tal desastre. En su periplo, tendrán que enfrentarse a la Bruja del Mar, Las Sirenitas hipnotizadoras y a Plastiferón, un monstruo formado con los residuos plásticos que los humanos vertimos al mar.</p>
<p>Garfio y la Isla del Tesoro invita a los más pequeños a ser los grandes protagonistas de esta historia participando como grumetes del barco pirata. Con mucho humor, canciones pegadizas y alguna que otra sorpresa, este musical emocionará a toda la familia compartiendo un importante mensaje de esperanza y unidad para lograr un mundo mejor.</p>
<p>Entrada 13-16 €.</p>
<p><img fetchpriority="high" decoding="async" class="aligncenter wp-image-37318" src="https://www.alteacultural.com/wp-content/uploads/2025/07/2025-12-29_GarfioIslaTesoro-2.jpg" alt="" width="750" height="500" srcset="https://www.alteacultural.com/wp-content/uploads/2025/07/2025-12-29_GarfioIslaTesoro-2.jpg 1098w, https://www.alteacultural.com/wp-content/uploads/2025/07/2025-12-29_GarfioIslaTesoro-2-768x512.jpg 768w, https://www.alteacultural.com/wp-content/uploads/2025/07/2025-12-29_GarfioIslaTesoro-2-391x260.jpg 391w" sizes="(max-width: 750px) 100vw, 750px" /></p>
