{"id":37333,"date":"2025-07-09T11:32:51","date_gmt":"2025-07-09T09:32:51","guid":{"rendered":"https:\/\/www.alteacultural.com\/events\/concert-dany-nou-strauss-festival-orchestra\/"},"modified":"2025-07-09T11:35:56","modified_gmt":"2025-07-09T09:35:56","slug":"concert-dany-nou-strauss-festival-orchestra","status":"publish","type":"mec-events","link":"https:\/\/www.alteacultural.com\/es\/events\/concert-dany-nou-strauss-festival-orchestra\/","title":{"rendered":"Concierto de A\u00f1o Nuevo &#8211; Strauss Festival Orchestra"},"content":{"rendered":"<p><strong>1-ene | 19:00 h | Palau Altea<\/strong><\/p>\n<p><strong>Concierto de A\u00f1o Nuevo &#8211; Strauss Festival Orchestra. NK Prodarte.<\/strong><\/p>\n<p>El Concierto de A\u00f1o Nuevo es una de las citas imprescindibles para los amantes de la m\u00fasica cl\u00e1sica desde que en 1939 la Orquesta Filarm\u00f3nica de Viena inaugurara esta tradici\u00f3n. Cada vez m\u00e1s, los auditorios y recintos musicales de primer nivel se suman a esta tradicional forma de dar la bienvenida al nuevo a\u00f1o con m\u00fasica.<\/p>\n<p>El Palau Altea, como no podr\u00eda ser de otra forma, celebrar\u00e1 la entrada en 2026 de la mano de la Strauss Festival Orchestra, una emblem\u00e1tica formaci\u00f3n que trae la extraordinaria gira de 35 a\u00f1os de \u00e9xito que ha conquistado a toda Europa.<\/p>\n<p>Una producci\u00f3n para vivir en directo uno de los conciertos m\u00e1s simb\u00f3licos del a\u00f1o, con los t\u00edtulos m\u00e1s conocidos del rey del vals. Sonar\u00e1n Napole\u00f3n, Fiesta de las flores, El vals del emperador o Champagne. El vals m\u00e1s c\u00e9lebre de todos, El Bello Danubio azul y la Marcha Radetzky completan este extraordinario concierto que ha apasionado a m\u00e1s de 5 millones de espectadores de todo el mundo.<\/p>\n<p>Entrada 41 \u20ac.<\/p>\n<p><img fetchpriority=\"high\" decoding=\"async\" class=\"aligncenter wp-image-37329\" src=\"https:\/\/www.alteacultural.com\/wp-content\/uploads\/2025\/07\/2026-01-01_ConciertoAnoNuevo-2.jpg\" alt=\"\" width=\"750\" height=\"500\" srcset=\"https:\/\/www.alteacultural.com\/wp-content\/uploads\/2025\/07\/2026-01-01_ConciertoAnoNuevo-2.jpg 1099w, https:\/\/www.alteacultural.com\/wp-content\/uploads\/2025\/07\/2026-01-01_ConciertoAnoNuevo-2-768x512.jpg 768w, https:\/\/www.alteacultural.com\/wp-content\/uploads\/2025\/07\/2026-01-01_ConciertoAnoNuevo-2-391x260.jpg 391w\" sizes=\"(max-width: 750px) 100vw, 750px\" \/><\/p>\n","protected":false},"excerpt":{"rendered":"<p>1-ene | 19:00 h | Palau Altea Concierto de A\u00f1o Nuevo &#8211; Strauss Festival Orchestra. NK Prodarte. El Concierto [&hellip;]<\/p>\n","protected":false},"author":1,"featured_media":37332,"comment_status":"open","ping_status":"closed","template":"","meta":{"_expiration-date-status":"","_expiration-date":0,"_expiration-date-type":"","_expiration-date-categories":[],"_expiration-date-options":[]},"yoast_head":"<!-- This site is optimized with the Yoast SEO plugin v22.8 - https:\/\/yoast.com\/wordpress\/plugins\/seo\/ -->\n<title>Concierto de A\u00f1o Nuevo - Strauss Festival Orchestra - Altea Cultural<\/title>\n<meta name=\"robots\" content=\"index, follow, max-snippet:-1, max-image-preview:large, max-video-preview:-1\" \/>\n<link rel=\"canonical\" href=\"https:\/\/www.alteacultural.com\/es\/events\/concert-dany-nou-strauss-festival-orchestra\/\" \/>\n<meta property=\"og:locale\" content=\"es_ES\" \/>\n<meta property=\"og:type\" content=\"article\" \/>\n<meta property=\"og:title\" content=\"Concierto de A\u00f1o Nuevo - Strauss Festival Orchestra - Altea Cultural\" \/>\n<meta property=\"og:description\" content=\"1-ene | 19:00 h | Palau Altea Concierto de A\u00f1o Nuevo &#8211; Strauss Festival Orchestra. NK Prodarte. El Concierto [&hellip;]\" \/>\n<meta property=\"og:url\" content=\"https:\/\/www.alteacultural.com\/es\/events\/concert-dany-nou-strauss-festival-orchestra\/\" \/>\n<meta property=\"og:site_name\" content=\"Altea Cultural\" \/>\n<meta property=\"article:modified_time\" content=\"2025-07-09T09:35:56+00:00\" \/>\n<meta property=\"og:image\" content=\"https:\/\/www.alteacultural.com\/wp-content\/uploads\/2025\/07\/2026-01-01_ConciertoAnoNuevo_banner.jpg\" \/>\n\t<meta property=\"og:image:width\" content=\"1099\" \/>\n\t<meta property=\"og:image:height\" content=\"351\" \/>\n\t<meta property=\"og:image:type\" content=\"image\/jpeg\" \/>\n<meta name=\"twitter:card\" content=\"summary_large_image\" \/>\n<meta name=\"twitter:label1\" content=\"Tiempo de lectura\" \/>\n\t<meta name=\"twitter:data1\" content=\"2 minutos\" \/>\n<script type=\"application\/ld+json\" class=\"yoast-schema-graph\">{\"@context\":\"https:\/\/schema.org\",\"@graph\":[{\"@type\":\"WebPage\",\"@id\":\"https:\/\/www.alteacultural.com\/es\/events\/concert-dany-nou-strauss-festival-orchestra\/\",\"url\":\"https:\/\/www.alteacultural.com\/es\/events\/concert-dany-nou-strauss-festival-orchestra\/\",\"name\":\"Concierto de A\u00f1o Nuevo - Strauss Festival Orchestra - Altea Cultural\",\"isPartOf\":{\"@id\":\"https:\/\/www.alteacultural.com\/es\/#website\"},\"primaryImageOfPage\":{\"@id\":\"https:\/\/www.alteacultural.com\/es\/events\/concert-dany-nou-strauss-festival-orchestra\/#primaryimage\"},\"image\":{\"@id\":\"https:\/\/www.alteacultural.com\/es\/events\/concert-dany-nou-strauss-festival-orchestra\/#primaryimage\"},\"thumbnailUrl\":\"https:\/\/www.alteacultural.com\/wp-content\/uploads\/2025\/07\/2026-01-01_ConciertoAnoNuevo_banner.jpg\",\"datePublished\":\"2025-07-09T09:32:51+00:00\",\"dateModified\":\"2025-07-09T09:35:56+00:00\",\"breadcrumb\":{\"@id\":\"https:\/\/www.alteacultural.com\/es\/events\/concert-dany-nou-strauss-festival-orchestra\/#breadcrumb\"},\"inLanguage\":\"es\",\"potentialAction\":[{\"@type\":\"ReadAction\",\"target\":[\"https:\/\/www.alteacultural.com\/es\/events\/concert-dany-nou-strauss-festival-orchestra\/\"]}]},{\"@type\":\"ImageObject\",\"inLanguage\":\"es\",\"@id\":\"https:\/\/www.alteacultural.com\/es\/events\/concert-dany-nou-strauss-festival-orchestra\/#primaryimage\",\"url\":\"https:\/\/www.alteacultural.com\/wp-content\/uploads\/2025\/07\/2026-01-01_ConciertoAnoNuevo_banner.jpg\",\"contentUrl\":\"https:\/\/www.alteacultural.com\/wp-content\/uploads\/2025\/07\/2026-01-01_ConciertoAnoNuevo_banner.jpg\",\"width\":1099,\"height\":351},{\"@type\":\"BreadcrumbList\",\"@id\":\"https:\/\/www.alteacultural.com\/es\/events\/concert-dany-nou-strauss-festival-orchestra\/#breadcrumb\",\"itemListElement\":[{\"@type\":\"ListItem\",\"position\":1,\"name\":\"Inici\",\"item\":\"https:\/\/www.alteacultural.com\/es\/\"},{\"@type\":\"ListItem\",\"position\":2,\"name\":\"Eventos\",\"item\":\"https:\/\/www.alteacultural.com\/es\/events\/\"},{\"@type\":\"ListItem\",\"position\":3,\"name\":\"Concierto de A\u00f1o Nuevo &#8211; Strauss Festival Orchestra\"}]},{\"@type\":\"WebSite\",\"@id\":\"https:\/\/www.alteacultural.com\/es\/#website\",\"url\":\"https:\/\/www.alteacultural.com\/es\/\",\"name\":\"Altea Cultural\",\"description\":\"Regidoria de Cultura de l&#039;Ajuntament d&#039;Altea\",\"potentialAction\":[{\"@type\":\"SearchAction\",\"target\":{\"@type\":\"EntryPoint\",\"urlTemplate\":\"https:\/\/www.alteacultural.com\/es\/?s={search_term_string}\"},\"query-input\":\"required name=search_term_string\"}],\"inLanguage\":\"es\"}]}<\/script>\n<!-- \/ Yoast SEO plugin. -->","yoast_head_json":{"title":"Concierto de A\u00f1o Nuevo - Strauss Festival Orchestra - Altea Cultural","robots":{"index":"index","follow":"follow","max-snippet":"max-snippet:-1","max-image-preview":"max-image-preview:large","max-video-preview":"max-video-preview:-1"},"canonical":"https:\/\/www.alteacultural.com\/es\/events\/concert-dany-nou-strauss-festival-orchestra\/","og_locale":"es_ES","og_type":"article","og_title":"Concierto de A\u00f1o Nuevo - Strauss Festival Orchestra - Altea Cultural","og_description":"1-ene | 19:00 h | Palau Altea Concierto de A\u00f1o Nuevo &#8211; Strauss Festival Orchestra. NK Prodarte. El Concierto [&hellip;]","og_url":"https:\/\/www.alteacultural.com\/es\/events\/concert-dany-nou-strauss-festival-orchestra\/","og_site_name":"Altea Cultural","article_modified_time":"2025-07-09T09:35:56+00:00","og_image":[{"width":1099,"height":351,"url":"https:\/\/www.alteacultural.com\/wp-content\/uploads\/2025\/07\/2026-01-01_ConciertoAnoNuevo_banner.jpg","type":"image\/jpeg"}],"twitter_card":"summary_large_image","twitter_misc":{"Tiempo de lectura":"2 minutos"},"schema":{"@context":"https:\/\/schema.org","@graph":[{"@type":"WebPage","@id":"https:\/\/www.alteacultural.com\/es\/events\/concert-dany-nou-strauss-festival-orchestra\/","url":"https:\/\/www.alteacultural.com\/es\/events\/concert-dany-nou-strauss-festival-orchestra\/","name":"Concierto de A\u00f1o Nuevo - Strauss Festival Orchestra - Altea Cultural","isPartOf":{"@id":"https:\/\/www.alteacultural.com\/es\/#website"},"primaryImageOfPage":{"@id":"https:\/\/www.alteacultural.com\/es\/events\/concert-dany-nou-strauss-festival-orchestra\/#primaryimage"},"image":{"@id":"https:\/\/www.alteacultural.com\/es\/events\/concert-dany-nou-strauss-festival-orchestra\/#primaryimage"},"thumbnailUrl":"https:\/\/www.alteacultural.com\/wp-content\/uploads\/2025\/07\/2026-01-01_ConciertoAnoNuevo_banner.jpg","datePublished":"2025-07-09T09:32:51+00:00","dateModified":"2025-07-09T09:35:56+00:00","breadcrumb":{"@id":"https:\/\/www.alteacultural.com\/es\/events\/concert-dany-nou-strauss-festival-orchestra\/#breadcrumb"},"inLanguage":"es","potentialAction":[{"@type":"ReadAction","target":["https:\/\/www.alteacultural.com\/es\/events\/concert-dany-nou-strauss-festival-orchestra\/"]}]},{"@type":"ImageObject","inLanguage":"es","@id":"https:\/\/www.alteacultural.com\/es\/events\/concert-dany-nou-strauss-festival-orchestra\/#primaryimage","url":"https:\/\/www.alteacultural.com\/wp-content\/uploads\/2025\/07\/2026-01-01_ConciertoAnoNuevo_banner.jpg","contentUrl":"https:\/\/www.alteacultural.com\/wp-content\/uploads\/2025\/07\/2026-01-01_ConciertoAnoNuevo_banner.jpg","width":1099,"height":351},{"@type":"BreadcrumbList","@id":"https:\/\/www.alteacultural.com\/es\/events\/concert-dany-nou-strauss-festival-orchestra\/#breadcrumb","itemListElement":[{"@type":"ListItem","position":1,"name":"Inici","item":"https:\/\/www.alteacultural.com\/es\/"},{"@type":"ListItem","position":2,"name":"Eventos","item":"https:\/\/www.alteacultural.com\/es\/events\/"},{"@type":"ListItem","position":3,"name":"Concierto de A\u00f1o Nuevo &#8211; Strauss Festival Orchestra"}]},{"@type":"WebSite","@id":"https:\/\/www.alteacultural.com\/es\/#website","url":"https:\/\/www.alteacultural.com\/es\/","name":"Altea Cultural","description":"Regidoria de Cultura de l&#039;Ajuntament d&#039;Altea","potentialAction":[{"@type":"SearchAction","target":{"@type":"EntryPoint","urlTemplate":"https:\/\/www.alteacultural.com\/es\/?s={search_term_string}"},"query-input":"required name=search_term_string"}],"inLanguage":"es"}]}},"mec_cost":"41 \u20ac","mec_date":{"start":{"date":"2026-01-01","hour":7,"minutes":"0","ampm":"PM"},"end":{"date":"2026-01-01","hour":9,"minutes":"30","ampm":"PM"},"comment":"","repeat":{"type":"daily","interval":"1","advanced":"","end":"never","end_at_date":"","end_at_occurrences":"10"}},"_links":{"self":[{"href":"https:\/\/www.alteacultural.com\/es\/wp-json\/wp\/v2\/mec-events\/37333"}],"collection":[{"href":"https:\/\/www.alteacultural.com\/es\/wp-json\/wp\/v2\/mec-events"}],"about":[{"href":"https:\/\/www.alteacultural.com\/es\/wp-json\/wp\/v2\/types\/mec-events"}],"author":[{"embeddable":true,"href":"https:\/\/www.alteacultural.com\/es\/wp-json\/wp\/v2\/users\/1"}],"replies":[{"embeddable":true,"href":"https:\/\/www.alteacultural.com\/es\/wp-json\/wp\/v2\/comments?post=37333"}],"wp:featuredmedia":[{"embeddable":true,"href":"https:\/\/www.alteacultural.com\/es\/wp-json\/wp\/v2\/media\/37332"}],"wp:attachment":[{"href":"https:\/\/www.alteacultural.com\/es\/wp-json\/wp\/v2\/media?parent=37333"}],"curies":[{"name":"wp","href":"https:\/\/api.w.org\/{rel}","templated":true}]}}

Concierto de Año Nuevo &#8211; Strauss Festival Orchestra

<p><strong>1-ene | 19:00 h | Palau Altea</strong></p>
<p><strong>Concierto de Año Nuevo &#8211; Strauss Festival Orchestra. NK Prodarte.</strong></p>
<p>El Concierto de Año Nuevo es una de las citas imprescindibles para los amantes de la música clásica desde que en 1939 la Orquesta Filarmónica de Viena inaugurara esta tradición. Cada vez más, los auditorios y recintos musicales de primer nivel se suman a esta tradicional forma de dar la bienvenida al nuevo año con música.</p>
<p>El Palau Altea, como no podría ser de otra forma, celebrará la entrada en 2026 de la mano de la Strauss Festival Orchestra, una emblemática formación que trae la extraordinaria gira de 35 años de éxito que ha conquistado a toda Europa.</p>
<p>Una producción para vivir en directo uno de los conciertos más simbólicos del año, con los títulos más conocidos del rey del vals. Sonarán Napoleón, Fiesta de las flores, El vals del emperador o Champagne. El vals más célebre de todos, El Bello Danubio azul y la Marcha Radetzky completan este extraordinario concierto que ha apasionado a más de 5 millones de espectadores de todo el mundo.</p>
<p>Entrada 41 €.</p>
<p><img fetchpriority="high" decoding="async" class="aligncenter wp-image-37329" src="https://www.alteacultural.com/wp-content/uploads/2025/07/2026-01-01_ConciertoAnoNuevo-2.jpg" alt="" width="750" height="500" srcset="https://www.alteacultural.com/wp-content/uploads/2025/07/2026-01-01_ConciertoAnoNuevo-2.jpg 1099w, https://www.alteacultural.com/wp-content/uploads/2025/07/2026-01-01_ConciertoAnoNuevo-2-768x512.jpg 768w, https://www.alteacultural.com/wp-content/uploads/2025/07/2026-01-01_ConciertoAnoNuevo-2-391x260.jpg 391w" sizes="(max-width: 750px) 100vw, 750px" /></p>

<p>1-ene | 19:00 h | Palau Altea Concierto de Año Nuevo &#8211; Strauss Festival Orchestra. NK Prodarte. El Concierto [&hellip;]</p>

<!-- This site is optimized with the Yoast SEO plugin v22.8 - https://yoast.com/wordpress/plugins/seo/ -->
<title>Concierto de Año Nuevo - Strauss Festival Orchestra - Altea Cultural</title>
<meta name="robots" content="index, follow, max-snippet:-1, max-image-preview:large, max-video-preview:-1" />
<link rel="canonical" href="https://www.alteacultural.com/es/events/concert-dany-nou-strauss-festival-orchestra/" />
<meta property="og:locale" content="es_ES" />
<meta property="og:type" content="article" />
<meta property="og:title" content="Concierto de Año Nuevo - Strauss Festival Orchestra - Altea Cultural" />
<meta property="og:description" content="1-ene | 19:00 h | Palau Altea Concierto de Año Nuevo &#8211; Strauss Festival Orchestra. NK Prodarte. El Concierto [&hellip;]" />
<meta property="og:url" content="https://www.alteacultural.com/es/events/concert-dany-nou-strauss-festival-orchestra/" />
<meta property="og:site_name" content="Altea Cultural" />
<meta property="article:modified_time" content="2025-07-09T09:35:56+00:00" />
<meta property="og:image" content="https://www.alteacultural.com/wp-content/uploads/2025/07/2026-01-01_ConciertoAnoNuevo_banner.jpg" />
	<meta property="og:image:width" content="1099" />
	<meta property="og:image:height" content="351" />
	<meta property="og:image:type" content="image/jpeg" />
<meta name="twitter:card" content="summary_large_image" />
<meta name="twitter:label1" content="Tiempo de lectura" />
	<meta name="twitter:data1" content="2 minutos" />
<script type="application/ld+json" class="yoast-schema-graph">{"@context":"https://schema.org","@graph":[{"@type":"WebPage","@id":"https://www.alteacultural.com/es/events/concert-dany-nou-strauss-festival-orchestra/","url":"https://www.alteacultural.com/es/events/concert-dany-nou-strauss-festival-orchestra/","name":"Concierto de Año Nuevo - Strauss Festival Orchestra - Altea Cultural","isPartOf":{"@id":"https://www.alteacultural.com/es/#website"},"primaryImageOfPage":{"@id":"https://www.alteacultural.com/es/events/concert-dany-nou-strauss-festival-orchestra/#primaryimage"},"image":{"@id":"https://www.alteacultural.com/es/events/concert-dany-nou-strauss-festival-orchestra/#primaryimage"},"thumbnailUrl":"https://www.alteacultural.com/wp-content/uploads/2025/07/2026-01-01_ConciertoAnoNuevo_banner.jpg","datePublished":"2025-07-09T09:32:51+00:00","dateModified":"2025-07-09T09:35:56+00:00","breadcrumb":{"@id":"https://www.alteacultural.com/es/events/concert-dany-nou-strauss-festival-orchestra/#breadcrumb"},"inLanguage":"es","potentialAction":[{"@type":"ReadAction","target":["https://www.alteacultural.com/es/events/concert-dany-nou-strauss-festival-orchestra/"]}]},{"@type":"ImageObject","inLanguage":"es","@id":"https://www.alteacultural.com/es/events/concert-dany-nou-strauss-festival-orchestra/#primaryimage","url":"https://www.alteacultural.com/wp-content/uploads/2025/07/2026-01-01_ConciertoAnoNuevo_banner.jpg","contentUrl":"https://www.alteacultural.com/wp-content/uploads/2025/07/2026-01-01_ConciertoAnoNuevo_banner.jpg","width":1099,"height":351},{"@type":"BreadcrumbList","@id":"https://www.alteacultural.com/es/events/concert-dany-nou-strauss-festival-orchestra/#breadcrumb","itemListElement":[{"@type":"ListItem","position":1,"name":"Inici","item":"https://www.alteacultural.com/es/"},{"@type":"ListItem","position":2,"name":"Eventos","item":"https://www.alteacultural.com/es/events/"},{"@type":"ListItem","position":3,"name":"Concierto de Año Nuevo &#8211; Strauss Festival Orchestra"}]},{"@type":"WebSite","@id":"https://www.alteacultural.com/es/#website","url":"https://www.alteacultural.com/es/","name":"Altea Cultural","description":"Regidoria de Cultura de l&#039;Ajuntament d&#039;Altea","potentialAction":[{"@type":"SearchAction","target":{"@type":"EntryPoint","urlTemplate":"https://www.alteacultural.com/es/?s={search_term_string}"},"query-input":"required name=search_term_string"}],"inLanguage":"es"}]}</script>
<!-- / Yoast SEO plugin. -->

Concierto de Año Nuevo - Strauss Festival Orchestra - Altea Cultural

1-ene | 19:00 h | Palau Altea Concierto de Año Nuevo &#8211; Strauss Festival Orchestra. NK Prodarte. El Concierto [&hellip;]
