{"id":37387,"date":"2025-07-10T12:04:05","date_gmt":"2025-07-10T10:04:05","guid":{"rendered":"https:\/\/www.alteacultural.com\/events\/dansa-el-cascanueces-ballet-de-kiev\/"},"modified":"2025-07-10T12:06:31","modified_gmt":"2025-07-10T10:06:31","slug":"dansa-el-cascanueces-ballet-de-kiev","status":"publish","type":"mec-events","link":"https:\/\/www.alteacultural.com\/es\/events\/dansa-el-cascanueces-ballet-de-kiev\/","title":{"rendered":"Danza: El Cascanueces &#8211; Ballet de Kiev"},"content":{"rendered":"<p>Danza: El Cascanueces &#8211; Ballet de Kiev<\/p>\n<p>El Ballet de Kiev nos invita a celebrar la Navidad con uno de los ballets m\u00e1s interpretados en todo el mundo. Una obra con m\u00fasica de Tchaikovsky que ha alcanzado popularidad por su encantadora combinaci\u00f3n de m\u00fasica, fantas\u00eda navide\u00f1a y una deslumbrante puesta en escena.<\/p>\n<p>Este cl\u00e1sico cuento en el que los juguetes cobran vida nos envuelve en un ambiente tan m\u00e1gico como festivo, lo que ha hecho que se convierta en uno de los esenciales navide\u00f1os de los teatros de todo el mundo.<\/p>\n<p>En esta versi\u00f3n colorida y muy emotiva, el Ballet de Kiev sube a escena a los mejores bailarines ucranianos que, desde que iniciara su primera gira por Espa\u00f1a en 2022, no han dejado de conquistar a los espectadores de nuestro pa\u00eds mostrando la esencia del ballet cl\u00e1sico m\u00e1s puro. Entre su repertorio destacan ballets tan conocidos como El Lago de los Cisnes, La Bella Durmiente, Don Quixote, Giselle, Carmen o Scheherazade.<\/p>\n<p>Entrada 37 \u20ac.<\/p>\n<p><img fetchpriority=\"high\" decoding=\"async\" class=\"aligncenter wp-image-37383\" src=\"https:\/\/www.alteacultural.com\/wp-content\/uploads\/2025\/07\/2026-01-10_ElCascanueces.jpg\" alt=\"\" width=\"750\" height=\"502\" srcset=\"https:\/\/www.alteacultural.com\/wp-content\/uploads\/2025\/07\/2026-01-10_ElCascanueces.jpg 1097w, https:\/\/www.alteacultural.com\/wp-content\/uploads\/2025\/07\/2026-01-10_ElCascanueces-768x514.jpg 768w\" sizes=\"(max-width: 750px) 100vw, 750px\" \/><\/p>\n","protected":false},"excerpt":{"rendered":"<p>Danza: El Cascanueces &#8211; Ballet de Kiev El Ballet de Kiev nos invita a celebrar la Navidad con uno [&hellip;]<\/p>\n","protected":false},"author":1,"featured_media":37386,"comment_status":"open","ping_status":"closed","template":"","meta":{"_expiration-date-status":"","_expiration-date":0,"_expiration-date-type":"","_expiration-date-categories":[],"_expiration-date-options":[]},"yoast_head":"<!-- This site is optimized with the Yoast SEO plugin v22.8 - https:\/\/yoast.com\/wordpress\/plugins\/seo\/ -->\n<title>Danza: El Cascanueces - Ballet de Kiev - Altea Cultural<\/title>\n<meta name=\"robots\" content=\"index, follow, max-snippet:-1, max-image-preview:large, max-video-preview:-1\" \/>\n<link rel=\"canonical\" href=\"https:\/\/www.alteacultural.com\/es\/events\/dansa-el-cascanueces-ballet-de-kiev\/\" \/>\n<meta property=\"og:locale\" content=\"es_ES\" \/>\n<meta property=\"og:type\" content=\"article\" \/>\n<meta property=\"og:title\" content=\"Danza: El Cascanueces - Ballet de Kiev - Altea Cultural\" \/>\n<meta property=\"og:description\" content=\"Danza: El Cascanueces &#8211; Ballet de Kiev El Ballet de Kiev nos invita a celebrar la Navidad con uno [&hellip;]\" \/>\n<meta property=\"og:url\" content=\"https:\/\/www.alteacultural.com\/es\/events\/dansa-el-cascanueces-ballet-de-kiev\/\" \/>\n<meta property=\"og:site_name\" content=\"Altea Cultural\" \/>\n<meta property=\"article:modified_time\" content=\"2025-07-10T10:06:31+00:00\" \/>\n<meta property=\"og:image\" content=\"https:\/\/www.alteacultural.com\/wp-content\/uploads\/2025\/07\/2026-01-10_ElCascanueces_banner.jpg\" \/>\n\t<meta property=\"og:image:width\" content=\"1097\" \/>\n\t<meta property=\"og:image:height\" content=\"342\" \/>\n\t<meta property=\"og:image:type\" content=\"image\/jpeg\" \/>\n<meta name=\"twitter:card\" content=\"summary_large_image\" \/>\n<meta name=\"twitter:label1\" content=\"Tiempo de lectura\" \/>\n\t<meta name=\"twitter:data1\" content=\"2 minutos\" \/>\n<script type=\"application\/ld+json\" class=\"yoast-schema-graph\">{\"@context\":\"https:\/\/schema.org\",\"@graph\":[{\"@type\":\"WebPage\",\"@id\":\"https:\/\/www.alteacultural.com\/es\/events\/dansa-el-cascanueces-ballet-de-kiev\/\",\"url\":\"https:\/\/www.alteacultural.com\/es\/events\/dansa-el-cascanueces-ballet-de-kiev\/\",\"name\":\"Danza: El Cascanueces - Ballet de Kiev - Altea Cultural\",\"isPartOf\":{\"@id\":\"https:\/\/www.alteacultural.com\/es\/#website\"},\"primaryImageOfPage\":{\"@id\":\"https:\/\/www.alteacultural.com\/es\/events\/dansa-el-cascanueces-ballet-de-kiev\/#primaryimage\"},\"image\":{\"@id\":\"https:\/\/www.alteacultural.com\/es\/events\/dansa-el-cascanueces-ballet-de-kiev\/#primaryimage\"},\"thumbnailUrl\":\"https:\/\/www.alteacultural.com\/wp-content\/uploads\/2025\/07\/2026-01-10_ElCascanueces_banner.jpg\",\"datePublished\":\"2025-07-10T10:04:05+00:00\",\"dateModified\":\"2025-07-10T10:06:31+00:00\",\"breadcrumb\":{\"@id\":\"https:\/\/www.alteacultural.com\/es\/events\/dansa-el-cascanueces-ballet-de-kiev\/#breadcrumb\"},\"inLanguage\":\"es\",\"potentialAction\":[{\"@type\":\"ReadAction\",\"target\":[\"https:\/\/www.alteacultural.com\/es\/events\/dansa-el-cascanueces-ballet-de-kiev\/\"]}]},{\"@type\":\"ImageObject\",\"inLanguage\":\"es\",\"@id\":\"https:\/\/www.alteacultural.com\/es\/events\/dansa-el-cascanueces-ballet-de-kiev\/#primaryimage\",\"url\":\"https:\/\/www.alteacultural.com\/wp-content\/uploads\/2025\/07\/2026-01-10_ElCascanueces_banner.jpg\",\"contentUrl\":\"https:\/\/www.alteacultural.com\/wp-content\/uploads\/2025\/07\/2026-01-10_ElCascanueces_banner.jpg\",\"width\":1097,\"height\":342},{\"@type\":\"BreadcrumbList\",\"@id\":\"https:\/\/www.alteacultural.com\/es\/events\/dansa-el-cascanueces-ballet-de-kiev\/#breadcrumb\",\"itemListElement\":[{\"@type\":\"ListItem\",\"position\":1,\"name\":\"Inici\",\"item\":\"https:\/\/www.alteacultural.com\/es\/\"},{\"@type\":\"ListItem\",\"position\":2,\"name\":\"Eventos\",\"item\":\"https:\/\/www.alteacultural.com\/es\/events\/\"},{\"@type\":\"ListItem\",\"position\":3,\"name\":\"Danza: El Cascanueces &#8211; Ballet de Kiev\"}]},{\"@type\":\"WebSite\",\"@id\":\"https:\/\/www.alteacultural.com\/es\/#website\",\"url\":\"https:\/\/www.alteacultural.com\/es\/\",\"name\":\"Altea Cultural\",\"description\":\"Regidoria de Cultura de l&#039;Ajuntament d&#039;Altea\",\"potentialAction\":[{\"@type\":\"SearchAction\",\"target\":{\"@type\":\"EntryPoint\",\"urlTemplate\":\"https:\/\/www.alteacultural.com\/es\/?s={search_term_string}\"},\"query-input\":\"required name=search_term_string\"}],\"inLanguage\":\"es\"}]}<\/script>\n<!-- \/ Yoast SEO plugin. -->","yoast_head_json":{"title":"Danza: El Cascanueces - Ballet de Kiev - Altea Cultural","robots":{"index":"index","follow":"follow","max-snippet":"max-snippet:-1","max-image-preview":"max-image-preview:large","max-video-preview":"max-video-preview:-1"},"canonical":"https:\/\/www.alteacultural.com\/es\/events\/dansa-el-cascanueces-ballet-de-kiev\/","og_locale":"es_ES","og_type":"article","og_title":"Danza: El Cascanueces - Ballet de Kiev - Altea Cultural","og_description":"Danza: El Cascanueces &#8211; Ballet de Kiev El Ballet de Kiev nos invita a celebrar la Navidad con uno [&hellip;]","og_url":"https:\/\/www.alteacultural.com\/es\/events\/dansa-el-cascanueces-ballet-de-kiev\/","og_site_name":"Altea Cultural","article_modified_time":"2025-07-10T10:06:31+00:00","og_image":[{"width":1097,"height":342,"url":"https:\/\/www.alteacultural.com\/wp-content\/uploads\/2025\/07\/2026-01-10_ElCascanueces_banner.jpg","type":"image\/jpeg"}],"twitter_card":"summary_large_image","twitter_misc":{"Tiempo de lectura":"2 minutos"},"schema":{"@context":"https:\/\/schema.org","@graph":[{"@type":"WebPage","@id":"https:\/\/www.alteacultural.com\/es\/events\/dansa-el-cascanueces-ballet-de-kiev\/","url":"https:\/\/www.alteacultural.com\/es\/events\/dansa-el-cascanueces-ballet-de-kiev\/","name":"Danza: El Cascanueces - Ballet de Kiev - Altea Cultural","isPartOf":{"@id":"https:\/\/www.alteacultural.com\/es\/#website"},"primaryImageOfPage":{"@id":"https:\/\/www.alteacultural.com\/es\/events\/dansa-el-cascanueces-ballet-de-kiev\/#primaryimage"},"image":{"@id":"https:\/\/www.alteacultural.com\/es\/events\/dansa-el-cascanueces-ballet-de-kiev\/#primaryimage"},"thumbnailUrl":"https:\/\/www.alteacultural.com\/wp-content\/uploads\/2025\/07\/2026-01-10_ElCascanueces_banner.jpg","datePublished":"2025-07-10T10:04:05+00:00","dateModified":"2025-07-10T10:06:31+00:00","breadcrumb":{"@id":"https:\/\/www.alteacultural.com\/es\/events\/dansa-el-cascanueces-ballet-de-kiev\/#breadcrumb"},"inLanguage":"es","potentialAction":[{"@type":"ReadAction","target":["https:\/\/www.alteacultural.com\/es\/events\/dansa-el-cascanueces-ballet-de-kiev\/"]}]},{"@type":"ImageObject","inLanguage":"es","@id":"https:\/\/www.alteacultural.com\/es\/events\/dansa-el-cascanueces-ballet-de-kiev\/#primaryimage","url":"https:\/\/www.alteacultural.com\/wp-content\/uploads\/2025\/07\/2026-01-10_ElCascanueces_banner.jpg","contentUrl":"https:\/\/www.alteacultural.com\/wp-content\/uploads\/2025\/07\/2026-01-10_ElCascanueces_banner.jpg","width":1097,"height":342},{"@type":"BreadcrumbList","@id":"https:\/\/www.alteacultural.com\/es\/events\/dansa-el-cascanueces-ballet-de-kiev\/#breadcrumb","itemListElement":[{"@type":"ListItem","position":1,"name":"Inici","item":"https:\/\/www.alteacultural.com\/es\/"},{"@type":"ListItem","position":2,"name":"Eventos","item":"https:\/\/www.alteacultural.com\/es\/events\/"},{"@type":"ListItem","position":3,"name":"Danza: El Cascanueces &#8211; Ballet de Kiev"}]},{"@type":"WebSite","@id":"https:\/\/www.alteacultural.com\/es\/#website","url":"https:\/\/www.alteacultural.com\/es\/","name":"Altea Cultural","description":"Regidoria de Cultura de l&#039;Ajuntament d&#039;Altea","potentialAction":[{"@type":"SearchAction","target":{"@type":"EntryPoint","urlTemplate":"https:\/\/www.alteacultural.com\/es\/?s={search_term_string}"},"query-input":"required name=search_term_string"}],"inLanguage":"es"}]}},"mec_cost":"37 \u20ac","mec_date":{"start":{"date":"2026-01-10","hour":8,"minutes":"0","ampm":"PM"},"end":{"date":"2026-01-10","hour":9,"minutes":"40","ampm":"PM"},"comment":"","repeat":{"type":"daily","interval":"1","advanced":"","end":"never","end_at_date":"","end_at_occurrences":"10"}},"_links":{"self":[{"href":"https:\/\/www.alteacultural.com\/es\/wp-json\/wp\/v2\/mec-events\/37387"}],"collection":[{"href":"https:\/\/www.alteacultural.com\/es\/wp-json\/wp\/v2\/mec-events"}],"about":[{"href":"https:\/\/www.alteacultural.com\/es\/wp-json\/wp\/v2\/types\/mec-events"}],"author":[{"embeddable":true,"href":"https:\/\/www.alteacultural.com\/es\/wp-json\/wp\/v2\/users\/1"}],"replies":[{"embeddable":true,"href":"https:\/\/www.alteacultural.com\/es\/wp-json\/wp\/v2\/comments?post=37387"}],"wp:featuredmedia":[{"embeddable":true,"href":"https:\/\/www.alteacultural.com\/es\/wp-json\/wp\/v2\/media\/37386"}],"wp:attachment":[{"href":"https:\/\/www.alteacultural.com\/es\/wp-json\/wp\/v2\/media?parent=37387"}],"curies":[{"name":"wp","href":"https:\/\/api.w.org\/{rel}","templated":true}]}}

<p>Danza: El Cascanueces &#8211; Ballet de Kiev</p>
<p>El Ballet de Kiev nos invita a celebrar la Navidad con uno de los ballets más interpretados en todo el mundo. Una obra con música de Tchaikovsky que ha alcanzado popularidad por su encantadora combinación de música, fantasía navideña y una deslumbrante puesta en escena.</p>
<p>Este clásico cuento en el que los juguetes cobran vida nos envuelve en un ambiente tan mágico como festivo, lo que ha hecho que se convierta en uno de los esenciales navideños de los teatros de todo el mundo.</p>
<p>En esta versión colorida y muy emotiva, el Ballet de Kiev sube a escena a los mejores bailarines ucranianos que, desde que iniciara su primera gira por España en 2022, no han dejado de conquistar a los espectadores de nuestro país mostrando la esencia del ballet clásico más puro. Entre su repertorio destacan ballets tan conocidos como El Lago de los Cisnes, La Bella Durmiente, Don Quixote, Giselle, Carmen o Scheherazade.</p>
<p>Entrada 37 €.</p>
<p><img fetchpriority="high" decoding="async" class="aligncenter wp-image-37383" src="https://www.alteacultural.com/wp-content/uploads/2025/07/2026-01-10_ElCascanueces.jpg" alt="" width="750" height="502" srcset="https://www.alteacultural.com/wp-content/uploads/2025/07/2026-01-10_ElCascanueces.jpg 1097w, https://www.alteacultural.com/wp-content/uploads/2025/07/2026-01-10_ElCascanueces-768x514.jpg 768w" sizes="(max-width: 750px) 100vw, 750px" /></p>
