{"id":39195,"date":"2026-01-23T18:35:21","date_gmt":"2026-01-23T17:35:21","guid":{"rendered":"https:\/\/www.alteacultural.com\/events\/creaviva\/"},"modified":"2026-01-23T18:37:15","modified_gmt":"2026-01-23T17:37:15","slug":"creaviva","status":"publish","type":"mec-events","link":"https:\/\/www.alteacultural.com\/es\/events\/creaviva\/","title":{"rendered":"CREAVIVA"},"content":{"rendered":"<p><strong>7-mar | 20:00 h | Palau Altea<\/strong><\/p>\n<p>&nbsp;<\/p>\n<p><strong>CREAVIVA<br \/>\n<\/strong>COMPA\u00d1\u00cdA RAFAELA CARRASCO<strong><br \/>\n<\/strong><\/p>\n<p>&nbsp;<\/p>\n<p>Entrada: 21\u20ac<\/p>\n<p>&nbsp;<\/p>\n<p>Creaviva desea mostrar la realidad del creador en continuo estado de soledad. La frustraci\u00f3n, el desamparo, el tiempo de la nada en contraste con la evocaci\u00f3n de im\u00e1genes como antesala al comienzo de algo, de un algo que acabar\u00e1 encontrando una identidad. Sentirse ebrio de ideas, que ir\u00e1n tomando forma hasta alcanzar un resultado casi siempre impredecible. Ese tiempo en que llega la inspiraci\u00f3n, que se antoja como algo muy personal, subjetivo, que puede partir de lugares inusuales y no siempre es com\u00fan a varias personas, lo que la hace \u00fanica para cada uno de nosotros. Creaviva est\u00e1 compuesta por una suite de nueve piezas con motivos compositivos y pensamiento propio. No estar\u00e1n vinculadas, pero todas formar\u00e1n parte de un concepto com\u00fan. Como base musical contar\u00e1 con cante e instrumentaci\u00f3n en directo, que se unir\u00e1n a piezas compuestas y previamente grabadas, para crear un espacio sonoro en el que convivan el flamenco y aires y ritmos del folclore nacional. Cinco artistas de diferentes disciplinas buscar\u00e1n la esencia de la interpretaci\u00f3n. Junto al dramaturgo y poeta \u00c1lvaro Tato y a los compositores Jes\u00fas Torres, Pablo Mart\u00edn Jones y Antonio Campos, Rafaela Carrasco establece un di\u00e1logo entre las formas y estilos del flamenco, conviviendo con ritmos y sonoridades del folklore tradicional, con diversos textos y poemas de la cultura grecolatina referidos a las musas y sus artes, y convertidos aqu\u00ed en coplas cantadas. Los creadores de este espect\u00e1culo buscan la expresi\u00f3n del movimiento en cada una de ellas, sus s\u00edmbolos y sus tradiciones asociadas, para transmitir en las coreograf\u00edas la esencia de las nueve hermanas: Cal\u00edope, Cl\u00edo, Erato, Euterpe, Melp\u00f3mene, Polimnia, Tal\u00eda, Terps\u00edcore y Urania.<\/p>\n<p>&nbsp;<\/p>\n<p><img fetchpriority=\"high\" decoding=\"async\" class=\"aligncenter wp-image-39191\" src=\"https:\/\/www.alteacultural.com\/wp-content\/uploads\/2026\/01\/2026-03-07_Creaviva.webp\" alt=\"\" width=\"750\" height=\"500\" srcset=\"https:\/\/www.alteacultural.com\/wp-content\/uploads\/2026\/01\/2026-03-07_Creaviva.webp 2250w, https:\/\/www.alteacultural.com\/wp-content\/uploads\/2026\/01\/2026-03-07_Creaviva-768x512.webp 768w, https:\/\/www.alteacultural.com\/wp-content\/uploads\/2026\/01\/2026-03-07_Creaviva-391x260.webp 391w, https:\/\/www.alteacultural.com\/wp-content\/uploads\/2026\/01\/2026-03-07_Creaviva-1536x1024.webp 1536w, https:\/\/www.alteacultural.com\/wp-content\/uploads\/2026\/01\/2026-03-07_Creaviva-2048x1365.webp 2048w\" sizes=\"(max-width: 750px) 100vw, 750px\" \/><\/p>\n","protected":false},"excerpt":{"rendered":"<p>7-mar | 20:00 h | Palau Altea &nbsp; CREAVIVA COMPA\u00d1\u00cdA RAFAELA CARRASCO &nbsp; Entrada: 21\u20ac &nbsp; Creaviva desea mostrar [&hellip;]<\/p>\n","protected":false},"author":1,"featured_media":39194,"comment_status":"open","ping_status":"closed","template":"","meta":{"_expiration-date-status":"","_expiration-date":0,"_expiration-date-type":"","_expiration-date-categories":[],"_expiration-date-options":[]},"yoast_head":"<!-- This site is optimized with the Yoast SEO plugin v22.8 - https:\/\/yoast.com\/wordpress\/plugins\/seo\/ -->\n<title>CREAVIVA - Altea Cultural<\/title>\n<meta name=\"robots\" content=\"index, follow, max-snippet:-1, max-image-preview:large, max-video-preview:-1\" \/>\n<link rel=\"canonical\" href=\"https:\/\/www.alteacultural.com\/es\/events\/creaviva\/\" \/>\n<meta property=\"og:locale\" content=\"es_ES\" \/>\n<meta property=\"og:type\" content=\"article\" \/>\n<meta property=\"og:title\" content=\"CREAVIVA - Altea Cultural\" \/>\n<meta property=\"og:description\" content=\"7-mar | 20:00 h | Palau Altea &nbsp; CREAVIVA COMPA\u00d1\u00cdA RAFAELA CARRASCO &nbsp; Entrada: 21\u20ac &nbsp; Creaviva desea mostrar [&hellip;]\" \/>\n<meta property=\"og:url\" content=\"https:\/\/www.alteacultural.com\/es\/events\/creaviva\/\" \/>\n<meta property=\"og:site_name\" content=\"Altea Cultural\" \/>\n<meta property=\"article:modified_time\" content=\"2026-01-23T17:37:15+00:00\" \/>\n<meta property=\"og:image\" content=\"https:\/\/www.alteacultural.com\/wp-content\/uploads\/2026\/01\/2026-03-07_Creaviva-banner.jpg\" \/>\n\t<meta property=\"og:image:width\" content=\"2250\" \/>\n\t<meta property=\"og:image:height\" content=\"566\" \/>\n\t<meta property=\"og:image:type\" content=\"image\/jpeg\" \/>\n<meta name=\"twitter:card\" content=\"summary_large_image\" \/>\n<meta name=\"twitter:label1\" content=\"Tiempo de lectura\" \/>\n\t<meta name=\"twitter:data1\" content=\"2 minutos\" \/>\n<script type=\"application\/ld+json\" class=\"yoast-schema-graph\">{\"@context\":\"https:\/\/schema.org\",\"@graph\":[{\"@type\":\"WebPage\",\"@id\":\"https:\/\/www.alteacultural.com\/es\/events\/creaviva\/\",\"url\":\"https:\/\/www.alteacultural.com\/es\/events\/creaviva\/\",\"name\":\"CREAVIVA - Altea Cultural\",\"isPartOf\":{\"@id\":\"https:\/\/www.alteacultural.com\/es\/#website\"},\"primaryImageOfPage\":{\"@id\":\"https:\/\/www.alteacultural.com\/es\/events\/creaviva\/#primaryimage\"},\"image\":{\"@id\":\"https:\/\/www.alteacultural.com\/es\/events\/creaviva\/#primaryimage\"},\"thumbnailUrl\":\"https:\/\/www.alteacultural.com\/wp-content\/uploads\/2026\/01\/2026-03-07_Creaviva-banner.jpg\",\"datePublished\":\"2026-01-23T17:35:21+00:00\",\"dateModified\":\"2026-01-23T17:37:15+00:00\",\"breadcrumb\":{\"@id\":\"https:\/\/www.alteacultural.com\/es\/events\/creaviva\/#breadcrumb\"},\"inLanguage\":\"es\",\"potentialAction\":[{\"@type\":\"ReadAction\",\"target\":[\"https:\/\/www.alteacultural.com\/es\/events\/creaviva\/\"]}]},{\"@type\":\"ImageObject\",\"inLanguage\":\"es\",\"@id\":\"https:\/\/www.alteacultural.com\/es\/events\/creaviva\/#primaryimage\",\"url\":\"https:\/\/www.alteacultural.com\/wp-content\/uploads\/2026\/01\/2026-03-07_Creaviva-banner.jpg\",\"contentUrl\":\"https:\/\/www.alteacultural.com\/wp-content\/uploads\/2026\/01\/2026-03-07_Creaviva-banner.jpg\",\"width\":2250,\"height\":566},{\"@type\":\"BreadcrumbList\",\"@id\":\"https:\/\/www.alteacultural.com\/es\/events\/creaviva\/#breadcrumb\",\"itemListElement\":[{\"@type\":\"ListItem\",\"position\":1,\"name\":\"Inici\",\"item\":\"https:\/\/www.alteacultural.com\/es\/\"},{\"@type\":\"ListItem\",\"position\":2,\"name\":\"Eventos\",\"item\":\"https:\/\/www.alteacultural.com\/es\/events\/\"},{\"@type\":\"ListItem\",\"position\":3,\"name\":\"CREAVIVA\"}]},{\"@type\":\"WebSite\",\"@id\":\"https:\/\/www.alteacultural.com\/es\/#website\",\"url\":\"https:\/\/www.alteacultural.com\/es\/\",\"name\":\"Altea Cultural\",\"description\":\"Regidoria de Cultura de l&#039;Ajuntament d&#039;Altea\",\"potentialAction\":[{\"@type\":\"SearchAction\",\"target\":{\"@type\":\"EntryPoint\",\"urlTemplate\":\"https:\/\/www.alteacultural.com\/es\/?s={search_term_string}\"},\"query-input\":\"required name=search_term_string\"}],\"inLanguage\":\"es\"}]}<\/script>\n<!-- \/ Yoast SEO plugin. -->","yoast_head_json":{"title":"CREAVIVA - Altea Cultural","robots":{"index":"index","follow":"follow","max-snippet":"max-snippet:-1","max-image-preview":"max-image-preview:large","max-video-preview":"max-video-preview:-1"},"canonical":"https:\/\/www.alteacultural.com\/es\/events\/creaviva\/","og_locale":"es_ES","og_type":"article","og_title":"CREAVIVA - Altea Cultural","og_description":"7-mar | 20:00 h | Palau Altea &nbsp; CREAVIVA COMPA\u00d1\u00cdA RAFAELA CARRASCO &nbsp; Entrada: 21\u20ac &nbsp; Creaviva desea mostrar [&hellip;]","og_url":"https:\/\/www.alteacultural.com\/es\/events\/creaviva\/","og_site_name":"Altea Cultural","article_modified_time":"2026-01-23T17:37:15+00:00","og_image":[{"width":2250,"height":566,"url":"https:\/\/www.alteacultural.com\/wp-content\/uploads\/2026\/01\/2026-03-07_Creaviva-banner.jpg","type":"image\/jpeg"}],"twitter_card":"summary_large_image","twitter_misc":{"Tiempo de lectura":"2 minutos"},"schema":{"@context":"https:\/\/schema.org","@graph":[{"@type":"WebPage","@id":"https:\/\/www.alteacultural.com\/es\/events\/creaviva\/","url":"https:\/\/www.alteacultural.com\/es\/events\/creaviva\/","name":"CREAVIVA - Altea Cultural","isPartOf":{"@id":"https:\/\/www.alteacultural.com\/es\/#website"},"primaryImageOfPage":{"@id":"https:\/\/www.alteacultural.com\/es\/events\/creaviva\/#primaryimage"},"image":{"@id":"https:\/\/www.alteacultural.com\/es\/events\/creaviva\/#primaryimage"},"thumbnailUrl":"https:\/\/www.alteacultural.com\/wp-content\/uploads\/2026\/01\/2026-03-07_Creaviva-banner.jpg","datePublished":"2026-01-23T17:35:21+00:00","dateModified":"2026-01-23T17:37:15+00:00","breadcrumb":{"@id":"https:\/\/www.alteacultural.com\/es\/events\/creaviva\/#breadcrumb"},"inLanguage":"es","potentialAction":[{"@type":"ReadAction","target":["https:\/\/www.alteacultural.com\/es\/events\/creaviva\/"]}]},{"@type":"ImageObject","inLanguage":"es","@id":"https:\/\/www.alteacultural.com\/es\/events\/creaviva\/#primaryimage","url":"https:\/\/www.alteacultural.com\/wp-content\/uploads\/2026\/01\/2026-03-07_Creaviva-banner.jpg","contentUrl":"https:\/\/www.alteacultural.com\/wp-content\/uploads\/2026\/01\/2026-03-07_Creaviva-banner.jpg","width":2250,"height":566},{"@type":"BreadcrumbList","@id":"https:\/\/www.alteacultural.com\/es\/events\/creaviva\/#breadcrumb","itemListElement":[{"@type":"ListItem","position":1,"name":"Inici","item":"https:\/\/www.alteacultural.com\/es\/"},{"@type":"ListItem","position":2,"name":"Eventos","item":"https:\/\/www.alteacultural.com\/es\/events\/"},{"@type":"ListItem","position":3,"name":"CREAVIVA"}]},{"@type":"WebSite","@id":"https:\/\/www.alteacultural.com\/es\/#website","url":"https:\/\/www.alteacultural.com\/es\/","name":"Altea Cultural","description":"Regidoria de Cultura de l&#039;Ajuntament d&#039;Altea","potentialAction":[{"@type":"SearchAction","target":{"@type":"EntryPoint","urlTemplate":"https:\/\/www.alteacultural.com\/es\/?s={search_term_string}"},"query-input":"required name=search_term_string"}],"inLanguage":"es"}]}},"mec_cost":"21\u20ac","mec_date":{"start":{"date":"2026-03-07","hour":8,"minutes":"0","ampm":"PM"},"end":{"date":"2026-03-07","hour":10,"minutes":"10","ampm":"PM"},"comment":"","repeat":{"type":"daily","interval":"1","advanced":"","end":"never","end_at_date":"","end_at_occurrences":"10"}},"_links":{"self":[{"href":"https:\/\/www.alteacultural.com\/es\/wp-json\/wp\/v2\/mec-events\/39195"}],"collection":[{"href":"https:\/\/www.alteacultural.com\/es\/wp-json\/wp\/v2\/mec-events"}],"about":[{"href":"https:\/\/www.alteacultural.com\/es\/wp-json\/wp\/v2\/types\/mec-events"}],"author":[{"embeddable":true,"href":"https:\/\/www.alteacultural.com\/es\/wp-json\/wp\/v2\/users\/1"}],"replies":[{"embeddable":true,"href":"https:\/\/www.alteacultural.com\/es\/wp-json\/wp\/v2\/comments?post=39195"}],"wp:featuredmedia":[{"embeddable":true,"href":"https:\/\/www.alteacultural.com\/es\/wp-json\/wp\/v2\/media\/39194"}],"wp:attachment":[{"href":"https:\/\/www.alteacultural.com\/es\/wp-json\/wp\/v2\/media?parent=39195"}],"curies":[{"name":"wp","href":"https:\/\/api.w.org\/{rel}","templated":true}]}}

<p><strong>7-mar | 20:00 h | Palau Altea</strong></p>
<p>&nbsp;</p>
<p><strong>CREAVIVA<br />
</strong>COMPAÑÍA RAFAELA CARRASCO<strong><br />
</strong></p>
<p>&nbsp;</p>
<p>Entrada: 21€</p>
<p>&nbsp;</p>
<p>Creaviva desea mostrar la realidad del creador en continuo estado de soledad. La frustración, el desamparo, el tiempo de la nada en contraste con la evocación de imágenes como antesala al comienzo de algo, de un algo que acabará encontrando una identidad. Sentirse ebrio de ideas, que irán tomando forma hasta alcanzar un resultado casi siempre impredecible. Ese tiempo en que llega la inspiración, que se antoja como algo muy personal, subjetivo, que puede partir de lugares inusuales y no siempre es común a varias personas, lo que la hace única para cada uno de nosotros. Creaviva está compuesta por una suite de nueve piezas con motivos compositivos y pensamiento propio. No estarán vinculadas, pero todas formarán parte de un concepto común. Como base musical contará con cante e instrumentación en directo, que se unirán a piezas compuestas y previamente grabadas, para crear un espacio sonoro en el que convivan el flamenco y aires y ritmos del folclore nacional. Cinco artistas de diferentes disciplinas buscarán la esencia de la interpretación. Junto al dramaturgo y poeta Álvaro Tato y a los compositores Jesús Torres, Pablo Martín Jones y Antonio Campos, Rafaela Carrasco establece un diálogo entre las formas y estilos del flamenco, conviviendo con ritmos y sonoridades del folklore tradicional, con diversos textos y poemas de la cultura grecolatina referidos a las musas y sus artes, y convertidos aquí en coplas cantadas. Los creadores de este espectáculo buscan la expresión del movimiento en cada una de ellas, sus símbolos y sus tradiciones asociadas, para transmitir en las coreografías la esencia de las nueve hermanas: Calíope, Clío, Erato, Euterpe, Melpómene, Polimnia, Talía, Terpsícore y Urania.</p>
<p>&nbsp;</p>
<p><img fetchpriority="high" decoding="async" class="aligncenter wp-image-39191" src="https://www.alteacultural.com/wp-content/uploads/2026/01/2026-03-07_Creaviva.webp" alt="" width="750" height="500" srcset="https://www.alteacultural.com/wp-content/uploads/2026/01/2026-03-07_Creaviva.webp 2250w, https://www.alteacultural.com/wp-content/uploads/2026/01/2026-03-07_Creaviva-768x512.webp 768w, https://www.alteacultural.com/wp-content/uploads/2026/01/2026-03-07_Creaviva-391x260.webp 391w, https://www.alteacultural.com/wp-content/uploads/2026/01/2026-03-07_Creaviva-1536x1024.webp 1536w, https://www.alteacultural.com/wp-content/uploads/2026/01/2026-03-07_Creaviva-2048x1365.webp 2048w" sizes="(max-width: 750px) 100vw, 750px" /></p>

<p>7-mar | 20:00 h | Palau Altea &nbsp; CREAVIVA COMPAÑÍA RAFAELA CARRASCO &nbsp; Entrada: 21€ &nbsp; Creaviva desea mostrar [&hellip;]</p>

<!-- This site is optimized with the Yoast SEO plugin v22.8 - https://yoast.com/wordpress/plugins/seo/ -->
<title>CREAVIVA - Altea Cultural</title>
<meta name="robots" content="index, follow, max-snippet:-1, max-image-preview:large, max-video-preview:-1" />
<link rel="canonical" href="https://www.alteacultural.com/es/events/creaviva/" />
<meta property="og:locale" content="es_ES" />
<meta property="og:type" content="article" />
<meta property="og:title" content="CREAVIVA - Altea Cultural" />
<meta property="og:description" content="7-mar | 20:00 h | Palau Altea &nbsp; CREAVIVA COMPAÑÍA RAFAELA CARRASCO &nbsp; Entrada: 21€ &nbsp; Creaviva desea mostrar [&hellip;]" />
<meta property="og:url" content="https://www.alteacultural.com/es/events/creaviva/" />
<meta property="og:site_name" content="Altea Cultural" />
<meta property="article:modified_time" content="2026-01-23T17:37:15+00:00" />
<meta property="og:image" content="https://www.alteacultural.com/wp-content/uploads/2026/01/2026-03-07_Creaviva-banner.jpg" />
	<meta property="og:image:width" content="2250" />
	<meta property="og:image:height" content="566" />
	<meta property="og:image:type" content="image/jpeg" />
<meta name="twitter:card" content="summary_large_image" />
<meta name="twitter:label1" content="Tiempo de lectura" />
	<meta name="twitter:data1" content="2 minutos" />
<script type="application/ld+json" class="yoast-schema-graph">{"@context":"https://schema.org","@graph":[{"@type":"WebPage","@id":"https://www.alteacultural.com/es/events/creaviva/","url":"https://www.alteacultural.com/es/events/creaviva/","name":"CREAVIVA - Altea Cultural","isPartOf":{"@id":"https://www.alteacultural.com/es/#website"},"primaryImageOfPage":{"@id":"https://www.alteacultural.com/es/events/creaviva/#primaryimage"},"image":{"@id":"https://www.alteacultural.com/es/events/creaviva/#primaryimage"},"thumbnailUrl":"https://www.alteacultural.com/wp-content/uploads/2026/01/2026-03-07_Creaviva-banner.jpg","datePublished":"2026-01-23T17:35:21+00:00","dateModified":"2026-01-23T17:37:15+00:00","breadcrumb":{"@id":"https://www.alteacultural.com/es/events/creaviva/#breadcrumb"},"inLanguage":"es","potentialAction":[{"@type":"ReadAction","target":["https://www.alteacultural.com/es/events/creaviva/"]}]},{"@type":"ImageObject","inLanguage":"es","@id":"https://www.alteacultural.com/es/events/creaviva/#primaryimage","url":"https://www.alteacultural.com/wp-content/uploads/2026/01/2026-03-07_Creaviva-banner.jpg","contentUrl":"https://www.alteacultural.com/wp-content/uploads/2026/01/2026-03-07_Creaviva-banner.jpg","width":2250,"height":566},{"@type":"BreadcrumbList","@id":"https://www.alteacultural.com/es/events/creaviva/#breadcrumb","itemListElement":[{"@type":"ListItem","position":1,"name":"Inici","item":"https://www.alteacultural.com/es/"},{"@type":"ListItem","position":2,"name":"Eventos","item":"https://www.alteacultural.com/es/events/"},{"@type":"ListItem","position":3,"name":"CREAVIVA"}]},{"@type":"WebSite","@id":"https://www.alteacultural.com/es/#website","url":"https://www.alteacultural.com/es/","name":"Altea Cultural","description":"Regidoria de Cultura de l&#039;Ajuntament d&#039;Altea","potentialAction":[{"@type":"SearchAction","target":{"@type":"EntryPoint","urlTemplate":"https://www.alteacultural.com/es/?s={search_term_string}"},"query-input":"required name=search_term_string"}],"inLanguage":"es"}]}</script>
<!-- / Yoast SEO plugin. -->

7-mar | 20:00 h | Palau Altea &nbsp; CREAVIVA COMPAÑÍA RAFAELA CARRASCO &nbsp; Entrada: 21€ &nbsp; Creaviva desea mostrar [&hellip;]
