{"id":39807,"date":"2026-03-11T10:28:11","date_gmt":"2026-03-11T09:28:11","guid":{"rendered":"https:\/\/www.alteacultural.com\/events\/concert-musica-en-femeni-flauta-i-piano\/"},"modified":"2026-03-11T10:48:41","modified_gmt":"2026-03-11T09:48:41","slug":"concert-musica-en-femeni-flauta-i-piano","status":"publish","type":"mec-events","link":"https:\/\/www.alteacultural.com\/es\/events\/concert-musica-en-femeni-flauta-i-piano\/","title":{"rendered":"Concierto &#8216;M\u00fasica en femen\u00ed&#8217; (flauta y piano)"},"content":{"rendered":"<p><strong>17-mar | 19:30 h | Casa de Cultura <\/strong><\/p>\n<p><strong>Concierto &#8216;M\u00fasica en femen\u00ed&#8217; (flauta y piano)<\/strong><br \/>\n8M Dia Internacional de la Mujeres<\/p>\n<p>Entrada libre hasta completar aforo<\/p>\n<p>Concierto de la prestigiosa flautista y compositora M. Jos\u00e9 Climent y la pianista Carla G\u00f3mez Pertusa, reivindicando el espacio de las mujeres en el mundo de la m\u00fasica<\/p>\n<p>&nbsp;<\/p>\n<p><img fetchpriority=\"high\" decoding=\"async\" class=\"aligncenter wp-image-39803\" src=\"https:\/\/www.alteacultural.com\/wp-content\/uploads\/2026\/03\/2026-03-17-Concert-Musica-en-femeni-flauta-i-piano.jpeg\" alt=\"\" width=\"700\" height=\"990\" srcset=\"https:\/\/www.alteacultural.com\/wp-content\/uploads\/2026\/03\/2026-03-17-Concert-Musica-en-femeni-flauta-i-piano.jpeg 1131w, https:\/\/www.alteacultural.com\/wp-content\/uploads\/2026\/03\/2026-03-17-Concert-Musica-en-femeni-flauta-i-piano-768x1086.jpeg 768w, https:\/\/www.alteacultural.com\/wp-content\/uploads\/2026\/03\/2026-03-17-Concert-Musica-en-femeni-flauta-i-piano-1086x1536.jpeg 1086w\" sizes=\"(max-width: 700px) 100vw, 700px\" \/><\/p>\n","protected":false},"excerpt":{"rendered":"<p>17-mar | 19:30 h | Casa de Cultura Concierto &#8216;M\u00fasica en femen\u00ed&#8217; (flauta y piano) 8M Dia Internacional de [&hellip;]<\/p>\n","protected":false},"author":1,"featured_media":39806,"comment_status":"open","ping_status":"closed","template":"","meta":{"_expiration-date-status":"","_expiration-date":0,"_expiration-date-type":"","_expiration-date-categories":[],"_expiration-date-options":[]},"yoast_head":"<!-- This site is optimized with the Yoast SEO plugin v22.8 - https:\/\/yoast.com\/wordpress\/plugins\/seo\/ -->\n<title>Concierto &#039;M\u00fasica en femen\u00ed&#039; (flauta y piano) - Altea Cultural<\/title>\n<meta name=\"robots\" content=\"index, follow, max-snippet:-1, max-image-preview:large, max-video-preview:-1\" \/>\n<link rel=\"canonical\" href=\"https:\/\/www.alteacultural.com\/es\/events\/concert-musica-en-femeni-flauta-i-piano\/\" \/>\n<meta property=\"og:locale\" content=\"es_ES\" \/>\n<meta property=\"og:type\" content=\"article\" \/>\n<meta property=\"og:title\" content=\"Concierto &#039;M\u00fasica en femen\u00ed&#039; (flauta y piano) - Altea Cultural\" \/>\n<meta property=\"og:description\" content=\"17-mar | 19:30 h | Casa de Cultura Concierto &#8216;M\u00fasica en femen\u00ed&#8217; (flauta y piano) 8M Dia Internacional de [&hellip;]\" \/>\n<meta property=\"og:url\" content=\"https:\/\/www.alteacultural.com\/es\/events\/concert-musica-en-femeni-flauta-i-piano\/\" \/>\n<meta property=\"og:site_name\" content=\"Altea Cultural\" \/>\n<meta property=\"article:modified_time\" content=\"2026-03-11T09:48:41+00:00\" \/>\n<meta property=\"og:image\" content=\"https:\/\/www.alteacultural.com\/wp-content\/uploads\/2026\/03\/2026-03-17-Concert-Musica-en-femeni-flauta-i-piano_banner.jpg\" \/>\n\t<meta property=\"og:image:width\" content=\"1128\" \/>\n\t<meta property=\"og:image:height\" content=\"513\" \/>\n\t<meta property=\"og:image:type\" content=\"image\/jpeg\" \/>\n<meta name=\"twitter:card\" content=\"summary_large_image\" \/>\n<meta name=\"twitter:label1\" content=\"Tiempo de lectura\" \/>\n\t<meta name=\"twitter:data1\" content=\"1 minuto\" \/>\n<script type=\"application\/ld+json\" class=\"yoast-schema-graph\">{\"@context\":\"https:\/\/schema.org\",\"@graph\":[{\"@type\":\"WebPage\",\"@id\":\"https:\/\/www.alteacultural.com\/es\/events\/concert-musica-en-femeni-flauta-i-piano\/\",\"url\":\"https:\/\/www.alteacultural.com\/es\/events\/concert-musica-en-femeni-flauta-i-piano\/\",\"name\":\"Concierto 'M\u00fasica en femen\u00ed' (flauta y piano) - Altea Cultural\",\"isPartOf\":{\"@id\":\"https:\/\/www.alteacultural.com\/es\/#website\"},\"primaryImageOfPage\":{\"@id\":\"https:\/\/www.alteacultural.com\/es\/events\/concert-musica-en-femeni-flauta-i-piano\/#primaryimage\"},\"image\":{\"@id\":\"https:\/\/www.alteacultural.com\/es\/events\/concert-musica-en-femeni-flauta-i-piano\/#primaryimage\"},\"thumbnailUrl\":\"https:\/\/www.alteacultural.com\/wp-content\/uploads\/2026\/03\/2026-03-17-Concert-Musica-en-femeni-flauta-i-piano_banner.jpg\",\"datePublished\":\"2026-03-11T09:28:11+00:00\",\"dateModified\":\"2026-03-11T09:48:41+00:00\",\"breadcrumb\":{\"@id\":\"https:\/\/www.alteacultural.com\/es\/events\/concert-musica-en-femeni-flauta-i-piano\/#breadcrumb\"},\"inLanguage\":\"es\",\"potentialAction\":[{\"@type\":\"ReadAction\",\"target\":[\"https:\/\/www.alteacultural.com\/es\/events\/concert-musica-en-femeni-flauta-i-piano\/\"]}]},{\"@type\":\"ImageObject\",\"inLanguage\":\"es\",\"@id\":\"https:\/\/www.alteacultural.com\/es\/events\/concert-musica-en-femeni-flauta-i-piano\/#primaryimage\",\"url\":\"https:\/\/www.alteacultural.com\/wp-content\/uploads\/2026\/03\/2026-03-17-Concert-Musica-en-femeni-flauta-i-piano_banner.jpg\",\"contentUrl\":\"https:\/\/www.alteacultural.com\/wp-content\/uploads\/2026\/03\/2026-03-17-Concert-Musica-en-femeni-flauta-i-piano_banner.jpg\",\"width\":1128,\"height\":513},{\"@type\":\"BreadcrumbList\",\"@id\":\"https:\/\/www.alteacultural.com\/es\/events\/concert-musica-en-femeni-flauta-i-piano\/#breadcrumb\",\"itemListElement\":[{\"@type\":\"ListItem\",\"position\":1,\"name\":\"Inici\",\"item\":\"https:\/\/www.alteacultural.com\/es\/\"},{\"@type\":\"ListItem\",\"position\":2,\"name\":\"Eventos\",\"item\":\"https:\/\/www.alteacultural.com\/es\/events\/\"},{\"@type\":\"ListItem\",\"position\":3,\"name\":\"Concierto &#8216;M\u00fasica en femen\u00ed&#8217; (flauta y piano)\"}]},{\"@type\":\"WebSite\",\"@id\":\"https:\/\/www.alteacultural.com\/es\/#website\",\"url\":\"https:\/\/www.alteacultural.com\/es\/\",\"name\":\"Altea Cultural\",\"description\":\"Regidoria de Cultura de l&#039;Ajuntament d&#039;Altea\",\"potentialAction\":[{\"@type\":\"SearchAction\",\"target\":{\"@type\":\"EntryPoint\",\"urlTemplate\":\"https:\/\/www.alteacultural.com\/es\/?s={search_term_string}\"},\"query-input\":\"required name=search_term_string\"}],\"inLanguage\":\"es\"}]}<\/script>\n<!-- \/ Yoast SEO plugin. -->","yoast_head_json":{"title":"Concierto 'M\u00fasica en femen\u00ed' (flauta y piano) - Altea Cultural","robots":{"index":"index","follow":"follow","max-snippet":"max-snippet:-1","max-image-preview":"max-image-preview:large","max-video-preview":"max-video-preview:-1"},"canonical":"https:\/\/www.alteacultural.com\/es\/events\/concert-musica-en-femeni-flauta-i-piano\/","og_locale":"es_ES","og_type":"article","og_title":"Concierto 'M\u00fasica en femen\u00ed' (flauta y piano) - Altea Cultural","og_description":"17-mar | 19:30 h | Casa de Cultura Concierto &#8216;M\u00fasica en femen\u00ed&#8217; (flauta y piano) 8M Dia Internacional de [&hellip;]","og_url":"https:\/\/www.alteacultural.com\/es\/events\/concert-musica-en-femeni-flauta-i-piano\/","og_site_name":"Altea Cultural","article_modified_time":"2026-03-11T09:48:41+00:00","og_image":[{"width":1128,"height":513,"url":"https:\/\/www.alteacultural.com\/wp-content\/uploads\/2026\/03\/2026-03-17-Concert-Musica-en-femeni-flauta-i-piano_banner.jpg","type":"image\/jpeg"}],"twitter_card":"summary_large_image","twitter_misc":{"Tiempo de lectura":"1 minuto"},"schema":{"@context":"https:\/\/schema.org","@graph":[{"@type":"WebPage","@id":"https:\/\/www.alteacultural.com\/es\/events\/concert-musica-en-femeni-flauta-i-piano\/","url":"https:\/\/www.alteacultural.com\/es\/events\/concert-musica-en-femeni-flauta-i-piano\/","name":"Concierto 'M\u00fasica en femen\u00ed' (flauta y piano) - Altea Cultural","isPartOf":{"@id":"https:\/\/www.alteacultural.com\/es\/#website"},"primaryImageOfPage":{"@id":"https:\/\/www.alteacultural.com\/es\/events\/concert-musica-en-femeni-flauta-i-piano\/#primaryimage"},"image":{"@id":"https:\/\/www.alteacultural.com\/es\/events\/concert-musica-en-femeni-flauta-i-piano\/#primaryimage"},"thumbnailUrl":"https:\/\/www.alteacultural.com\/wp-content\/uploads\/2026\/03\/2026-03-17-Concert-Musica-en-femeni-flauta-i-piano_banner.jpg","datePublished":"2026-03-11T09:28:11+00:00","dateModified":"2026-03-11T09:48:41+00:00","breadcrumb":{"@id":"https:\/\/www.alteacultural.com\/es\/events\/concert-musica-en-femeni-flauta-i-piano\/#breadcrumb"},"inLanguage":"es","potentialAction":[{"@type":"ReadAction","target":["https:\/\/www.alteacultural.com\/es\/events\/concert-musica-en-femeni-flauta-i-piano\/"]}]},{"@type":"ImageObject","inLanguage":"es","@id":"https:\/\/www.alteacultural.com\/es\/events\/concert-musica-en-femeni-flauta-i-piano\/#primaryimage","url":"https:\/\/www.alteacultural.com\/wp-content\/uploads\/2026\/03\/2026-03-17-Concert-Musica-en-femeni-flauta-i-piano_banner.jpg","contentUrl":"https:\/\/www.alteacultural.com\/wp-content\/uploads\/2026\/03\/2026-03-17-Concert-Musica-en-femeni-flauta-i-piano_banner.jpg","width":1128,"height":513},{"@type":"BreadcrumbList","@id":"https:\/\/www.alteacultural.com\/es\/events\/concert-musica-en-femeni-flauta-i-piano\/#breadcrumb","itemListElement":[{"@type":"ListItem","position":1,"name":"Inici","item":"https:\/\/www.alteacultural.com\/es\/"},{"@type":"ListItem","position":2,"name":"Eventos","item":"https:\/\/www.alteacultural.com\/es\/events\/"},{"@type":"ListItem","position":3,"name":"Concierto &#8216;M\u00fasica en femen\u00ed&#8217; (flauta y piano)"}]},{"@type":"WebSite","@id":"https:\/\/www.alteacultural.com\/es\/#website","url":"https:\/\/www.alteacultural.com\/es\/","name":"Altea Cultural","description":"Regidoria de Cultura de l&#039;Ajuntament d&#039;Altea","potentialAction":[{"@type":"SearchAction","target":{"@type":"EntryPoint","urlTemplate":"https:\/\/www.alteacultural.com\/es\/?s={search_term_string}"},"query-input":"required name=search_term_string"}],"inLanguage":"es"}]}},"mec_cost":"Entrada libre y gratuita","mec_date":{"start":{"date":"2026-03-17","hour":7,"minutes":"30","ampm":"PM"},"end":{"date":"2026-03-17","hour":8,"minutes":"45","ampm":"PM"},"comment":"","repeat":{"type":"daily","interval":"1","advanced":"","end":"never","end_at_date":"","end_at_occurrences":"10"}},"_links":{"self":[{"href":"https:\/\/www.alteacultural.com\/es\/wp-json\/wp\/v2\/mec-events\/39807"}],"collection":[{"href":"https:\/\/www.alteacultural.com\/es\/wp-json\/wp\/v2\/mec-events"}],"about":[{"href":"https:\/\/www.alteacultural.com\/es\/wp-json\/wp\/v2\/types\/mec-events"}],"author":[{"embeddable":true,"href":"https:\/\/www.alteacultural.com\/es\/wp-json\/wp\/v2\/users\/1"}],"replies":[{"embeddable":true,"href":"https:\/\/www.alteacultural.com\/es\/wp-json\/wp\/v2\/comments?post=39807"}],"wp:featuredmedia":[{"embeddable":true,"href":"https:\/\/www.alteacultural.com\/es\/wp-json\/wp\/v2\/media\/39806"}],"wp:attachment":[{"href":"https:\/\/www.alteacultural.com\/es\/wp-json\/wp\/v2\/media?parent=39807"}],"curies":[{"name":"wp","href":"https:\/\/api.w.org\/{rel}","templated":true}]}}

Concierto &#8216;Música en femení&#8217; (flauta y piano)

<p><strong>17-mar | 19:30 h | Casa de Cultura </strong></p>
<p><strong>Concierto &#8216;Música en femení&#8217; (flauta y piano)</strong><br />
8M Dia Internacional de la Mujeres</p>
<p>Entrada libre hasta completar aforo</p>
<p>Concierto de la prestigiosa flautista y compositora M. José Climent y la pianista Carla Gómez Pertusa, reivindicando el espacio de las mujeres en el mundo de la música</p>
<p>&nbsp;</p>
<p><img fetchpriority="high" decoding="async" class="aligncenter wp-image-39803" src="https://www.alteacultural.com/wp-content/uploads/2026/03/2026-03-17-Concert-Musica-en-femeni-flauta-i-piano.jpeg" alt="" width="700" height="990" srcset="https://www.alteacultural.com/wp-content/uploads/2026/03/2026-03-17-Concert-Musica-en-femeni-flauta-i-piano.jpeg 1131w, https://www.alteacultural.com/wp-content/uploads/2026/03/2026-03-17-Concert-Musica-en-femeni-flauta-i-piano-768x1086.jpeg 768w, https://www.alteacultural.com/wp-content/uploads/2026/03/2026-03-17-Concert-Musica-en-femeni-flauta-i-piano-1086x1536.jpeg 1086w" sizes="(max-width: 700px) 100vw, 700px" /></p>

<p>17-mar | 19:30 h | Casa de Cultura Concierto &#8216;Música en femení&#8217; (flauta y piano) 8M Dia Internacional de [&hellip;]</p>

<!-- This site is optimized with the Yoast SEO plugin v22.8 - https://yoast.com/wordpress/plugins/seo/ -->
<title>Concierto &#039;Música en femení&#039; (flauta y piano) - Altea Cultural</title>
<meta name="robots" content="index, follow, max-snippet:-1, max-image-preview:large, max-video-preview:-1" />
<link rel="canonical" href="https://www.alteacultural.com/es/events/concert-musica-en-femeni-flauta-i-piano/" />
<meta property="og:locale" content="es_ES" />
<meta property="og:type" content="article" />
<meta property="og:title" content="Concierto &#039;Música en femení&#039; (flauta y piano) - Altea Cultural" />
<meta property="og:description" content="17-mar | 19:30 h | Casa de Cultura Concierto &#8216;Música en femení&#8217; (flauta y piano) 8M Dia Internacional de [&hellip;]" />
<meta property="og:url" content="https://www.alteacultural.com/es/events/concert-musica-en-femeni-flauta-i-piano/" />
<meta property="og:site_name" content="Altea Cultural" />
<meta property="article:modified_time" content="2026-03-11T09:48:41+00:00" />
<meta property="og:image" content="https://www.alteacultural.com/wp-content/uploads/2026/03/2026-03-17-Concert-Musica-en-femeni-flauta-i-piano_banner.jpg" />
	<meta property="og:image:width" content="1128" />
	<meta property="og:image:height" content="513" />
	<meta property="og:image:type" content="image/jpeg" />
<meta name="twitter:card" content="summary_large_image" />
<meta name="twitter:label1" content="Tiempo de lectura" />
	<meta name="twitter:data1" content="1 minuto" />
<script type="application/ld+json" class="yoast-schema-graph">{"@context":"https://schema.org","@graph":[{"@type":"WebPage","@id":"https://www.alteacultural.com/es/events/concert-musica-en-femeni-flauta-i-piano/","url":"https://www.alteacultural.com/es/events/concert-musica-en-femeni-flauta-i-piano/","name":"Concierto 'Música en femení' (flauta y piano) - Altea Cultural","isPartOf":{"@id":"https://www.alteacultural.com/es/#website"},"primaryImageOfPage":{"@id":"https://www.alteacultural.com/es/events/concert-musica-en-femeni-flauta-i-piano/#primaryimage"},"image":{"@id":"https://www.alteacultural.com/es/events/concert-musica-en-femeni-flauta-i-piano/#primaryimage"},"thumbnailUrl":"https://www.alteacultural.com/wp-content/uploads/2026/03/2026-03-17-Concert-Musica-en-femeni-flauta-i-piano_banner.jpg","datePublished":"2026-03-11T09:28:11+00:00","dateModified":"2026-03-11T09:48:41+00:00","breadcrumb":{"@id":"https://www.alteacultural.com/es/events/concert-musica-en-femeni-flauta-i-piano/#breadcrumb"},"inLanguage":"es","potentialAction":[{"@type":"ReadAction","target":["https://www.alteacultural.com/es/events/concert-musica-en-femeni-flauta-i-piano/"]}]},{"@type":"ImageObject","inLanguage":"es","@id":"https://www.alteacultural.com/es/events/concert-musica-en-femeni-flauta-i-piano/#primaryimage","url":"https://www.alteacultural.com/wp-content/uploads/2026/03/2026-03-17-Concert-Musica-en-femeni-flauta-i-piano_banner.jpg","contentUrl":"https://www.alteacultural.com/wp-content/uploads/2026/03/2026-03-17-Concert-Musica-en-femeni-flauta-i-piano_banner.jpg","width":1128,"height":513},{"@type":"BreadcrumbList","@id":"https://www.alteacultural.com/es/events/concert-musica-en-femeni-flauta-i-piano/#breadcrumb","itemListElement":[{"@type":"ListItem","position":1,"name":"Inici","item":"https://www.alteacultural.com/es/"},{"@type":"ListItem","position":2,"name":"Eventos","item":"https://www.alteacultural.com/es/events/"},{"@type":"ListItem","position":3,"name":"Concierto &#8216;Música en femení&#8217; (flauta y piano)"}]},{"@type":"WebSite","@id":"https://www.alteacultural.com/es/#website","url":"https://www.alteacultural.com/es/","name":"Altea Cultural","description":"Regidoria de Cultura de l&#039;Ajuntament d&#039;Altea","potentialAction":[{"@type":"SearchAction","target":{"@type":"EntryPoint","urlTemplate":"https://www.alteacultural.com/es/?s={search_term_string}"},"query-input":"required name=search_term_string"}],"inLanguage":"es"}]}</script>
<!-- / Yoast SEO plugin. -->

Concierto 'Música en femení' (flauta y piano) - Altea Cultural

17-mar | 19:30 h | Casa de Cultura Concierto &#8216;Música en femení&#8217; (flauta y piano) 8M Dia Internacional de [&hellip;]
