{"id":40293,"date":"2026-04-25T12:49:05","date_gmt":"2026-04-25T10:49:05","guid":{"rendered":"https:\/\/www.alteacultural.com\/events\/idols-la-revolucion-k-pop-las-guardianas-del-ritmo\/"},"modified":"2026-04-25T13:05:28","modified_gmt":"2026-04-25T11:05:28","slug":"idols-la-revolucion-k-pop-las-guardianas-del-ritmo","status":"publish","type":"mec-events","link":"https:\/\/www.alteacultural.com\/es\/events\/idols-la-revolucion-k-pop-las-guardianas-del-ritmo\/","title":{"rendered":"IDOLS-LA REVOLUCI\u00d3N K-POP \u201cLAS GUARDIANAS DEL RITMO\u201d"},"content":{"rendered":"<p>30-abr | 18:00 h | Palau Altea<\/p>\n<p>IDOLS-LA REVOLUCI\u00d3N K-POP \u201cLAS GUARDIANAS DEL RITMO\u201d<\/p>\n<p>Entrada: 13-25 \u20ac.<\/p>\n<p>M\u00fasica para todos los p\u00fablicos.<\/p>\n<p>Inspirado en la est\u00e9tica vibrante de las grandes producciones internacionales e incluyendo el universo visual del film, IDOLS &#8211; LA REVOLUCI\u00d3N K-POP \u201cLAS GUERRERAS DEL RITMO\u201d es un espect\u00e1culo que fusiona m\u00fasica, narrativa y poder esc\u00e9nico y visual en una experiencia \u00fanica. Tres protagonistas, 7 idols, con las voces en directo y excelentes interpretaciones, que nos transportar\u00e1n a una revoluci\u00f3n esc\u00e9nica.\/\/ Con la garant\u00eda art\u00edstica de CTME, compa\u00f1\u00eda referente del teatro musical (los creadores del exitoso musical de Coco \u201cRecu\u00e9rdame\u201d), y de la mano de Vol Music Events.\/\/ En un futuro donde el ritmo ha sido silenciado y la m\u00fasica convertida en arma, tres j\u00f3venes artistas se rebelan contra los seres demon\u00edacos. Unidas por el poder del K-POP, descubren que su talento no solo puede emocionar\u2026 tambi\u00e9n puede liberar. En definitiva, una historia de fuerza e identidad, y una verdadera revoluci\u00f3n sonora y visual.<\/p>\n","protected":false},"excerpt":{"rendered":"<p>30-abr | 18:00 h | Palau Altea IDOLS-LA REVOLUCI\u00d3N K-POP \u201cLAS GUARDIANAS DEL RITMO\u201d Entrada: 13-25 \u20ac. M\u00fasica para [&hellip;]<\/p>\n","protected":false},"author":1,"featured_media":40292,"comment_status":"open","ping_status":"closed","template":"","meta":{"_expiration-date-status":"","_expiration-date":0,"_expiration-date-type":"","_expiration-date-categories":[],"_expiration-date-options":[]},"yoast_head":"<!-- This site is optimized with the Yoast SEO plugin v22.8 - https:\/\/yoast.com\/wordpress\/plugins\/seo\/ -->\n<title>IDOLS-LA REVOLUCI\u00d3N K-POP \u201cLAS GUARDIANAS DEL RITMO\u201d - Altea Cultural<\/title>\n<meta name=\"robots\" content=\"index, follow, max-snippet:-1, max-image-preview:large, max-video-preview:-1\" \/>\n<link rel=\"canonical\" href=\"https:\/\/www.alteacultural.com\/es\/events\/idols-la-revolucion-k-pop-las-guardianas-del-ritmo\/\" \/>\n<meta property=\"og:locale\" content=\"es_ES\" \/>\n<meta property=\"og:type\" content=\"article\" \/>\n<meta property=\"og:title\" content=\"IDOLS-LA REVOLUCI\u00d3N K-POP \u201cLAS GUARDIANAS DEL RITMO\u201d - Altea Cultural\" \/>\n<meta property=\"og:description\" content=\"30-abr | 18:00 h | Palau Altea IDOLS-LA REVOLUCI\u00d3N K-POP \u201cLAS GUARDIANAS DEL RITMO\u201d Entrada: 13-25 \u20ac. M\u00fasica para [&hellip;]\" \/>\n<meta property=\"og:url\" content=\"https:\/\/www.alteacultural.com\/es\/events\/idols-la-revolucion-k-pop-las-guardianas-del-ritmo\/\" \/>\n<meta property=\"og:site_name\" content=\"Altea Cultural\" \/>\n<meta property=\"article:modified_time\" content=\"2026-04-25T11:05:28+00:00\" \/>\n<meta property=\"og:image\" content=\"https:\/\/www.alteacultural.com\/wp-content\/uploads\/2026\/04\/idols-las-guardianas.webp\" \/>\n\t<meta property=\"og:image:width\" content=\"1100\" \/>\n\t<meta property=\"og:image:height\" content=\"733\" \/>\n\t<meta property=\"og:image:type\" content=\"image\/webp\" \/>\n<meta name=\"twitter:card\" content=\"summary_large_image\" \/>\n<meta name=\"twitter:label1\" content=\"Tiempo de lectura\" \/>\n\t<meta name=\"twitter:data1\" content=\"2 minutos\" \/>\n<script type=\"application\/ld+json\" class=\"yoast-schema-graph\">{\"@context\":\"https:\/\/schema.org\",\"@graph\":[{\"@type\":\"WebPage\",\"@id\":\"https:\/\/www.alteacultural.com\/es\/events\/idols-la-revolucion-k-pop-las-guardianas-del-ritmo\/\",\"url\":\"https:\/\/www.alteacultural.com\/es\/events\/idols-la-revolucion-k-pop-las-guardianas-del-ritmo\/\",\"name\":\"IDOLS-LA REVOLUCI\u00d3N K-POP \u201cLAS GUARDIANAS DEL RITMO\u201d - Altea Cultural\",\"isPartOf\":{\"@id\":\"https:\/\/www.alteacultural.com\/es\/#website\"},\"primaryImageOfPage\":{\"@id\":\"https:\/\/www.alteacultural.com\/es\/events\/idols-la-revolucion-k-pop-las-guardianas-del-ritmo\/#primaryimage\"},\"image\":{\"@id\":\"https:\/\/www.alteacultural.com\/es\/events\/idols-la-revolucion-k-pop-las-guardianas-del-ritmo\/#primaryimage\"},\"thumbnailUrl\":\"https:\/\/www.alteacultural.com\/wp-content\/uploads\/2026\/04\/idols-las-guardianas.webp\",\"datePublished\":\"2026-04-25T10:49:05+00:00\",\"dateModified\":\"2026-04-25T11:05:28+00:00\",\"breadcrumb\":{\"@id\":\"https:\/\/www.alteacultural.com\/es\/events\/idols-la-revolucion-k-pop-las-guardianas-del-ritmo\/#breadcrumb\"},\"inLanguage\":\"es\",\"potentialAction\":[{\"@type\":\"ReadAction\",\"target\":[\"https:\/\/www.alteacultural.com\/es\/events\/idols-la-revolucion-k-pop-las-guardianas-del-ritmo\/\"]}]},{\"@type\":\"ImageObject\",\"inLanguage\":\"es\",\"@id\":\"https:\/\/www.alteacultural.com\/es\/events\/idols-la-revolucion-k-pop-las-guardianas-del-ritmo\/#primaryimage\",\"url\":\"https:\/\/www.alteacultural.com\/wp-content\/uploads\/2026\/04\/idols-las-guardianas.webp\",\"contentUrl\":\"https:\/\/www.alteacultural.com\/wp-content\/uploads\/2026\/04\/idols-las-guardianas.webp\",\"width\":1100,\"height\":733},{\"@type\":\"BreadcrumbList\",\"@id\":\"https:\/\/www.alteacultural.com\/es\/events\/idols-la-revolucion-k-pop-las-guardianas-del-ritmo\/#breadcrumb\",\"itemListElement\":[{\"@type\":\"ListItem\",\"position\":1,\"name\":\"Inici\",\"item\":\"https:\/\/www.alteacultural.com\/es\/\"},{\"@type\":\"ListItem\",\"position\":2,\"name\":\"Eventos\",\"item\":\"https:\/\/www.alteacultural.com\/es\/events\/\"},{\"@type\":\"ListItem\",\"position\":3,\"name\":\"IDOLS-LA REVOLUCI\u00d3N K-POP \u201cLAS GUARDIANAS DEL RITMO\u201d\"}]},{\"@type\":\"WebSite\",\"@id\":\"https:\/\/www.alteacultural.com\/es\/#website\",\"url\":\"https:\/\/www.alteacultural.com\/es\/\",\"name\":\"Altea Cultural\",\"description\":\"Regidoria de Cultura de l&#039;Ajuntament d&#039;Altea\",\"potentialAction\":[{\"@type\":\"SearchAction\",\"target\":{\"@type\":\"EntryPoint\",\"urlTemplate\":\"https:\/\/www.alteacultural.com\/es\/?s={search_term_string}\"},\"query-input\":\"required name=search_term_string\"}],\"inLanguage\":\"es\"}]}<\/script>\n<!-- \/ Yoast SEO plugin. -->","yoast_head_json":{"title":"IDOLS-LA REVOLUCI\u00d3N K-POP \u201cLAS GUARDIANAS DEL RITMO\u201d - Altea Cultural","robots":{"index":"index","follow":"follow","max-snippet":"max-snippet:-1","max-image-preview":"max-image-preview:large","max-video-preview":"max-video-preview:-1"},"canonical":"https:\/\/www.alteacultural.com\/es\/events\/idols-la-revolucion-k-pop-las-guardianas-del-ritmo\/","og_locale":"es_ES","og_type":"article","og_title":"IDOLS-LA REVOLUCI\u00d3N K-POP \u201cLAS GUARDIANAS DEL RITMO\u201d - Altea Cultural","og_description":"30-abr | 18:00 h | Palau Altea IDOLS-LA REVOLUCI\u00d3N K-POP \u201cLAS GUARDIANAS DEL RITMO\u201d Entrada: 13-25 \u20ac. M\u00fasica para [&hellip;]","og_url":"https:\/\/www.alteacultural.com\/es\/events\/idols-la-revolucion-k-pop-las-guardianas-del-ritmo\/","og_site_name":"Altea Cultural","article_modified_time":"2026-04-25T11:05:28+00:00","og_image":[{"width":1100,"height":733,"url":"https:\/\/www.alteacultural.com\/wp-content\/uploads\/2026\/04\/idols-las-guardianas.webp","type":"image\/webp"}],"twitter_card":"summary_large_image","twitter_misc":{"Tiempo de lectura":"2 minutos"},"schema":{"@context":"https:\/\/schema.org","@graph":[{"@type":"WebPage","@id":"https:\/\/www.alteacultural.com\/es\/events\/idols-la-revolucion-k-pop-las-guardianas-del-ritmo\/","url":"https:\/\/www.alteacultural.com\/es\/events\/idols-la-revolucion-k-pop-las-guardianas-del-ritmo\/","name":"IDOLS-LA REVOLUCI\u00d3N K-POP \u201cLAS GUARDIANAS DEL RITMO\u201d - Altea Cultural","isPartOf":{"@id":"https:\/\/www.alteacultural.com\/es\/#website"},"primaryImageOfPage":{"@id":"https:\/\/www.alteacultural.com\/es\/events\/idols-la-revolucion-k-pop-las-guardianas-del-ritmo\/#primaryimage"},"image":{"@id":"https:\/\/www.alteacultural.com\/es\/events\/idols-la-revolucion-k-pop-las-guardianas-del-ritmo\/#primaryimage"},"thumbnailUrl":"https:\/\/www.alteacultural.com\/wp-content\/uploads\/2026\/04\/idols-las-guardianas.webp","datePublished":"2026-04-25T10:49:05+00:00","dateModified":"2026-04-25T11:05:28+00:00","breadcrumb":{"@id":"https:\/\/www.alteacultural.com\/es\/events\/idols-la-revolucion-k-pop-las-guardianas-del-ritmo\/#breadcrumb"},"inLanguage":"es","potentialAction":[{"@type":"ReadAction","target":["https:\/\/www.alteacultural.com\/es\/events\/idols-la-revolucion-k-pop-las-guardianas-del-ritmo\/"]}]},{"@type":"ImageObject","inLanguage":"es","@id":"https:\/\/www.alteacultural.com\/es\/events\/idols-la-revolucion-k-pop-las-guardianas-del-ritmo\/#primaryimage","url":"https:\/\/www.alteacultural.com\/wp-content\/uploads\/2026\/04\/idols-las-guardianas.webp","contentUrl":"https:\/\/www.alteacultural.com\/wp-content\/uploads\/2026\/04\/idols-las-guardianas.webp","width":1100,"height":733},{"@type":"BreadcrumbList","@id":"https:\/\/www.alteacultural.com\/es\/events\/idols-la-revolucion-k-pop-las-guardianas-del-ritmo\/#breadcrumb","itemListElement":[{"@type":"ListItem","position":1,"name":"Inici","item":"https:\/\/www.alteacultural.com\/es\/"},{"@type":"ListItem","position":2,"name":"Eventos","item":"https:\/\/www.alteacultural.com\/es\/events\/"},{"@type":"ListItem","position":3,"name":"IDOLS-LA REVOLUCI\u00d3N K-POP \u201cLAS GUARDIANAS DEL RITMO\u201d"}]},{"@type":"WebSite","@id":"https:\/\/www.alteacultural.com\/es\/#website","url":"https:\/\/www.alteacultural.com\/es\/","name":"Altea Cultural","description":"Regidoria de Cultura de l&#039;Ajuntament d&#039;Altea","potentialAction":[{"@type":"SearchAction","target":{"@type":"EntryPoint","urlTemplate":"https:\/\/www.alteacultural.com\/es\/?s={search_term_string}"},"query-input":"required name=search_term_string"}],"inLanguage":"es"}]}},"mec_cost":"13-25 \u20ac","mec_date":{"start":{"date":"2026-04-30","hour":6,"minutes":"0","ampm":"PM"},"end":{"date":"2026-04-30","hour":7,"minutes":"30","ampm":"PM"},"comment":"","repeat":{"type":"daily","interval":"1","advanced":"","end":"never","end_at_date":"","end_at_occurrences":"10"}},"_links":{"self":[{"href":"https:\/\/www.alteacultural.com\/es\/wp-json\/wp\/v2\/mec-events\/40293"}],"collection":[{"href":"https:\/\/www.alteacultural.com\/es\/wp-json\/wp\/v2\/mec-events"}],"about":[{"href":"https:\/\/www.alteacultural.com\/es\/wp-json\/wp\/v2\/types\/mec-events"}],"author":[{"embeddable":true,"href":"https:\/\/www.alteacultural.com\/es\/wp-json\/wp\/v2\/users\/1"}],"replies":[{"embeddable":true,"href":"https:\/\/www.alteacultural.com\/es\/wp-json\/wp\/v2\/comments?post=40293"}],"wp:featuredmedia":[{"embeddable":true,"href":"https:\/\/www.alteacultural.com\/es\/wp-json\/wp\/v2\/media\/40292"}],"wp:attachment":[{"href":"https:\/\/www.alteacultural.com\/es\/wp-json\/wp\/v2\/media?parent=40293"}],"curies":[{"name":"wp","href":"https:\/\/api.w.org\/{rel}","templated":true}]}}

IDOLS-LA REVOLUCIÓN K-POP “LAS GUARDIANAS DEL RITMO”

<p>30-abr | 18:00 h | Palau Altea</p>
<p>IDOLS-LA REVOLUCIÓN K-POP “LAS GUARDIANAS DEL RITMO”</p>
<p>Entrada: 13-25 €.</p>
<p>Música para todos los públicos.</p>
<p>Inspirado en la estética vibrante de las grandes producciones internacionales e incluyendo el universo visual del film, IDOLS &#8211; LA REVOLUCIÓN K-POP “LAS GUERRERAS DEL RITMO” es un espectáculo que fusiona música, narrativa y poder escénico y visual en una experiencia única. Tres protagonistas, 7 idols, con las voces en directo y excelentes interpretaciones, que nos transportarán a una revolución escénica.// Con la garantía artística de CTME, compañía referente del teatro musical (los creadores del exitoso musical de Coco “Recuérdame”), y de la mano de Vol Music Events.// En un futuro donde el ritmo ha sido silenciado y la música convertida en arma, tres jóvenes artistas se rebelan contra los seres demoníacos. Unidas por el poder del K-POP, descubren que su talento no solo puede emocionar… también puede liberar. En definitiva, una historia de fuerza e identidad, y una verdadera revolución sonora y visual.</p>

<p>30-abr | 18:00 h | Palau Altea IDOLS-LA REVOLUCIÓN K-POP “LAS GUARDIANAS DEL RITMO” Entrada: 13-25 €. Música para [&hellip;]</p>

<!-- This site is optimized with the Yoast SEO plugin v22.8 - https://yoast.com/wordpress/plugins/seo/ -->
<title>IDOLS-LA REVOLUCIÓN K-POP “LAS GUARDIANAS DEL RITMO” - Altea Cultural</title>
<meta name="robots" content="index, follow, max-snippet:-1, max-image-preview:large, max-video-preview:-1" />
<link rel="canonical" href="https://www.alteacultural.com/es/events/idols-la-revolucion-k-pop-las-guardianas-del-ritmo/" />
<meta property="og:locale" content="es_ES" />
<meta property="og:type" content="article" />
<meta property="og:title" content="IDOLS-LA REVOLUCIÓN K-POP “LAS GUARDIANAS DEL RITMO” - Altea Cultural" />
<meta property="og:description" content="30-abr | 18:00 h | Palau Altea IDOLS-LA REVOLUCIÓN K-POP “LAS GUARDIANAS DEL RITMO” Entrada: 13-25 €. Música para [&hellip;]" />
<meta property="og:url" content="https://www.alteacultural.com/es/events/idols-la-revolucion-k-pop-las-guardianas-del-ritmo/" />
<meta property="og:site_name" content="Altea Cultural" />
<meta property="article:modified_time" content="2026-04-25T11:05:28+00:00" />
<meta property="og:image" content="https://www.alteacultural.com/wp-content/uploads/2026/04/idols-las-guardianas.webp" />
	<meta property="og:image:width" content="1100" />
	<meta property="og:image:height" content="733" />
	<meta property="og:image:type" content="image/webp" />
<meta name="twitter:card" content="summary_large_image" />
<meta name="twitter:label1" content="Tiempo de lectura" />
	<meta name="twitter:data1" content="2 minutos" />
<script type="application/ld+json" class="yoast-schema-graph">{"@context":"https://schema.org","@graph":[{"@type":"WebPage","@id":"https://www.alteacultural.com/es/events/idols-la-revolucion-k-pop-las-guardianas-del-ritmo/","url":"https://www.alteacultural.com/es/events/idols-la-revolucion-k-pop-las-guardianas-del-ritmo/","name":"IDOLS-LA REVOLUCIÓN K-POP “LAS GUARDIANAS DEL RITMO” - Altea Cultural","isPartOf":{"@id":"https://www.alteacultural.com/es/#website"},"primaryImageOfPage":{"@id":"https://www.alteacultural.com/es/events/idols-la-revolucion-k-pop-las-guardianas-del-ritmo/#primaryimage"},"image":{"@id":"https://www.alteacultural.com/es/events/idols-la-revolucion-k-pop-las-guardianas-del-ritmo/#primaryimage"},"thumbnailUrl":"https://www.alteacultural.com/wp-content/uploads/2026/04/idols-las-guardianas.webp","datePublished":"2026-04-25T10:49:05+00:00","dateModified":"2026-04-25T11:05:28+00:00","breadcrumb":{"@id":"https://www.alteacultural.com/es/events/idols-la-revolucion-k-pop-las-guardianas-del-ritmo/#breadcrumb"},"inLanguage":"es","potentialAction":[{"@type":"ReadAction","target":["https://www.alteacultural.com/es/events/idols-la-revolucion-k-pop-las-guardianas-del-ritmo/"]}]},{"@type":"ImageObject","inLanguage":"es","@id":"https://www.alteacultural.com/es/events/idols-la-revolucion-k-pop-las-guardianas-del-ritmo/#primaryimage","url":"https://www.alteacultural.com/wp-content/uploads/2026/04/idols-las-guardianas.webp","contentUrl":"https://www.alteacultural.com/wp-content/uploads/2026/04/idols-las-guardianas.webp","width":1100,"height":733},{"@type":"BreadcrumbList","@id":"https://www.alteacultural.com/es/events/idols-la-revolucion-k-pop-las-guardianas-del-ritmo/#breadcrumb","itemListElement":[{"@type":"ListItem","position":1,"name":"Inici","item":"https://www.alteacultural.com/es/"},{"@type":"ListItem","position":2,"name":"Eventos","item":"https://www.alteacultural.com/es/events/"},{"@type":"ListItem","position":3,"name":"IDOLS-LA REVOLUCIÓN K-POP “LAS GUARDIANAS DEL RITMO”"}]},{"@type":"WebSite","@id":"https://www.alteacultural.com/es/#website","url":"https://www.alteacultural.com/es/","name":"Altea Cultural","description":"Regidoria de Cultura de l&#039;Ajuntament d&#039;Altea","potentialAction":[{"@type":"SearchAction","target":{"@type":"EntryPoint","urlTemplate":"https://www.alteacultural.com/es/?s={search_term_string}"},"query-input":"required name=search_term_string"}],"inLanguage":"es"}]}</script>
<!-- / Yoast SEO plugin. -->

IDOLS-LA REVOLUCIÓN K-POP “LAS GUARDIANAS DEL RITMO” - Altea Cultural

30-abr | 18:00 h | Palau Altea IDOLS-LA REVOLUCIÓN K-POP “LAS GUARDIANAS DEL RITMO” Entrada: 13-25 €. Música para [&hellip;]
