{"id":40307,"date":"2026-04-25T13:03:53","date_gmt":"2026-04-25T11:03:53","guid":{"rendered":"https:\/\/www.alteacultural.com\/events\/por-fin-me-voy\/"},"modified":"2026-04-25T13:04:33","modified_gmt":"2026-04-25T11:04:33","slug":"por-fin-me-voy","status":"publish","type":"mec-events","link":"https:\/\/www.alteacultural.com\/es\/events\/por-fin-me-voy\/","title":{"rendered":"\u00a1POR FIN ME VOY!"},"content":{"rendered":"<p><strong>3-may | 19:00 h | Palau Altea<\/strong><\/p>\n<p><strong>\u00a1POR FIN ME VOY! <\/strong><\/p>\n<p>Entrada: 22-26 \u20ac.<\/p>\n<p>CARLES SANS. Si en su primer espect\u00e1culo despu\u00e9s de toda una vida con Tricicle, \u00a1Por Fin Solo!, fueron 150.000 espectadores a verlo, y si todos se rieron entre cuatro y cinco veces por minuto, en su nuevo espect\u00e1culo \u00a1POR FIN ME VOY! Carles Sans se ha propuesto el reto de superarlo contando historias cotidianas, particularidades de su vida diaria e impresiones sobre las peque\u00f1as cosas que, desde su peculiar manera de verlas y narrarlas, ha transformado en sketches hilarantes y llenos de ternura con los que pretende que el p\u00fablico se r\u00eda dos o tres veces m\u00e1s por minuto que en el espect\u00e1culo anterior.\/\/\u00bfY por qu\u00e9 POR FIN ME VOY? Porque, por prescripci\u00f3n propia, ha decidido que quiz\u00e1 no ser\u00eda mala idea cambiar los escenarios por una hamaca frente al mar, a la espera de que un clamor popular pida su regreso inmediato a los escenarios.\/\/Pero, por si eso no sucede, \u00e9l no se perder\u00eda este nuevo espect\u00e1culo cuyo objetivo principal sigue siendo el mismo desde que empez\u00f3 hace cuarenta y cinco a\u00f1os: hacer re\u00edr a todos los que vayan a verlo y que salgan del teatro con ganas de volver a verlo otra vez.\/\/\u00a1POR FIN ME VOY! es una locura codirigida junto a Jos\u00e9 Corbacho, en la que habla de experiencias propias y de impresiones originadas a partir de momentos vividos, de los que extrae el humor incluso de las cosas m\u00e1s serias.<\/p>\n<p>&nbsp;<\/p>\n<p><img fetchpriority=\"high\" decoding=\"async\" class=\"aligncenter wp-image-40303\" src=\"https:\/\/www.alteacultural.com\/wp-content\/uploads\/2026\/04\/pa_profinmevoy_carles-sanz.webp\" alt=\"\" width=\"750\" height=\"500\" srcset=\"https:\/\/www.alteacultural.com\/wp-content\/uploads\/2026\/04\/pa_profinmevoy_carles-sanz.webp 1100w, https:\/\/www.alteacultural.com\/wp-content\/uploads\/2026\/04\/pa_profinmevoy_carles-sanz-768x512.webp 768w, https:\/\/www.alteacultural.com\/wp-content\/uploads\/2026\/04\/pa_profinmevoy_carles-sanz-391x260.webp 391w\" sizes=\"(max-width: 750px) 100vw, 750px\" \/><\/p>\n","protected":false},"excerpt":{"rendered":"<p>3-may | 19:00 h | Palau Altea \u00a1POR FIN ME VOY! Entrada: 22-26 \u20ac. CARLES SANS. Si en su [&hellip;]<\/p>\n","protected":false},"author":1,"featured_media":40306,"comment_status":"open","ping_status":"closed","template":"","meta":{"_expiration-date-status":"","_expiration-date":0,"_expiration-date-type":"","_expiration-date-categories":[],"_expiration-date-options":[]},"yoast_head":"<!-- This site is optimized with the Yoast SEO plugin v22.8 - https:\/\/yoast.com\/wordpress\/plugins\/seo\/ -->\n<title>\u00a1POR FIN ME VOY! - Altea Cultural<\/title>\n<meta name=\"robots\" content=\"index, follow, max-snippet:-1, max-image-preview:large, max-video-preview:-1\" \/>\n<link rel=\"canonical\" href=\"https:\/\/www.alteacultural.com\/es\/events\/por-fin-me-voy\/\" \/>\n<meta property=\"og:locale\" content=\"es_ES\" \/>\n<meta property=\"og:type\" content=\"article\" \/>\n<meta property=\"og:title\" content=\"\u00a1POR FIN ME VOY! - Altea Cultural\" \/>\n<meta property=\"og:description\" content=\"3-may | 19:00 h | Palau Altea \u00a1POR FIN ME VOY! Entrada: 22-26 \u20ac. CARLES SANS. Si en su [&hellip;]\" \/>\n<meta property=\"og:url\" content=\"https:\/\/www.alteacultural.com\/es\/events\/por-fin-me-voy\/\" \/>\n<meta property=\"og:site_name\" content=\"Altea Cultural\" \/>\n<meta property=\"article:modified_time\" content=\"2026-04-25T11:04:33+00:00\" \/>\n<meta property=\"og:image\" content=\"https:\/\/www.alteacultural.com\/wp-content\/uploads\/2026\/04\/pa_profinmevoy_carles-sanz-banner.jpg\" \/>\n\t<meta property=\"og:image:width\" content=\"1098\" \/>\n\t<meta property=\"og:image:height\" content=\"353\" \/>\n\t<meta property=\"og:image:type\" content=\"image\/jpeg\" \/>\n<meta name=\"twitter:card\" content=\"summary_large_image\" \/>\n<meta name=\"twitter:label1\" content=\"Tiempo de lectura\" \/>\n\t<meta name=\"twitter:data1\" content=\"2 minutos\" \/>\n<script type=\"application\/ld+json\" class=\"yoast-schema-graph\">{\"@context\":\"https:\/\/schema.org\",\"@graph\":[{\"@type\":\"WebPage\",\"@id\":\"https:\/\/www.alteacultural.com\/es\/events\/por-fin-me-voy\/\",\"url\":\"https:\/\/www.alteacultural.com\/es\/events\/por-fin-me-voy\/\",\"name\":\"\u00a1POR FIN ME VOY! - Altea Cultural\",\"isPartOf\":{\"@id\":\"https:\/\/www.alteacultural.com\/es\/#website\"},\"primaryImageOfPage\":{\"@id\":\"https:\/\/www.alteacultural.com\/es\/events\/por-fin-me-voy\/#primaryimage\"},\"image\":{\"@id\":\"https:\/\/www.alteacultural.com\/es\/events\/por-fin-me-voy\/#primaryimage\"},\"thumbnailUrl\":\"https:\/\/www.alteacultural.com\/wp-content\/uploads\/2026\/04\/pa_profinmevoy_carles-sanz-banner.jpg\",\"datePublished\":\"2026-04-25T11:03:53+00:00\",\"dateModified\":\"2026-04-25T11:04:33+00:00\",\"breadcrumb\":{\"@id\":\"https:\/\/www.alteacultural.com\/es\/events\/por-fin-me-voy\/#breadcrumb\"},\"inLanguage\":\"es\",\"potentialAction\":[{\"@type\":\"ReadAction\",\"target\":[\"https:\/\/www.alteacultural.com\/es\/events\/por-fin-me-voy\/\"]}]},{\"@type\":\"ImageObject\",\"inLanguage\":\"es\",\"@id\":\"https:\/\/www.alteacultural.com\/es\/events\/por-fin-me-voy\/#primaryimage\",\"url\":\"https:\/\/www.alteacultural.com\/wp-content\/uploads\/2026\/04\/pa_profinmevoy_carles-sanz-banner.jpg\",\"contentUrl\":\"https:\/\/www.alteacultural.com\/wp-content\/uploads\/2026\/04\/pa_profinmevoy_carles-sanz-banner.jpg\",\"width\":1098,\"height\":353},{\"@type\":\"BreadcrumbList\",\"@id\":\"https:\/\/www.alteacultural.com\/es\/events\/por-fin-me-voy\/#breadcrumb\",\"itemListElement\":[{\"@type\":\"ListItem\",\"position\":1,\"name\":\"Inici\",\"item\":\"https:\/\/www.alteacultural.com\/es\/\"},{\"@type\":\"ListItem\",\"position\":2,\"name\":\"Eventos\",\"item\":\"https:\/\/www.alteacultural.com\/es\/events\/\"},{\"@type\":\"ListItem\",\"position\":3,\"name\":\"\u00a1POR FIN ME VOY!\"}]},{\"@type\":\"WebSite\",\"@id\":\"https:\/\/www.alteacultural.com\/es\/#website\",\"url\":\"https:\/\/www.alteacultural.com\/es\/\",\"name\":\"Altea Cultural\",\"description\":\"Regidoria de Cultura de l&#039;Ajuntament d&#039;Altea\",\"potentialAction\":[{\"@type\":\"SearchAction\",\"target\":{\"@type\":\"EntryPoint\",\"urlTemplate\":\"https:\/\/www.alteacultural.com\/es\/?s={search_term_string}\"},\"query-input\":\"required name=search_term_string\"}],\"inLanguage\":\"es\"}]}<\/script>\n<!-- \/ Yoast SEO plugin. -->","yoast_head_json":{"title":"\u00a1POR FIN ME VOY! - Altea Cultural","robots":{"index":"index","follow":"follow","max-snippet":"max-snippet:-1","max-image-preview":"max-image-preview:large","max-video-preview":"max-video-preview:-1"},"canonical":"https:\/\/www.alteacultural.com\/es\/events\/por-fin-me-voy\/","og_locale":"es_ES","og_type":"article","og_title":"\u00a1POR FIN ME VOY! - Altea Cultural","og_description":"3-may | 19:00 h | Palau Altea \u00a1POR FIN ME VOY! Entrada: 22-26 \u20ac. CARLES SANS. Si en su [&hellip;]","og_url":"https:\/\/www.alteacultural.com\/es\/events\/por-fin-me-voy\/","og_site_name":"Altea Cultural","article_modified_time":"2026-04-25T11:04:33+00:00","og_image":[{"width":1098,"height":353,"url":"https:\/\/www.alteacultural.com\/wp-content\/uploads\/2026\/04\/pa_profinmevoy_carles-sanz-banner.jpg","type":"image\/jpeg"}],"twitter_card":"summary_large_image","twitter_misc":{"Tiempo de lectura":"2 minutos"},"schema":{"@context":"https:\/\/schema.org","@graph":[{"@type":"WebPage","@id":"https:\/\/www.alteacultural.com\/es\/events\/por-fin-me-voy\/","url":"https:\/\/www.alteacultural.com\/es\/events\/por-fin-me-voy\/","name":"\u00a1POR FIN ME VOY! - Altea Cultural","isPartOf":{"@id":"https:\/\/www.alteacultural.com\/es\/#website"},"primaryImageOfPage":{"@id":"https:\/\/www.alteacultural.com\/es\/events\/por-fin-me-voy\/#primaryimage"},"image":{"@id":"https:\/\/www.alteacultural.com\/es\/events\/por-fin-me-voy\/#primaryimage"},"thumbnailUrl":"https:\/\/www.alteacultural.com\/wp-content\/uploads\/2026\/04\/pa_profinmevoy_carles-sanz-banner.jpg","datePublished":"2026-04-25T11:03:53+00:00","dateModified":"2026-04-25T11:04:33+00:00","breadcrumb":{"@id":"https:\/\/www.alteacultural.com\/es\/events\/por-fin-me-voy\/#breadcrumb"},"inLanguage":"es","potentialAction":[{"@type":"ReadAction","target":["https:\/\/www.alteacultural.com\/es\/events\/por-fin-me-voy\/"]}]},{"@type":"ImageObject","inLanguage":"es","@id":"https:\/\/www.alteacultural.com\/es\/events\/por-fin-me-voy\/#primaryimage","url":"https:\/\/www.alteacultural.com\/wp-content\/uploads\/2026\/04\/pa_profinmevoy_carles-sanz-banner.jpg","contentUrl":"https:\/\/www.alteacultural.com\/wp-content\/uploads\/2026\/04\/pa_profinmevoy_carles-sanz-banner.jpg","width":1098,"height":353},{"@type":"BreadcrumbList","@id":"https:\/\/www.alteacultural.com\/es\/events\/por-fin-me-voy\/#breadcrumb","itemListElement":[{"@type":"ListItem","position":1,"name":"Inici","item":"https:\/\/www.alteacultural.com\/es\/"},{"@type":"ListItem","position":2,"name":"Eventos","item":"https:\/\/www.alteacultural.com\/es\/events\/"},{"@type":"ListItem","position":3,"name":"\u00a1POR FIN ME VOY!"}]},{"@type":"WebSite","@id":"https:\/\/www.alteacultural.com\/es\/#website","url":"https:\/\/www.alteacultural.com\/es\/","name":"Altea Cultural","description":"Regidoria de Cultura de l&#039;Ajuntament d&#039;Altea","potentialAction":[{"@type":"SearchAction","target":{"@type":"EntryPoint","urlTemplate":"https:\/\/www.alteacultural.com\/es\/?s={search_term_string}"},"query-input":"required name=search_term_string"}],"inLanguage":"es"}]}},"mec_cost":"22-26 \u20ac","mec_date":{"start":{"date":"2026-05-03","hour":7,"minutes":"0","ampm":"PM"},"end":{"date":"2026-05-03","hour":8,"minutes":"0","ampm":"PM"},"comment":"","repeat":{"type":"daily","interval":"1","advanced":"","end":"never","end_at_date":"","end_at_occurrences":"10"}},"_links":{"self":[{"href":"https:\/\/www.alteacultural.com\/es\/wp-json\/wp\/v2\/mec-events\/40307"}],"collection":[{"href":"https:\/\/www.alteacultural.com\/es\/wp-json\/wp\/v2\/mec-events"}],"about":[{"href":"https:\/\/www.alteacultural.com\/es\/wp-json\/wp\/v2\/types\/mec-events"}],"author":[{"embeddable":true,"href":"https:\/\/www.alteacultural.com\/es\/wp-json\/wp\/v2\/users\/1"}],"replies":[{"embeddable":true,"href":"https:\/\/www.alteacultural.com\/es\/wp-json\/wp\/v2\/comments?post=40307"}],"wp:featuredmedia":[{"embeddable":true,"href":"https:\/\/www.alteacultural.com\/es\/wp-json\/wp\/v2\/media\/40306"}],"wp:attachment":[{"href":"https:\/\/www.alteacultural.com\/es\/wp-json\/wp\/v2\/media?parent=40307"}],"curies":[{"name":"wp","href":"https:\/\/api.w.org\/{rel}","templated":true}]}}

<p><strong>3-may | 19:00 h | Palau Altea</strong></p>
<p><strong>¡POR FIN ME VOY! </strong></p>
<p>Entrada: 22-26 €.</p>
<p>CARLES SANS. Si en su primer espectáculo después de toda una vida con Tricicle, ¡Por Fin Solo!, fueron 150.000 espectadores a verlo, y si todos se rieron entre cuatro y cinco veces por minuto, en su nuevo espectáculo ¡POR FIN ME VOY! Carles Sans se ha propuesto el reto de superarlo contando historias cotidianas, particularidades de su vida diaria e impresiones sobre las pequeñas cosas que, desde su peculiar manera de verlas y narrarlas, ha transformado en sketches hilarantes y llenos de ternura con los que pretende que el público se ría dos o tres veces más por minuto que en el espectáculo anterior.//¿Y por qué POR FIN ME VOY? Porque, por prescripción propia, ha decidido que quizá no sería mala idea cambiar los escenarios por una hamaca frente al mar, a la espera de que un clamor popular pida su regreso inmediato a los escenarios.//Pero, por si eso no sucede, él no se perdería este nuevo espectáculo cuyo objetivo principal sigue siendo el mismo desde que empezó hace cuarenta y cinco años: hacer reír a todos los que vayan a verlo y que salgan del teatro con ganas de volver a verlo otra vez.//¡POR FIN ME VOY! es una locura codirigida junto a José Corbacho, en la que habla de experiencias propias y de impresiones originadas a partir de momentos vividos, de los que extrae el humor incluso de las cosas más serias.</p>
<p>&nbsp;</p>
<p><img fetchpriority="high" decoding="async" class="aligncenter wp-image-40303" src="https://www.alteacultural.com/wp-content/uploads/2026/04/pa_profinmevoy_carles-sanz.webp" alt="" width="750" height="500" srcset="https://www.alteacultural.com/wp-content/uploads/2026/04/pa_profinmevoy_carles-sanz.webp 1100w, https://www.alteacultural.com/wp-content/uploads/2026/04/pa_profinmevoy_carles-sanz-768x512.webp 768w, https://www.alteacultural.com/wp-content/uploads/2026/04/pa_profinmevoy_carles-sanz-391x260.webp 391w" sizes="(max-width: 750px) 100vw, 750px" /></p>
