{"id":40321,"date":"2026-04-27T19:00:50","date_gmt":"2026-04-27T17:00:50","guid":{"rendered":"https:\/\/www.alteacultural.com\/events\/teatro-inmaduros\/"},"modified":"2026-04-27T19:24:54","modified_gmt":"2026-04-27T17:24:54","slug":"teatro-inmaduros","status":"publish","type":"mec-events","link":"https:\/\/www.alteacultural.com\/es\/events\/teatro-inmaduros\/","title":{"rendered":"Teatro: Inmaduros"},"content":{"rendered":"<p>10-may | 19:00h | Palau Altea<\/p>\n<p>Teatro: Inmaduros<\/p>\n<p>Entrada: 22-26 \u20ac.<\/p>\n<p>Arequipa producciones &#8211; Pentaci\u00f3n espect\u00e1culos<\/p>\n<p>Carlos Sobera, \u00c1ngel Pardo, Elisa Matilla, Lara Dilbidos, Silvia Vacas y Arianna Arag\u00f3n son los encargados de llenar el patio de butacas de carcajadas con Inmaduros, una funci\u00f3n llena de diversi\u00f3n que tambi\u00e9n esconde una reflexi\u00f3n acerca de las nuevas y variadas formas de relacionarnos entre nosotros.<\/p>\n<p>Juan Luis Iborra adapta y dirige este texto escrito por los argentinos Juan Vera y Daniel C\u00faparo que se centra en Alfi y Fideo.<\/p>\n<p>Sinopsis. Dos amigos inseparables que no pueden ser m\u00e1s diferentes. Sin embargo, ambos tienen dos cosas en com\u00fan: Est\u00e1n separados y no pueden ser m\u00e1s inmaduros.<\/p>\n<p>Inmaduros, adem\u00e1s de divertida, nos interpela y nos hace pensar en las nuevas y variadas formas de relacionarnos. Sobre todo a dos personas tan diferentes como Alfi y Fideo, que siguen siendo absurdamente inmaduros. Claro que la suya es una inmadurez diferente, una inmadurez de dos hombres que han pasado los 50 y que por esas vueltas de la vida se ver\u00e1n sorprendidos por fuera de lo imaginable y descubrir\u00e1n, al final de todo esto, la verdadera fuerza de la amistad.<\/p>\n<p><span class=\"titol-durada\">Duraci\u00f3n:<\/span>\u00a090 min<\/p>\n<p><img fetchpriority=\"high\" decoding=\"async\" class=\"aligncenter wp-image-40317\" src=\"https:\/\/www.alteacultural.com\/wp-content\/uploads\/2026\/04\/Imagen-teatro-inmaduros.webp\" alt=\"\" width=\"750\" height=\"500\" srcset=\"https:\/\/www.alteacultural.com\/wp-content\/uploads\/2026\/04\/Imagen-teatro-inmaduros.webp 2250w, https:\/\/www.alteacultural.com\/wp-content\/uploads\/2026\/04\/Imagen-teatro-inmaduros-768x512.webp 768w, https:\/\/www.alteacultural.com\/wp-content\/uploads\/2026\/04\/Imagen-teatro-inmaduros-391x260.webp 391w, https:\/\/www.alteacultural.com\/wp-content\/uploads\/2026\/04\/Imagen-teatro-inmaduros-1536x1024.webp 1536w, https:\/\/www.alteacultural.com\/wp-content\/uploads\/2026\/04\/Imagen-teatro-inmaduros-2048x1365.webp 2048w\" sizes=\"(max-width: 750px) 100vw, 750px\" \/><\/p>\n","protected":false},"excerpt":{"rendered":"<p>10-may | 19:00h | Palau Altea Teatro: Inmaduros Entrada: 22-26 \u20ac. Arequipa producciones &#8211; Pentaci\u00f3n espect\u00e1culos Carlos Sobera, \u00c1ngel [&hellip;]<\/p>\n","protected":false},"author":1,"featured_media":40334,"comment_status":"open","ping_status":"closed","template":"","meta":{"_expiration-date-status":"","_expiration-date":0,"_expiration-date-type":"","_expiration-date-categories":[],"_expiration-date-options":[]},"yoast_head":"<!-- This site is optimized with the Yoast SEO plugin v22.8 - https:\/\/yoast.com\/wordpress\/plugins\/seo\/ -->\n<title>Teatro: Inmaduros - Altea Cultural<\/title>\n<meta name=\"robots\" content=\"index, follow, max-snippet:-1, max-image-preview:large, max-video-preview:-1\" \/>\n<link rel=\"canonical\" href=\"https:\/\/www.alteacultural.com\/es\/events\/teatro-inmaduros\/\" \/>\n<meta property=\"og:locale\" content=\"es_ES\" \/>\n<meta property=\"og:type\" content=\"article\" \/>\n<meta property=\"og:title\" content=\"Teatro: Inmaduros - Altea Cultural\" \/>\n<meta property=\"og:description\" content=\"10-may | 19:00h | Palau Altea Teatro: Inmaduros Entrada: 22-26 \u20ac. Arequipa producciones &#8211; Pentaci\u00f3n espect\u00e1culos Carlos Sobera, \u00c1ngel [&hellip;]\" \/>\n<meta property=\"og:url\" content=\"https:\/\/www.alteacultural.com\/es\/events\/teatro-inmaduros\/\" \/>\n<meta property=\"og:site_name\" content=\"Altea Cultural\" \/>\n<meta property=\"article:modified_time\" content=\"2026-04-27T17:24:54+00:00\" \/>\n<meta property=\"og:image\" content=\"https:\/\/www.alteacultural.com\/wp-content\/uploads\/2026\/04\/banner-inmaduros.png\" \/>\n\t<meta property=\"og:image:width\" content=\"1280\" \/>\n\t<meta property=\"og:image:height\" content=\"720\" \/>\n\t<meta property=\"og:image:type\" content=\"image\/png\" \/>\n<meta name=\"twitter:card\" content=\"summary_large_image\" \/>\n<meta name=\"twitter:label1\" content=\"Tiempo de lectura\" \/>\n\t<meta name=\"twitter:data1\" content=\"2 minutos\" \/>\n<script type=\"application\/ld+json\" class=\"yoast-schema-graph\">{\"@context\":\"https:\/\/schema.org\",\"@graph\":[{\"@type\":\"WebPage\",\"@id\":\"https:\/\/www.alteacultural.com\/es\/events\/teatro-inmaduros\/\",\"url\":\"https:\/\/www.alteacultural.com\/es\/events\/teatro-inmaduros\/\",\"name\":\"Teatro: Inmaduros - Altea Cultural\",\"isPartOf\":{\"@id\":\"https:\/\/www.alteacultural.com\/es\/#website\"},\"primaryImageOfPage\":{\"@id\":\"https:\/\/www.alteacultural.com\/es\/events\/teatro-inmaduros\/#primaryimage\"},\"image\":{\"@id\":\"https:\/\/www.alteacultural.com\/es\/events\/teatro-inmaduros\/#primaryimage\"},\"thumbnailUrl\":\"https:\/\/www.alteacultural.com\/wp-content\/uploads\/2026\/04\/banner-inmaduros.png\",\"datePublished\":\"2026-04-27T17:00:50+00:00\",\"dateModified\":\"2026-04-27T17:24:54+00:00\",\"breadcrumb\":{\"@id\":\"https:\/\/www.alteacultural.com\/es\/events\/teatro-inmaduros\/#breadcrumb\"},\"inLanguage\":\"es\",\"potentialAction\":[{\"@type\":\"ReadAction\",\"target\":[\"https:\/\/www.alteacultural.com\/es\/events\/teatro-inmaduros\/\"]}]},{\"@type\":\"ImageObject\",\"inLanguage\":\"es\",\"@id\":\"https:\/\/www.alteacultural.com\/es\/events\/teatro-inmaduros\/#primaryimage\",\"url\":\"https:\/\/www.alteacultural.com\/wp-content\/uploads\/2026\/04\/banner-inmaduros.png\",\"contentUrl\":\"https:\/\/www.alteacultural.com\/wp-content\/uploads\/2026\/04\/banner-inmaduros.png\",\"width\":1280,\"height\":720},{\"@type\":\"BreadcrumbList\",\"@id\":\"https:\/\/www.alteacultural.com\/es\/events\/teatro-inmaduros\/#breadcrumb\",\"itemListElement\":[{\"@type\":\"ListItem\",\"position\":1,\"name\":\"Inici\",\"item\":\"https:\/\/www.alteacultural.com\/es\/\"},{\"@type\":\"ListItem\",\"position\":2,\"name\":\"Eventos\",\"item\":\"https:\/\/www.alteacultural.com\/es\/events\/\"},{\"@type\":\"ListItem\",\"position\":3,\"name\":\"Teatro: Inmaduros\"}]},{\"@type\":\"WebSite\",\"@id\":\"https:\/\/www.alteacultural.com\/es\/#website\",\"url\":\"https:\/\/www.alteacultural.com\/es\/\",\"name\":\"Altea Cultural\",\"description\":\"Regidoria de Cultura de l&#039;Ajuntament d&#039;Altea\",\"potentialAction\":[{\"@type\":\"SearchAction\",\"target\":{\"@type\":\"EntryPoint\",\"urlTemplate\":\"https:\/\/www.alteacultural.com\/es\/?s={search_term_string}\"},\"query-input\":\"required name=search_term_string\"}],\"inLanguage\":\"es\"}]}<\/script>\n<!-- \/ Yoast SEO plugin. -->","yoast_head_json":{"title":"Teatro: Inmaduros - Altea Cultural","robots":{"index":"index","follow":"follow","max-snippet":"max-snippet:-1","max-image-preview":"max-image-preview:large","max-video-preview":"max-video-preview:-1"},"canonical":"https:\/\/www.alteacultural.com\/es\/events\/teatro-inmaduros\/","og_locale":"es_ES","og_type":"article","og_title":"Teatro: Inmaduros - Altea Cultural","og_description":"10-may | 19:00h | Palau Altea Teatro: Inmaduros Entrada: 22-26 \u20ac. Arequipa producciones &#8211; Pentaci\u00f3n espect\u00e1culos Carlos Sobera, \u00c1ngel [&hellip;]","og_url":"https:\/\/www.alteacultural.com\/es\/events\/teatro-inmaduros\/","og_site_name":"Altea Cultural","article_modified_time":"2026-04-27T17:24:54+00:00","og_image":[{"width":1280,"height":720,"url":"https:\/\/www.alteacultural.com\/wp-content\/uploads\/2026\/04\/banner-inmaduros.png","type":"image\/png"}],"twitter_card":"summary_large_image","twitter_misc":{"Tiempo de lectura":"2 minutos"},"schema":{"@context":"https:\/\/schema.org","@graph":[{"@type":"WebPage","@id":"https:\/\/www.alteacultural.com\/es\/events\/teatro-inmaduros\/","url":"https:\/\/www.alteacultural.com\/es\/events\/teatro-inmaduros\/","name":"Teatro: Inmaduros - Altea Cultural","isPartOf":{"@id":"https:\/\/www.alteacultural.com\/es\/#website"},"primaryImageOfPage":{"@id":"https:\/\/www.alteacultural.com\/es\/events\/teatro-inmaduros\/#primaryimage"},"image":{"@id":"https:\/\/www.alteacultural.com\/es\/events\/teatro-inmaduros\/#primaryimage"},"thumbnailUrl":"https:\/\/www.alteacultural.com\/wp-content\/uploads\/2026\/04\/banner-inmaduros.png","datePublished":"2026-04-27T17:00:50+00:00","dateModified":"2026-04-27T17:24:54+00:00","breadcrumb":{"@id":"https:\/\/www.alteacultural.com\/es\/events\/teatro-inmaduros\/#breadcrumb"},"inLanguage":"es","potentialAction":[{"@type":"ReadAction","target":["https:\/\/www.alteacultural.com\/es\/events\/teatro-inmaduros\/"]}]},{"@type":"ImageObject","inLanguage":"es","@id":"https:\/\/www.alteacultural.com\/es\/events\/teatro-inmaduros\/#primaryimage","url":"https:\/\/www.alteacultural.com\/wp-content\/uploads\/2026\/04\/banner-inmaduros.png","contentUrl":"https:\/\/www.alteacultural.com\/wp-content\/uploads\/2026\/04\/banner-inmaduros.png","width":1280,"height":720},{"@type":"BreadcrumbList","@id":"https:\/\/www.alteacultural.com\/es\/events\/teatro-inmaduros\/#breadcrumb","itemListElement":[{"@type":"ListItem","position":1,"name":"Inici","item":"https:\/\/www.alteacultural.com\/es\/"},{"@type":"ListItem","position":2,"name":"Eventos","item":"https:\/\/www.alteacultural.com\/es\/events\/"},{"@type":"ListItem","position":3,"name":"Teatro: Inmaduros"}]},{"@type":"WebSite","@id":"https:\/\/www.alteacultural.com\/es\/#website","url":"https:\/\/www.alteacultural.com\/es\/","name":"Altea Cultural","description":"Regidoria de Cultura de l&#039;Ajuntament d&#039;Altea","potentialAction":[{"@type":"SearchAction","target":{"@type":"EntryPoint","urlTemplate":"https:\/\/www.alteacultural.com\/es\/?s={search_term_string}"},"query-input":"required name=search_term_string"}],"inLanguage":"es"}]}},"mec_cost":"22\u20ac - 26\u20ac","mec_date":{"start":{"date":"2026-05-10","hour":7,"minutes":"0","ampm":"PM"},"end":{"date":"2026-05-10","hour":8,"minutes":"30","ampm":"PM"},"comment":"","repeat":{"type":"daily","interval":"1","advanced":"","end":"never","end_at_date":"","end_at_occurrences":"10"}},"_links":{"self":[{"href":"https:\/\/www.alteacultural.com\/es\/wp-json\/wp\/v2\/mec-events\/40321"}],"collection":[{"href":"https:\/\/www.alteacultural.com\/es\/wp-json\/wp\/v2\/mec-events"}],"about":[{"href":"https:\/\/www.alteacultural.com\/es\/wp-json\/wp\/v2\/types\/mec-events"}],"author":[{"embeddable":true,"href":"https:\/\/www.alteacultural.com\/es\/wp-json\/wp\/v2\/users\/1"}],"replies":[{"embeddable":true,"href":"https:\/\/www.alteacultural.com\/es\/wp-json\/wp\/v2\/comments?post=40321"}],"wp:featuredmedia":[{"embeddable":true,"href":"https:\/\/www.alteacultural.com\/es\/wp-json\/wp\/v2\/media\/40334"}],"wp:attachment":[{"href":"https:\/\/www.alteacultural.com\/es\/wp-json\/wp\/v2\/media?parent=40321"}],"curies":[{"name":"wp","href":"https:\/\/api.w.org\/{rel}","templated":true}]}}

<p>10-may | 19:00h | Palau Altea</p>
<p>Teatro: Inmaduros</p>
<p>Entrada: 22-26 €.</p>
<p>Arequipa producciones &#8211; Pentación espectáculos</p>
<p>Carlos Sobera, Ángel Pardo, Elisa Matilla, Lara Dilbidos, Silvia Vacas y Arianna Aragón son los encargados de llenar el patio de butacas de carcajadas con Inmaduros, una función llena de diversión que también esconde una reflexión acerca de las nuevas y variadas formas de relacionarnos entre nosotros.</p>
<p>Juan Luis Iborra adapta y dirige este texto escrito por los argentinos Juan Vera y Daniel Cúparo que se centra en Alfi y Fideo.</p>
<p>Sinopsis. Dos amigos inseparables que no pueden ser más diferentes. Sin embargo, ambos tienen dos cosas en común: Están separados y no pueden ser más inmaduros.</p>
<p>Inmaduros, además de divertida, nos interpela y nos hace pensar en las nuevas y variadas formas de relacionarnos. Sobre todo a dos personas tan diferentes como Alfi y Fideo, que siguen siendo absurdamente inmaduros. Claro que la suya es una inmadurez diferente, una inmadurez de dos hombres que han pasado los 50 y que por esas vueltas de la vida se verán sorprendidos por fuera de lo imaginable y descubrirán, al final de todo esto, la verdadera fuerza de la amistad.</p>
<p><span class="titol-durada">Duración:</span> 90 min</p>
<p><img fetchpriority="high" decoding="async" class="aligncenter wp-image-40317" src="https://www.alteacultural.com/wp-content/uploads/2026/04/Imagen-teatro-inmaduros.webp" alt="" width="750" height="500" srcset="https://www.alteacultural.com/wp-content/uploads/2026/04/Imagen-teatro-inmaduros.webp 2250w, https://www.alteacultural.com/wp-content/uploads/2026/04/Imagen-teatro-inmaduros-768x512.webp 768w, https://www.alteacultural.com/wp-content/uploads/2026/04/Imagen-teatro-inmaduros-391x260.webp 391w, https://www.alteacultural.com/wp-content/uploads/2026/04/Imagen-teatro-inmaduros-1536x1024.webp 1536w, https://www.alteacultural.com/wp-content/uploads/2026/04/Imagen-teatro-inmaduros-2048x1365.webp 2048w" sizes="(max-width: 750px) 100vw, 750px" /></p>

<p>10-may | 19:00h | Palau Altea Teatro: Inmaduros Entrada: 22-26 €. Arequipa producciones &#8211; Pentación espectáculos Carlos Sobera, Ángel [&hellip;]</p>

<!-- This site is optimized with the Yoast SEO plugin v22.8 - https://yoast.com/wordpress/plugins/seo/ -->
<title>Teatro: Inmaduros - Altea Cultural</title>
<meta name="robots" content="index, follow, max-snippet:-1, max-image-preview:large, max-video-preview:-1" />
<link rel="canonical" href="https://www.alteacultural.com/es/events/teatro-inmaduros/" />
<meta property="og:locale" content="es_ES" />
<meta property="og:type" content="article" />
<meta property="og:title" content="Teatro: Inmaduros - Altea Cultural" />
<meta property="og:description" content="10-may | 19:00h | Palau Altea Teatro: Inmaduros Entrada: 22-26 €. Arequipa producciones &#8211; Pentación espectáculos Carlos Sobera, Ángel [&hellip;]" />
<meta property="og:url" content="https://www.alteacultural.com/es/events/teatro-inmaduros/" />
<meta property="og:site_name" content="Altea Cultural" />
<meta property="article:modified_time" content="2026-04-27T17:24:54+00:00" />
<meta property="og:image" content="https://www.alteacultural.com/wp-content/uploads/2026/04/banner-inmaduros.png" />
	<meta property="og:image:width" content="1280" />
	<meta property="og:image:height" content="720" />
	<meta property="og:image:type" content="image/png" />
<meta name="twitter:card" content="summary_large_image" />
<meta name="twitter:label1" content="Tiempo de lectura" />
	<meta name="twitter:data1" content="2 minutos" />
<script type="application/ld+json" class="yoast-schema-graph">{"@context":"https://schema.org","@graph":[{"@type":"WebPage","@id":"https://www.alteacultural.com/es/events/teatro-inmaduros/","url":"https://www.alteacultural.com/es/events/teatro-inmaduros/","name":"Teatro: Inmaduros - Altea Cultural","isPartOf":{"@id":"https://www.alteacultural.com/es/#website"},"primaryImageOfPage":{"@id":"https://www.alteacultural.com/es/events/teatro-inmaduros/#primaryimage"},"image":{"@id":"https://www.alteacultural.com/es/events/teatro-inmaduros/#primaryimage"},"thumbnailUrl":"https://www.alteacultural.com/wp-content/uploads/2026/04/banner-inmaduros.png","datePublished":"2026-04-27T17:00:50+00:00","dateModified":"2026-04-27T17:24:54+00:00","breadcrumb":{"@id":"https://www.alteacultural.com/es/events/teatro-inmaduros/#breadcrumb"},"inLanguage":"es","potentialAction":[{"@type":"ReadAction","target":["https://www.alteacultural.com/es/events/teatro-inmaduros/"]}]},{"@type":"ImageObject","inLanguage":"es","@id":"https://www.alteacultural.com/es/events/teatro-inmaduros/#primaryimage","url":"https://www.alteacultural.com/wp-content/uploads/2026/04/banner-inmaduros.png","contentUrl":"https://www.alteacultural.com/wp-content/uploads/2026/04/banner-inmaduros.png","width":1280,"height":720},{"@type":"BreadcrumbList","@id":"https://www.alteacultural.com/es/events/teatro-inmaduros/#breadcrumb","itemListElement":[{"@type":"ListItem","position":1,"name":"Inici","item":"https://www.alteacultural.com/es/"},{"@type":"ListItem","position":2,"name":"Eventos","item":"https://www.alteacultural.com/es/events/"},{"@type":"ListItem","position":3,"name":"Teatro: Inmaduros"}]},{"@type":"WebSite","@id":"https://www.alteacultural.com/es/#website","url":"https://www.alteacultural.com/es/","name":"Altea Cultural","description":"Regidoria de Cultura de l&#039;Ajuntament d&#039;Altea","potentialAction":[{"@type":"SearchAction","target":{"@type":"EntryPoint","urlTemplate":"https://www.alteacultural.com/es/?s={search_term_string}"},"query-input":"required name=search_term_string"}],"inLanguage":"es"}]}</script>
<!-- / Yoast SEO plugin. -->

10-may | 19:00h | Palau Altea Teatro: Inmaduros Entrada: 22-26 €. Arequipa producciones &#8211; Pentación espectáculos Carlos Sobera, Ángel [&hellip;]
