{"id":40353,"date":"2026-04-27T19:46:36","date_gmt":"2026-04-27T17:46:36","guid":{"rendered":"https:\/\/www.alteacultural.com\/events\/teatro-la-ternura\/"},"modified":"2026-04-27T19:50:58","modified_gmt":"2026-04-27T17:50:58","slug":"teatro-la-ternura","status":"publish","type":"mec-events","link":"https:\/\/www.alteacultural.com\/es\/events\/teatro-la-ternura\/","title":{"rendered":"Teatro: La Ternura"},"content":{"rendered":"<p>17-may | 19:00h | Palau Altea<\/p>\n<p>Entrada: 20-24 \u20ac.<\/p>\n<p>Olympia metropolitana &#8211; El punt de la I<\/p>\n<p>La Ternura fue galardonada con el Premio Max al mejor espect\u00e1culo teatral de 2019 y es una de las grandes obras de Alfredo Sanzol.<\/p>\n<p>Inspirada en comedias de William Shakespeare, La Ternura trata &#8216;de la imposibilidad de protegernos del da\u00f1o que produce el amor&#8217;, en palabras de su autor.<\/p>\n<p>Alfredo Sanzol, uno de los mejores dramaturgos espa\u00f1oles contempor\u00e1neos, teje una trama de enredos y enamoramiento en el siglo XVI para contar con una sonrisa que &#8216;sin ternura el amor no se ve&#8217;.<\/p>\n<p>Sinopsis. La Ternura cuenta la historia de una reina un poco maga y sus dos hijas princesas que viajan en la Armada Invencible, obligadas por Felipe II a casarse en matrimonios de conveniencia con nobles ingleses una vez que se lograra con \u00e9xito la invasi\u00f3n de Inglaterra. La Reina Esmeralda odia a los hombres porque siempre han condicionado su vida y le han quitado la libertad, as\u00ed que no est\u00e1 dispuesta a que sus hijas tengan el mismo destino que ella. Cuando la Armada pasa cerca de una isla que la Reina considera desierta, crea una tormenta que hunde el barco en el que viajan. Su plan es quedarse a vivir en esa isla con sus hijas para no volver a ver a un hombre en su vida. El problema es que eligen una isla en la que desde hace veinte a\u00f1os vive un le\u00f1ador con sus dos hijos, que huyeron all\u00ed para no volver a ver a una mujer en su vida. Cuando la reina y las dos princesas descubren que no est\u00e1n solas, se visten de hombres para protegerse. Y ah\u00ed comienzan las aventuras, los enredos, los enamoramientos y las confusiones<\/p>\n<p><span class=\"titol-durada\">Duraci\u00f3n:<\/span>\u00a0120 min<\/p>\n<p>&nbsp;<\/p>\n<p><img fetchpriority=\"high\" decoding=\"async\" class=\"aligncenter wp-image-40339\" src=\"https:\/\/www.alteacultural.com\/wp-content\/uploads\/2026\/04\/imagen-la-Ternura.webp\" alt=\"\" width=\"750\" height=\"500\" srcset=\"https:\/\/www.alteacultural.com\/wp-content\/uploads\/2026\/04\/imagen-la-Ternura.webp 2250w, https:\/\/www.alteacultural.com\/wp-content\/uploads\/2026\/04\/imagen-la-Ternura-768x512.webp 768w, https:\/\/www.alteacultural.com\/wp-content\/uploads\/2026\/04\/imagen-la-Ternura-391x260.webp 391w, https:\/\/www.alteacultural.com\/wp-content\/uploads\/2026\/04\/imagen-la-Ternura-1536x1024.webp 1536w, https:\/\/www.alteacultural.com\/wp-content\/uploads\/2026\/04\/imagen-la-Ternura-2048x1365.webp 2048w\" sizes=\"(max-width: 750px) 100vw, 750px\" \/><\/p>\n","protected":false},"excerpt":{"rendered":"<p>17-may | 19:00h | Palau Altea Entrada: 20-24 \u20ac. Olympia metropolitana &#8211; El punt de la I La Ternura [&hellip;]<\/p>\n","protected":false},"author":1,"featured_media":40352,"comment_status":"open","ping_status":"closed","template":"","meta":{"_expiration-date-status":"","_expiration-date":0,"_expiration-date-type":"","_expiration-date-categories":[],"_expiration-date-options":[]},"yoast_head":"<!-- This site is optimized with the Yoast SEO plugin v22.8 - https:\/\/yoast.com\/wordpress\/plugins\/seo\/ -->\n<title>Teatro: La Ternura - Altea Cultural<\/title>\n<meta name=\"robots\" content=\"index, follow, max-snippet:-1, max-image-preview:large, max-video-preview:-1\" \/>\n<link rel=\"canonical\" href=\"https:\/\/www.alteacultural.com\/es\/events\/teatro-la-ternura\/\" \/>\n<meta property=\"og:locale\" content=\"es_ES\" \/>\n<meta property=\"og:type\" content=\"article\" \/>\n<meta property=\"og:title\" content=\"Teatro: La Ternura - Altea Cultural\" \/>\n<meta property=\"og:description\" content=\"17-may | 19:00h | Palau Altea Entrada: 20-24 \u20ac. Olympia metropolitana &#8211; El punt de la I La Ternura [&hellip;]\" \/>\n<meta property=\"og:url\" content=\"https:\/\/www.alteacultural.com\/es\/events\/teatro-la-ternura\/\" \/>\n<meta property=\"og:site_name\" content=\"Altea Cultural\" \/>\n<meta property=\"article:modified_time\" content=\"2026-04-27T17:50:58+00:00\" \/>\n<meta property=\"og:image\" content=\"https:\/\/www.alteacultural.com\/wp-content\/uploads\/2026\/04\/banner-la-ternura-1.jpg\" \/>\n\t<meta property=\"og:image:width\" content=\"1200\" \/>\n\t<meta property=\"og:image:height\" content=\"800\" \/>\n\t<meta property=\"og:image:type\" content=\"image\/jpeg\" \/>\n<meta name=\"twitter:card\" content=\"summary_large_image\" \/>\n<meta name=\"twitter:label1\" content=\"Tiempo de lectura\" \/>\n\t<meta name=\"twitter:data1\" content=\"3 minutos\" \/>\n<script type=\"application\/ld+json\" class=\"yoast-schema-graph\">{\"@context\":\"https:\/\/schema.org\",\"@graph\":[{\"@type\":\"WebPage\",\"@id\":\"https:\/\/www.alteacultural.com\/es\/events\/teatro-la-ternura\/\",\"url\":\"https:\/\/www.alteacultural.com\/es\/events\/teatro-la-ternura\/\",\"name\":\"Teatro: La Ternura - Altea Cultural\",\"isPartOf\":{\"@id\":\"https:\/\/www.alteacultural.com\/es\/#website\"},\"primaryImageOfPage\":{\"@id\":\"https:\/\/www.alteacultural.com\/es\/events\/teatro-la-ternura\/#primaryimage\"},\"image\":{\"@id\":\"https:\/\/www.alteacultural.com\/es\/events\/teatro-la-ternura\/#primaryimage\"},\"thumbnailUrl\":\"https:\/\/www.alteacultural.com\/wp-content\/uploads\/2026\/04\/banner-la-ternura-1.jpg\",\"datePublished\":\"2026-04-27T17:46:36+00:00\",\"dateModified\":\"2026-04-27T17:50:58+00:00\",\"breadcrumb\":{\"@id\":\"https:\/\/www.alteacultural.com\/es\/events\/teatro-la-ternura\/#breadcrumb\"},\"inLanguage\":\"es\",\"potentialAction\":[{\"@type\":\"ReadAction\",\"target\":[\"https:\/\/www.alteacultural.com\/es\/events\/teatro-la-ternura\/\"]}]},{\"@type\":\"ImageObject\",\"inLanguage\":\"es\",\"@id\":\"https:\/\/www.alteacultural.com\/es\/events\/teatro-la-ternura\/#primaryimage\",\"url\":\"https:\/\/www.alteacultural.com\/wp-content\/uploads\/2026\/04\/banner-la-ternura-1.jpg\",\"contentUrl\":\"https:\/\/www.alteacultural.com\/wp-content\/uploads\/2026\/04\/banner-la-ternura-1.jpg\",\"width\":1200,\"height\":800},{\"@type\":\"BreadcrumbList\",\"@id\":\"https:\/\/www.alteacultural.com\/es\/events\/teatro-la-ternura\/#breadcrumb\",\"itemListElement\":[{\"@type\":\"ListItem\",\"position\":1,\"name\":\"Inici\",\"item\":\"https:\/\/www.alteacultural.com\/es\/\"},{\"@type\":\"ListItem\",\"position\":2,\"name\":\"Eventos\",\"item\":\"https:\/\/www.alteacultural.com\/es\/events\/\"},{\"@type\":\"ListItem\",\"position\":3,\"name\":\"Teatro: La Ternura\"}]},{\"@type\":\"WebSite\",\"@id\":\"https:\/\/www.alteacultural.com\/es\/#website\",\"url\":\"https:\/\/www.alteacultural.com\/es\/\",\"name\":\"Altea Cultural\",\"description\":\"Regidoria de Cultura de l&#039;Ajuntament d&#039;Altea\",\"potentialAction\":[{\"@type\":\"SearchAction\",\"target\":{\"@type\":\"EntryPoint\",\"urlTemplate\":\"https:\/\/www.alteacultural.com\/es\/?s={search_term_string}\"},\"query-input\":\"required name=search_term_string\"}],\"inLanguage\":\"es\"}]}<\/script>\n<!-- \/ Yoast SEO plugin. -->","yoast_head_json":{"title":"Teatro: La Ternura - Altea Cultural","robots":{"index":"index","follow":"follow","max-snippet":"max-snippet:-1","max-image-preview":"max-image-preview:large","max-video-preview":"max-video-preview:-1"},"canonical":"https:\/\/www.alteacultural.com\/es\/events\/teatro-la-ternura\/","og_locale":"es_ES","og_type":"article","og_title":"Teatro: La Ternura - Altea Cultural","og_description":"17-may | 19:00h | Palau Altea Entrada: 20-24 \u20ac. Olympia metropolitana &#8211; El punt de la I La Ternura [&hellip;]","og_url":"https:\/\/www.alteacultural.com\/es\/events\/teatro-la-ternura\/","og_site_name":"Altea Cultural","article_modified_time":"2026-04-27T17:50:58+00:00","og_image":[{"width":1200,"height":800,"url":"https:\/\/www.alteacultural.com\/wp-content\/uploads\/2026\/04\/banner-la-ternura-1.jpg","type":"image\/jpeg"}],"twitter_card":"summary_large_image","twitter_misc":{"Tiempo de lectura":"3 minutos"},"schema":{"@context":"https:\/\/schema.org","@graph":[{"@type":"WebPage","@id":"https:\/\/www.alteacultural.com\/es\/events\/teatro-la-ternura\/","url":"https:\/\/www.alteacultural.com\/es\/events\/teatro-la-ternura\/","name":"Teatro: La Ternura - Altea Cultural","isPartOf":{"@id":"https:\/\/www.alteacultural.com\/es\/#website"},"primaryImageOfPage":{"@id":"https:\/\/www.alteacultural.com\/es\/events\/teatro-la-ternura\/#primaryimage"},"image":{"@id":"https:\/\/www.alteacultural.com\/es\/events\/teatro-la-ternura\/#primaryimage"},"thumbnailUrl":"https:\/\/www.alteacultural.com\/wp-content\/uploads\/2026\/04\/banner-la-ternura-1.jpg","datePublished":"2026-04-27T17:46:36+00:00","dateModified":"2026-04-27T17:50:58+00:00","breadcrumb":{"@id":"https:\/\/www.alteacultural.com\/es\/events\/teatro-la-ternura\/#breadcrumb"},"inLanguage":"es","potentialAction":[{"@type":"ReadAction","target":["https:\/\/www.alteacultural.com\/es\/events\/teatro-la-ternura\/"]}]},{"@type":"ImageObject","inLanguage":"es","@id":"https:\/\/www.alteacultural.com\/es\/events\/teatro-la-ternura\/#primaryimage","url":"https:\/\/www.alteacultural.com\/wp-content\/uploads\/2026\/04\/banner-la-ternura-1.jpg","contentUrl":"https:\/\/www.alteacultural.com\/wp-content\/uploads\/2026\/04\/banner-la-ternura-1.jpg","width":1200,"height":800},{"@type":"BreadcrumbList","@id":"https:\/\/www.alteacultural.com\/es\/events\/teatro-la-ternura\/#breadcrumb","itemListElement":[{"@type":"ListItem","position":1,"name":"Inici","item":"https:\/\/www.alteacultural.com\/es\/"},{"@type":"ListItem","position":2,"name":"Eventos","item":"https:\/\/www.alteacultural.com\/es\/events\/"},{"@type":"ListItem","position":3,"name":"Teatro: La Ternura"}]},{"@type":"WebSite","@id":"https:\/\/www.alteacultural.com\/es\/#website","url":"https:\/\/www.alteacultural.com\/es\/","name":"Altea Cultural","description":"Regidoria de Cultura de l&#039;Ajuntament d&#039;Altea","potentialAction":[{"@type":"SearchAction","target":{"@type":"EntryPoint","urlTemplate":"https:\/\/www.alteacultural.com\/es\/?s={search_term_string}"},"query-input":"required name=search_term_string"}],"inLanguage":"es"}]}},"mec_cost":"20-24 \u20ac","mec_date":{"start":{"date":"2026-05-17","hour":7,"minutes":"0","ampm":"PM"},"end":{"date":"2026-05-17","hour":9,"minutes":"0","ampm":"PM"},"comment":"","repeat":{"type":"daily","interval":"1","advanced":"","end":"never","end_at_date":"","end_at_occurrences":"10"}},"_links":{"self":[{"href":"https:\/\/www.alteacultural.com\/es\/wp-json\/wp\/v2\/mec-events\/40353"}],"collection":[{"href":"https:\/\/www.alteacultural.com\/es\/wp-json\/wp\/v2\/mec-events"}],"about":[{"href":"https:\/\/www.alteacultural.com\/es\/wp-json\/wp\/v2\/types\/mec-events"}],"author":[{"embeddable":true,"href":"https:\/\/www.alteacultural.com\/es\/wp-json\/wp\/v2\/users\/1"}],"replies":[{"embeddable":true,"href":"https:\/\/www.alteacultural.com\/es\/wp-json\/wp\/v2\/comments?post=40353"}],"wp:featuredmedia":[{"embeddable":true,"href":"https:\/\/www.alteacultural.com\/es\/wp-json\/wp\/v2\/media\/40352"}],"wp:attachment":[{"href":"https:\/\/www.alteacultural.com\/es\/wp-json\/wp\/v2\/media?parent=40353"}],"curies":[{"name":"wp","href":"https:\/\/api.w.org\/{rel}","templated":true}]}}

<p>17-may | 19:00h | Palau Altea</p>
<p>Entrada: 20-24 €.</p>
<p>Olympia metropolitana &#8211; El punt de la I</p>
<p>La Ternura fue galardonada con el Premio Max al mejor espectáculo teatral de 2019 y es una de las grandes obras de Alfredo Sanzol.</p>
<p>Inspirada en comedias de William Shakespeare, La Ternura trata &#8216;de la imposibilidad de protegernos del daño que produce el amor&#8217;, en palabras de su autor.</p>
<p>Alfredo Sanzol, uno de los mejores dramaturgos españoles contemporáneos, teje una trama de enredos y enamoramiento en el siglo XVI para contar con una sonrisa que &#8216;sin ternura el amor no se ve&#8217;.</p>
<p>Sinopsis. La Ternura cuenta la historia de una reina un poco maga y sus dos hijas princesas que viajan en la Armada Invencible, obligadas por Felipe II a casarse en matrimonios de conveniencia con nobles ingleses una vez que se lograra con éxito la invasión de Inglaterra. La Reina Esmeralda odia a los hombres porque siempre han condicionado su vida y le han quitado la libertad, así que no está dispuesta a que sus hijas tengan el mismo destino que ella. Cuando la Armada pasa cerca de una isla que la Reina considera desierta, crea una tormenta que hunde el barco en el que viajan. Su plan es quedarse a vivir en esa isla con sus hijas para no volver a ver a un hombre en su vida. El problema es que eligen una isla en la que desde hace veinte años vive un leñador con sus dos hijos, que huyeron allí para no volver a ver a una mujer en su vida. Cuando la reina y las dos princesas descubren que no están solas, se visten de hombres para protegerse. Y ahí comienzan las aventuras, los enredos, los enamoramientos y las confusiones</p>
<p><span class="titol-durada">Duración:</span> 120 min</p>
<p>&nbsp;</p>
<p><img fetchpriority="high" decoding="async" class="aligncenter wp-image-40339" src="https://www.alteacultural.com/wp-content/uploads/2026/04/imagen-la-Ternura.webp" alt="" width="750" height="500" srcset="https://www.alteacultural.com/wp-content/uploads/2026/04/imagen-la-Ternura.webp 2250w, https://www.alteacultural.com/wp-content/uploads/2026/04/imagen-la-Ternura-768x512.webp 768w, https://www.alteacultural.com/wp-content/uploads/2026/04/imagen-la-Ternura-391x260.webp 391w, https://www.alteacultural.com/wp-content/uploads/2026/04/imagen-la-Ternura-1536x1024.webp 1536w, https://www.alteacultural.com/wp-content/uploads/2026/04/imagen-la-Ternura-2048x1365.webp 2048w" sizes="(max-width: 750px) 100vw, 750px" /></p>
