{"id":5055,"date":"2021-04-16T13:47:56","date_gmt":"2021-04-16T11:47:56","guid":{"rendered":"https:\/\/www.alteacultural.com\/events\/contacontes-i-tallers\/"},"modified":"2024-06-12T21:11:46","modified_gmt":"2024-06-12T19:11:46","slug":"contacontes-i-tallers","status":"publish","type":"mec-events","link":"https:\/\/www.alteacultural.com\/es\/events\/contacontes-i-tallers\/","title":{"rendered":"Contacontes i tallers"},"content":{"rendered":"<p>23 d&#8217;abril | 17:30 h | Pla\u00e7a del mestre la m\u00fasica<\/p>\n<p><span style=\"color: #ff0000;\">Esdeveniment en valenci\u00e0<\/span><\/p>\n<p>&nbsp;<\/p>\n<p>Tlf. Inscripcions: 646251224 \/ 619021920<\/p>\n<p>&nbsp;<\/p>\n<p>Per a el dia del llibre Contacontes i tallers<\/p>\n<p>&nbsp;<\/p>\n<p><img fetchpriority=\"high\" decoding=\"async\" class=\"alignnone size-full wp-image-5050\" src=\"https:\/\/www.alteacultural.com\/wp-content\/uploads\/2021\/04\/PHOTO-2021-04-15-20-45-51.jpg\" alt=\"\" width=\"1500\" height=\"1576\" srcset=\"https:\/\/www.alteacultural.com\/wp-content\/uploads\/2021\/04\/PHOTO-2021-04-15-20-45-51.jpg 1500w, https:\/\/www.alteacultural.com\/wp-content\/uploads\/2021\/04\/PHOTO-2021-04-15-20-45-51-768x807.jpg 768w, https:\/\/www.alteacultural.com\/wp-content\/uploads\/2021\/04\/PHOTO-2021-04-15-20-45-51-1462x1536.jpg 1462w\" sizes=\"(max-width: 1500px) 100vw, 1500px\" \/><\/p>\n","protected":false},"excerpt":{"rendered":"<p>23 d&#8217;abril | 17:30 h | Pla\u00e7a del mestre la m\u00fasica Esdeveniment en valenci\u00e0 &nbsp; Tlf. Inscripcions: 646251224 \/ [&hellip;]<\/p>\n","protected":false},"author":1,"featured_media":5054,"comment_status":"open","ping_status":"closed","template":"","meta":{"_expiration-date-status":"saved","_expiration-date":0,"_expiration-date-type":"","_expiration-date-categories":[],"_expiration-date-options":[]},"yoast_head":"<!-- This site is optimized with the Yoast SEO plugin v22.8 - https:\/\/yoast.com\/wordpress\/plugins\/seo\/ -->\n<title>Contacontes i tallers - Altea Cultural<\/title>\n<meta name=\"robots\" content=\"index, follow, max-snippet:-1, max-image-preview:large, max-video-preview:-1\" \/>\n<link rel=\"canonical\" href=\"https:\/\/www.alteacultural.com\/es\/events\/contacontes-i-tallers\/\" \/>\n<meta property=\"og:locale\" content=\"es_ES\" \/>\n<meta property=\"og:type\" content=\"article\" \/>\n<meta property=\"og:title\" content=\"Contacontes i tallers - Altea Cultural\" \/>\n<meta property=\"og:description\" content=\"23 d&#8217;abril | 17:30 h | Pla\u00e7a del mestre la m\u00fasica Esdeveniment en valenci\u00e0 &nbsp; Tlf. Inscripcions: 646251224 \/ [&hellip;]\" \/>\n<meta property=\"og:url\" content=\"https:\/\/www.alteacultural.com\/es\/events\/contacontes-i-tallers\/\" \/>\n<meta property=\"og:site_name\" content=\"Altea Cultural\" \/>\n<meta property=\"article:modified_time\" content=\"2024-06-12T19:11:46+00:00\" \/>\n<meta property=\"og:image\" content=\"https:\/\/www.alteacultural.com\/wp-content\/uploads\/2021\/04\/CONTACONTES.jpg\" \/>\n\t<meta property=\"og:image:width\" content=\"1080\" \/>\n\t<meta property=\"og:image:height\" content=\"500\" \/>\n\t<meta property=\"og:image:type\" content=\"image\/jpeg\" \/>\n<meta name=\"twitter:card\" content=\"summary_large_image\" \/>\n<meta name=\"twitter:label1\" content=\"Tiempo de lectura\" \/>\n\t<meta name=\"twitter:data1\" content=\"1 minuto\" \/>\n<script type=\"application\/ld+json\" class=\"yoast-schema-graph\">{\"@context\":\"https:\/\/schema.org\",\"@graph\":[{\"@type\":\"WebPage\",\"@id\":\"https:\/\/www.alteacultural.com\/es\/events\/contacontes-i-tallers\/\",\"url\":\"https:\/\/www.alteacultural.com\/es\/events\/contacontes-i-tallers\/\",\"name\":\"Contacontes i tallers - Altea Cultural\",\"isPartOf\":{\"@id\":\"https:\/\/www.alteacultural.com\/es\/#website\"},\"primaryImageOfPage\":{\"@id\":\"https:\/\/www.alteacultural.com\/es\/events\/contacontes-i-tallers\/#primaryimage\"},\"image\":{\"@id\":\"https:\/\/www.alteacultural.com\/es\/events\/contacontes-i-tallers\/#primaryimage\"},\"thumbnailUrl\":\"https:\/\/www.alteacultural.com\/wp-content\/uploads\/2021\/04\/CONTACONTES.jpg\",\"datePublished\":\"2021-04-16T11:47:56+00:00\",\"dateModified\":\"2024-06-12T19:11:46+00:00\",\"breadcrumb\":{\"@id\":\"https:\/\/www.alteacultural.com\/es\/events\/contacontes-i-tallers\/#breadcrumb\"},\"inLanguage\":\"es\",\"potentialAction\":[{\"@type\":\"ReadAction\",\"target\":[\"https:\/\/www.alteacultural.com\/es\/events\/contacontes-i-tallers\/\"]}]},{\"@type\":\"ImageObject\",\"inLanguage\":\"es\",\"@id\":\"https:\/\/www.alteacultural.com\/es\/events\/contacontes-i-tallers\/#primaryimage\",\"url\":\"https:\/\/www.alteacultural.com\/wp-content\/uploads\/2021\/04\/CONTACONTES.jpg\",\"contentUrl\":\"https:\/\/www.alteacultural.com\/wp-content\/uploads\/2021\/04\/CONTACONTES.jpg\",\"width\":1080,\"height\":500},{\"@type\":\"BreadcrumbList\",\"@id\":\"https:\/\/www.alteacultural.com\/es\/events\/contacontes-i-tallers\/#breadcrumb\",\"itemListElement\":[{\"@type\":\"ListItem\",\"position\":1,\"name\":\"Inici\",\"item\":\"https:\/\/www.alteacultural.com\/es\/\"},{\"@type\":\"ListItem\",\"position\":2,\"name\":\"Eventos\",\"item\":\"https:\/\/www.alteacultural.com\/es\/events\/\"},{\"@type\":\"ListItem\",\"position\":3,\"name\":\"Contacontes i tallers\"}]},{\"@type\":\"WebSite\",\"@id\":\"https:\/\/www.alteacultural.com\/es\/#website\",\"url\":\"https:\/\/www.alteacultural.com\/es\/\",\"name\":\"Altea Cultural\",\"description\":\"Regidoria de Cultura de l&#039;Ajuntament d&#039;Altea\",\"potentialAction\":[{\"@type\":\"SearchAction\",\"target\":{\"@type\":\"EntryPoint\",\"urlTemplate\":\"https:\/\/www.alteacultural.com\/es\/?s={search_term_string}\"},\"query-input\":\"required name=search_term_string\"}],\"inLanguage\":\"es\"}]}<\/script>\n<!-- \/ Yoast SEO plugin. -->","yoast_head_json":{"title":"Contacontes i tallers - Altea Cultural","robots":{"index":"index","follow":"follow","max-snippet":"max-snippet:-1","max-image-preview":"max-image-preview:large","max-video-preview":"max-video-preview:-1"},"canonical":"https:\/\/www.alteacultural.com\/es\/events\/contacontes-i-tallers\/","og_locale":"es_ES","og_type":"article","og_title":"Contacontes i tallers - Altea Cultural","og_description":"23 d&#8217;abril | 17:30 h | Pla\u00e7a del mestre la m\u00fasica Esdeveniment en valenci\u00e0 &nbsp; Tlf. Inscripcions: 646251224 \/ [&hellip;]","og_url":"https:\/\/www.alteacultural.com\/es\/events\/contacontes-i-tallers\/","og_site_name":"Altea Cultural","article_modified_time":"2024-06-12T19:11:46+00:00","og_image":[{"width":1080,"height":500,"url":"https:\/\/www.alteacultural.com\/wp-content\/uploads\/2021\/04\/CONTACONTES.jpg","type":"image\/jpeg"}],"twitter_card":"summary_large_image","twitter_misc":{"Tiempo de lectura":"1 minuto"},"schema":{"@context":"https:\/\/schema.org","@graph":[{"@type":"WebPage","@id":"https:\/\/www.alteacultural.com\/es\/events\/contacontes-i-tallers\/","url":"https:\/\/www.alteacultural.com\/es\/events\/contacontes-i-tallers\/","name":"Contacontes i tallers - Altea Cultural","isPartOf":{"@id":"https:\/\/www.alteacultural.com\/es\/#website"},"primaryImageOfPage":{"@id":"https:\/\/www.alteacultural.com\/es\/events\/contacontes-i-tallers\/#primaryimage"},"image":{"@id":"https:\/\/www.alteacultural.com\/es\/events\/contacontes-i-tallers\/#primaryimage"},"thumbnailUrl":"https:\/\/www.alteacultural.com\/wp-content\/uploads\/2021\/04\/CONTACONTES.jpg","datePublished":"2021-04-16T11:47:56+00:00","dateModified":"2024-06-12T19:11:46+00:00","breadcrumb":{"@id":"https:\/\/www.alteacultural.com\/es\/events\/contacontes-i-tallers\/#breadcrumb"},"inLanguage":"es","potentialAction":[{"@type":"ReadAction","target":["https:\/\/www.alteacultural.com\/es\/events\/contacontes-i-tallers\/"]}]},{"@type":"ImageObject","inLanguage":"es","@id":"https:\/\/www.alteacultural.com\/es\/events\/contacontes-i-tallers\/#primaryimage","url":"https:\/\/www.alteacultural.com\/wp-content\/uploads\/2021\/04\/CONTACONTES.jpg","contentUrl":"https:\/\/www.alteacultural.com\/wp-content\/uploads\/2021\/04\/CONTACONTES.jpg","width":1080,"height":500},{"@type":"BreadcrumbList","@id":"https:\/\/www.alteacultural.com\/es\/events\/contacontes-i-tallers\/#breadcrumb","itemListElement":[{"@type":"ListItem","position":1,"name":"Inici","item":"https:\/\/www.alteacultural.com\/es\/"},{"@type":"ListItem","position":2,"name":"Eventos","item":"https:\/\/www.alteacultural.com\/es\/events\/"},{"@type":"ListItem","position":3,"name":"Contacontes i tallers"}]},{"@type":"WebSite","@id":"https:\/\/www.alteacultural.com\/es\/#website","url":"https:\/\/www.alteacultural.com\/es\/","name":"Altea Cultural","description":"Regidoria de Cultura de l&#039;Ajuntament d&#039;Altea","potentialAction":[{"@type":"SearchAction","target":{"@type":"EntryPoint","urlTemplate":"https:\/\/www.alteacultural.com\/es\/?s={search_term_string}"},"query-input":"required name=search_term_string"}],"inLanguage":"es"}]}},"mec_cost":"","mec_date":{"start":{"date":"2021-04-23","hour":5,"minutes":"30","ampm":"PM"},"end":{"date":"2021-04-23","hour":7,"minutes":"0","ampm":"PM"},"comment":"","repeat":{"type":"daily","interval":"1","advanced":"","end":"never","end_at_date":"","end_at_occurrences":"10"}},"_links":{"self":[{"href":"https:\/\/www.alteacultural.com\/es\/wp-json\/wp\/v2\/mec-events\/5055"}],"collection":[{"href":"https:\/\/www.alteacultural.com\/es\/wp-json\/wp\/v2\/mec-events"}],"about":[{"href":"https:\/\/www.alteacultural.com\/es\/wp-json\/wp\/v2\/types\/mec-events"}],"author":[{"embeddable":true,"href":"https:\/\/www.alteacultural.com\/es\/wp-json\/wp\/v2\/users\/1"}],"replies":[{"embeddable":true,"href":"https:\/\/www.alteacultural.com\/es\/wp-json\/wp\/v2\/comments?post=5055"}],"wp:featuredmedia":[{"embeddable":true,"href":"https:\/\/www.alteacultural.com\/es\/wp-json\/wp\/v2\/media\/5054"}],"wp:attachment":[{"href":"https:\/\/www.alteacultural.com\/es\/wp-json\/wp\/v2\/media?parent=5055"}],"curies":[{"name":"wp","href":"https:\/\/api.w.org\/{rel}","templated":true}]}}

<p>23 d&#8217;abril | 17:30 h | Plaça del mestre la música</p>
<p><span style="color: #ff0000;">Esdeveniment en valencià</span></p>
<p>&nbsp;</p>
<p>Tlf. Inscripcions: 646251224 / 619021920</p>
<p>&nbsp;</p>
<p>Per a el dia del llibre Contacontes i tallers</p>
<p>&nbsp;</p>
<p><img fetchpriority="high" decoding="async" class="alignnone size-full wp-image-5050" src="https://www.alteacultural.com/wp-content/uploads/2021/04/PHOTO-2021-04-15-20-45-51.jpg" alt="" width="1500" height="1576" srcset="https://www.alteacultural.com/wp-content/uploads/2021/04/PHOTO-2021-04-15-20-45-51.jpg 1500w, https://www.alteacultural.com/wp-content/uploads/2021/04/PHOTO-2021-04-15-20-45-51-768x807.jpg 768w, https://www.alteacultural.com/wp-content/uploads/2021/04/PHOTO-2021-04-15-20-45-51-1462x1536.jpg 1462w" sizes="(max-width: 1500px) 100vw, 1500px" /></p>

<p>23 d&#8217;abril | 17:30 h | Plaça del mestre la música Esdeveniment en valencià &nbsp; Tlf. Inscripcions: 646251224 / [&hellip;]</p>

<!-- This site is optimized with the Yoast SEO plugin v22.8 - https://yoast.com/wordpress/plugins/seo/ -->
<title>Contacontes i tallers - Altea Cultural</title>
<meta name="robots" content="index, follow, max-snippet:-1, max-image-preview:large, max-video-preview:-1" />
<link rel="canonical" href="https://www.alteacultural.com/es/events/contacontes-i-tallers/" />
<meta property="og:locale" content="es_ES" />
<meta property="og:type" content="article" />
<meta property="og:title" content="Contacontes i tallers - Altea Cultural" />
<meta property="og:description" content="23 d&#8217;abril | 17:30 h | Plaça del mestre la música Esdeveniment en valencià &nbsp; Tlf. Inscripcions: 646251224 / [&hellip;]" />
<meta property="og:url" content="https://www.alteacultural.com/es/events/contacontes-i-tallers/" />
<meta property="og:site_name" content="Altea Cultural" />
<meta property="article:modified_time" content="2024-06-12T19:11:46+00:00" />
<meta property="og:image" content="https://www.alteacultural.com/wp-content/uploads/2021/04/CONTACONTES.jpg" />
	<meta property="og:image:width" content="1080" />
	<meta property="og:image:height" content="500" />
	<meta property="og:image:type" content="image/jpeg" />
<meta name="twitter:card" content="summary_large_image" />
<meta name="twitter:label1" content="Tiempo de lectura" />
	<meta name="twitter:data1" content="1 minuto" />
<script type="application/ld+json" class="yoast-schema-graph">{"@context":"https://schema.org","@graph":[{"@type":"WebPage","@id":"https://www.alteacultural.com/es/events/contacontes-i-tallers/","url":"https://www.alteacultural.com/es/events/contacontes-i-tallers/","name":"Contacontes i tallers - Altea Cultural","isPartOf":{"@id":"https://www.alteacultural.com/es/#website"},"primaryImageOfPage":{"@id":"https://www.alteacultural.com/es/events/contacontes-i-tallers/#primaryimage"},"image":{"@id":"https://www.alteacultural.com/es/events/contacontes-i-tallers/#primaryimage"},"thumbnailUrl":"https://www.alteacultural.com/wp-content/uploads/2021/04/CONTACONTES.jpg","datePublished":"2021-04-16T11:47:56+00:00","dateModified":"2024-06-12T19:11:46+00:00","breadcrumb":{"@id":"https://www.alteacultural.com/es/events/contacontes-i-tallers/#breadcrumb"},"inLanguage":"es","potentialAction":[{"@type":"ReadAction","target":["https://www.alteacultural.com/es/events/contacontes-i-tallers/"]}]},{"@type":"ImageObject","inLanguage":"es","@id":"https://www.alteacultural.com/es/events/contacontes-i-tallers/#primaryimage","url":"https://www.alteacultural.com/wp-content/uploads/2021/04/CONTACONTES.jpg","contentUrl":"https://www.alteacultural.com/wp-content/uploads/2021/04/CONTACONTES.jpg","width":1080,"height":500},{"@type":"BreadcrumbList","@id":"https://www.alteacultural.com/es/events/contacontes-i-tallers/#breadcrumb","itemListElement":[{"@type":"ListItem","position":1,"name":"Inici","item":"https://www.alteacultural.com/es/"},{"@type":"ListItem","position":2,"name":"Eventos","item":"https://www.alteacultural.com/es/events/"},{"@type":"ListItem","position":3,"name":"Contacontes i tallers"}]},{"@type":"WebSite","@id":"https://www.alteacultural.com/es/#website","url":"https://www.alteacultural.com/es/","name":"Altea Cultural","description":"Regidoria de Cultura de l&#039;Ajuntament d&#039;Altea","potentialAction":[{"@type":"SearchAction","target":{"@type":"EntryPoint","urlTemplate":"https://www.alteacultural.com/es/?s={search_term_string}"},"query-input":"required name=search_term_string"}],"inLanguage":"es"}]}</script>
<!-- / Yoast SEO plugin. -->

23 d&#8217;abril | 17:30 h | Plaça del mestre la música Esdeveniment en valencià &nbsp; Tlf. Inscripcions: 646251224 / [&hellip;]
