{"id":6145,"date":"2021-04-30T13:15:43","date_gmt":"2021-04-30T11:15:43","guid":{"rendered":"https:\/\/www.alteacultural.com\/events\/el-meravellos-viatge-de-la-lea\/"},"modified":"2026-04-25T12:30:59","modified_gmt":"2026-04-25T10:30:59","slug":"el-meravellos-viatge-de-la-lea","status":"publish","type":"mec-events","link":"https:\/\/www.alteacultural.com\/es\/events\/el-meravellos-viatge-de-la-lea\/","title":{"rendered":"El meravell\u00f3s viatge de la lea"},"content":{"rendered":"<p><em><span style=\"color: #ff0000;\">Espect\u00e1culo infantil en valenciano<\/span><\/em><\/p>\n<p>6 de junio | 17:00 h | Centro Cultural de Altea la Vieja<\/p>\n<p><em>El Meravell\u00f3s viatge de la Lea<\/em> \u00e9s un espectacle de teatre musical, un viatge que explora les motivacions de qualsevol nena i nen transitant pels seus somnis, desitjos, raonaments, inquietuds, pors i emocions. Que ens trasllada a l&#8217;univers interior i imaginari d&#8217;una nena de cinc anys, en un \u00fanic i irrepetible viatge estiuenc en caravana, amb les seves dues mares, cap a la <em>Playa de las Langostas<\/em>. Dest\u00ed ut\u00f2pic i fantasi\u00f3s, que ens fa transc\u00f3rrer i ser c\u00f2mplices d&#8217;un viatge a trav\u00e9s de les diversitats culturals i familiars. De les lleng\u00fces reals i inventades fent \u00fas de la paraula i el cos. De les m\u00fasiques i de les can\u00e7ons com a fil conductor\u00a0 amb la veu espectacular de la nostra protagonista.\u00a0 De la diversitat de llenguatges esc\u00e8nics on els petits objectes i joguines\u00a0 prenen vida a trav\u00e9s de la c\u00e0mera. De moments bojos i surrealistes plens d&#8217;humor i de com\u00e8dia, on passem de la paraula del conte, a unes ombres xineses o fins i tot a les olors delicioses d\u2019un past\u00eds fet en escena&#8230;<\/p>\n<p><a href=\"https:\/\/www.alteacultural.com\/wp-content\/uploads\/2021\/04\/PROGRAMA-2021-06-06.pdf\" target=\"_blank\" rel=\"noopener noreferrer\">VEURE PROGRAMA DE M\u00c0<\/a><\/p>\n<p>&nbsp;<\/p>\n<p><img fetchpriority=\"high\" decoding=\"async\" class=\"aligncenter wp-image-6141\" src=\"https:\/\/www.alteacultural.com\/wp-content\/uploads\/2021\/04\/CARTELL-VERTICAL-ALTEA_page-0001.jpg\" alt=\"\" width=\"750\" height=\"1060\" srcset=\"https:\/\/www.alteacultural.com\/wp-content\/uploads\/2021\/04\/CARTELL-VERTICAL-ALTEA_page-0001.jpg 1241w, https:\/\/www.alteacultural.com\/wp-content\/uploads\/2021\/04\/CARTELL-VERTICAL-ALTEA_page-0001-768x1085.jpg 768w, https:\/\/www.alteacultural.com\/wp-content\/uploads\/2021\/04\/CARTELL-VERTICAL-ALTEA_page-0001-1087x1536.jpg 1087w\" sizes=\"(max-width: 750px) 100vw, 750px\" \/><\/p>\n<p>&nbsp;<\/p>\n<p>&nbsp;<\/p>\n","protected":false},"excerpt":{"rendered":"<p>Espect\u00e1culo infantil en valenciano 6 de junio | 17:00 h | Centro Cultural de Altea la Vieja El Meravell\u00f3s [&hellip;]<\/p>\n","protected":false},"author":1,"featured_media":6144,"comment_status":"open","ping_status":"closed","template":"","meta":{"_expiration-date-status":"saved","_expiration-date":0,"_expiration-date-type":"","_expiration-date-categories":[],"_expiration-date-options":[]},"yoast_head":"<!-- This site is optimized with the Yoast SEO plugin v22.8 - https:\/\/yoast.com\/wordpress\/plugins\/seo\/ -->\n<title>El meravell\u00f3s viatge de la lea - Altea Cultural<\/title>\n<meta name=\"robots\" content=\"index, follow, max-snippet:-1, max-image-preview:large, max-video-preview:-1\" \/>\n<link rel=\"canonical\" href=\"https:\/\/www.alteacultural.com\/es\/events\/el-meravellos-viatge-de-la-lea\/\" \/>\n<meta property=\"og:locale\" content=\"es_ES\" \/>\n<meta property=\"og:type\" content=\"article\" \/>\n<meta property=\"og:title\" content=\"El meravell\u00f3s viatge de la lea - Altea Cultural\" \/>\n<meta property=\"og:description\" content=\"Espect\u00e1culo infantil en valenciano 6 de junio | 17:00 h | Centro Cultural de Altea la Vieja El Meravell\u00f3s [&hellip;]\" \/>\n<meta property=\"og:url\" content=\"https:\/\/www.alteacultural.com\/es\/events\/el-meravellos-viatge-de-la-lea\/\" \/>\n<meta property=\"og:site_name\" content=\"Altea Cultural\" \/>\n<meta property=\"article:modified_time\" content=\"2026-04-25T10:30:59+00:00\" \/>\n<meta property=\"og:image\" content=\"https:\/\/www.alteacultural.com\/wp-content\/uploads\/2021\/04\/meravellos-viatge.jpg\" \/>\n\t<meta property=\"og:image:width\" content=\"1080\" \/>\n\t<meta property=\"og:image:height\" content=\"500\" \/>\n\t<meta property=\"og:image:type\" content=\"image\/jpeg\" \/>\n<meta name=\"twitter:card\" content=\"summary_large_image\" \/>\n<meta name=\"twitter:label1\" content=\"Tiempo de lectura\" \/>\n\t<meta name=\"twitter:data1\" content=\"2 minutos\" \/>\n<script type=\"application\/ld+json\" class=\"yoast-schema-graph\">{\"@context\":\"https:\/\/schema.org\",\"@graph\":[{\"@type\":\"WebPage\",\"@id\":\"https:\/\/www.alteacultural.com\/es\/events\/el-meravellos-viatge-de-la-lea\/\",\"url\":\"https:\/\/www.alteacultural.com\/es\/events\/el-meravellos-viatge-de-la-lea\/\",\"name\":\"El meravell\u00f3s viatge de la lea - Altea Cultural\",\"isPartOf\":{\"@id\":\"https:\/\/www.alteacultural.com\/es\/#website\"},\"primaryImageOfPage\":{\"@id\":\"https:\/\/www.alteacultural.com\/es\/events\/el-meravellos-viatge-de-la-lea\/#primaryimage\"},\"image\":{\"@id\":\"https:\/\/www.alteacultural.com\/es\/events\/el-meravellos-viatge-de-la-lea\/#primaryimage\"},\"thumbnailUrl\":\"https:\/\/www.alteacultural.com\/wp-content\/uploads\/2021\/04\/meravellos-viatge.jpg\",\"datePublished\":\"2021-04-30T11:15:43+00:00\",\"dateModified\":\"2026-04-25T10:30:59+00:00\",\"breadcrumb\":{\"@id\":\"https:\/\/www.alteacultural.com\/es\/events\/el-meravellos-viatge-de-la-lea\/#breadcrumb\"},\"inLanguage\":\"es\",\"potentialAction\":[{\"@type\":\"ReadAction\",\"target\":[\"https:\/\/www.alteacultural.com\/es\/events\/el-meravellos-viatge-de-la-lea\/\"]}]},{\"@type\":\"ImageObject\",\"inLanguage\":\"es\",\"@id\":\"https:\/\/www.alteacultural.com\/es\/events\/el-meravellos-viatge-de-la-lea\/#primaryimage\",\"url\":\"https:\/\/www.alteacultural.com\/wp-content\/uploads\/2021\/04\/meravellos-viatge.jpg\",\"contentUrl\":\"https:\/\/www.alteacultural.com\/wp-content\/uploads\/2021\/04\/meravellos-viatge.jpg\",\"width\":1080,\"height\":500},{\"@type\":\"BreadcrumbList\",\"@id\":\"https:\/\/www.alteacultural.com\/es\/events\/el-meravellos-viatge-de-la-lea\/#breadcrumb\",\"itemListElement\":[{\"@type\":\"ListItem\",\"position\":1,\"name\":\"Inici\",\"item\":\"https:\/\/www.alteacultural.com\/es\/\"},{\"@type\":\"ListItem\",\"position\":2,\"name\":\"Eventos\",\"item\":\"https:\/\/www.alteacultural.com\/es\/events\/\"},{\"@type\":\"ListItem\",\"position\":3,\"name\":\"El meravell\u00f3s viatge de la lea\"}]},{\"@type\":\"WebSite\",\"@id\":\"https:\/\/www.alteacultural.com\/es\/#website\",\"url\":\"https:\/\/www.alteacultural.com\/es\/\",\"name\":\"Altea Cultural\",\"description\":\"Regidoria de Cultura de l&#039;Ajuntament d&#039;Altea\",\"potentialAction\":[{\"@type\":\"SearchAction\",\"target\":{\"@type\":\"EntryPoint\",\"urlTemplate\":\"https:\/\/www.alteacultural.com\/es\/?s={search_term_string}\"},\"query-input\":\"required name=search_term_string\"}],\"inLanguage\":\"es\"}]}<\/script>\n<!-- \/ Yoast SEO plugin. -->","yoast_head_json":{"title":"El meravell\u00f3s viatge de la lea - Altea Cultural","robots":{"index":"index","follow":"follow","max-snippet":"max-snippet:-1","max-image-preview":"max-image-preview:large","max-video-preview":"max-video-preview:-1"},"canonical":"https:\/\/www.alteacultural.com\/es\/events\/el-meravellos-viatge-de-la-lea\/","og_locale":"es_ES","og_type":"article","og_title":"El meravell\u00f3s viatge de la lea - Altea Cultural","og_description":"Espect\u00e1culo infantil en valenciano 6 de junio | 17:00 h | Centro Cultural de Altea la Vieja El Meravell\u00f3s [&hellip;]","og_url":"https:\/\/www.alteacultural.com\/es\/events\/el-meravellos-viatge-de-la-lea\/","og_site_name":"Altea Cultural","article_modified_time":"2026-04-25T10:30:59+00:00","og_image":[{"width":1080,"height":500,"url":"https:\/\/www.alteacultural.com\/wp-content\/uploads\/2021\/04\/meravellos-viatge.jpg","type":"image\/jpeg"}],"twitter_card":"summary_large_image","twitter_misc":{"Tiempo de lectura":"2 minutos"},"schema":{"@context":"https:\/\/schema.org","@graph":[{"@type":"WebPage","@id":"https:\/\/www.alteacultural.com\/es\/events\/el-meravellos-viatge-de-la-lea\/","url":"https:\/\/www.alteacultural.com\/es\/events\/el-meravellos-viatge-de-la-lea\/","name":"El meravell\u00f3s viatge de la lea - Altea Cultural","isPartOf":{"@id":"https:\/\/www.alteacultural.com\/es\/#website"},"primaryImageOfPage":{"@id":"https:\/\/www.alteacultural.com\/es\/events\/el-meravellos-viatge-de-la-lea\/#primaryimage"},"image":{"@id":"https:\/\/www.alteacultural.com\/es\/events\/el-meravellos-viatge-de-la-lea\/#primaryimage"},"thumbnailUrl":"https:\/\/www.alteacultural.com\/wp-content\/uploads\/2021\/04\/meravellos-viatge.jpg","datePublished":"2021-04-30T11:15:43+00:00","dateModified":"2026-04-25T10:30:59+00:00","breadcrumb":{"@id":"https:\/\/www.alteacultural.com\/es\/events\/el-meravellos-viatge-de-la-lea\/#breadcrumb"},"inLanguage":"es","potentialAction":[{"@type":"ReadAction","target":["https:\/\/www.alteacultural.com\/es\/events\/el-meravellos-viatge-de-la-lea\/"]}]},{"@type":"ImageObject","inLanguage":"es","@id":"https:\/\/www.alteacultural.com\/es\/events\/el-meravellos-viatge-de-la-lea\/#primaryimage","url":"https:\/\/www.alteacultural.com\/wp-content\/uploads\/2021\/04\/meravellos-viatge.jpg","contentUrl":"https:\/\/www.alteacultural.com\/wp-content\/uploads\/2021\/04\/meravellos-viatge.jpg","width":1080,"height":500},{"@type":"BreadcrumbList","@id":"https:\/\/www.alteacultural.com\/es\/events\/el-meravellos-viatge-de-la-lea\/#breadcrumb","itemListElement":[{"@type":"ListItem","position":1,"name":"Inici","item":"https:\/\/www.alteacultural.com\/es\/"},{"@type":"ListItem","position":2,"name":"Eventos","item":"https:\/\/www.alteacultural.com\/es\/events\/"},{"@type":"ListItem","position":3,"name":"El meravell\u00f3s viatge de la lea"}]},{"@type":"WebSite","@id":"https:\/\/www.alteacultural.com\/es\/#website","url":"https:\/\/www.alteacultural.com\/es\/","name":"Altea Cultural","description":"Regidoria de Cultura de l&#039;Ajuntament d&#039;Altea","potentialAction":[{"@type":"SearchAction","target":{"@type":"EntryPoint","urlTemplate":"https:\/\/www.alteacultural.com\/es\/?s={search_term_string}"},"query-input":"required name=search_term_string"}],"inLanguage":"es"}]}},"mec_cost":"Entrada Libre","mec_date":{"start":{"date":"2021-06-06","hour":5,"minutes":"0","ampm":"PM"},"end":{"date":"2021-06-06","hour":6,"minutes":"0","ampm":"PM"},"comment":"","repeat":{"type":"daily","interval":"1","advanced":"","end":"never","end_at_date":"","end_at_occurrences":"10"}},"_links":{"self":[{"href":"https:\/\/www.alteacultural.com\/es\/wp-json\/wp\/v2\/mec-events\/6145"}],"collection":[{"href":"https:\/\/www.alteacultural.com\/es\/wp-json\/wp\/v2\/mec-events"}],"about":[{"href":"https:\/\/www.alteacultural.com\/es\/wp-json\/wp\/v2\/types\/mec-events"}],"author":[{"embeddable":true,"href":"https:\/\/www.alteacultural.com\/es\/wp-json\/wp\/v2\/users\/1"}],"replies":[{"embeddable":true,"href":"https:\/\/www.alteacultural.com\/es\/wp-json\/wp\/v2\/comments?post=6145"}],"wp:featuredmedia":[{"embeddable":true,"href":"https:\/\/www.alteacultural.com\/es\/wp-json\/wp\/v2\/media\/6144"}],"wp:attachment":[{"href":"https:\/\/www.alteacultural.com\/es\/wp-json\/wp\/v2\/media?parent=6145"}],"curies":[{"name":"wp","href":"https:\/\/api.w.org\/{rel}","templated":true}]}}

El meravellós viatge de la lea

<p><em><span style="color: #ff0000;">Espectáculo infantil en valenciano</span></em></p>
<p>6 de junio | 17:00 h | Centro Cultural de Altea la Vieja</p>
<p><em>El Meravellós viatge de la Lea</em> és un espectacle de teatre musical, un viatge que explora les motivacions de qualsevol nena i nen transitant pels seus somnis, desitjos, raonaments, inquietuds, pors i emocions. Que ens trasllada a l&#8217;univers interior i imaginari d&#8217;una nena de cinc anys, en un únic i irrepetible viatge estiuenc en caravana, amb les seves dues mares, cap a la <em>Playa de las Langostas</em>. Destí utòpic i fantasiós, que ens fa transcórrer i ser còmplices d&#8217;un viatge a través de les diversitats culturals i familiars. De les llengües reals i inventades fent ús de la paraula i el cos. De les músiques i de les cançons com a fil conductor  amb la veu espectacular de la nostra protagonista.  De la diversitat de llenguatges escènics on els petits objectes i joguines  prenen vida a través de la càmera. De moments bojos i surrealistes plens d&#8217;humor i de comèdia, on passem de la paraula del conte, a unes ombres xineses o fins i tot a les olors delicioses d’un pastís fet en escena&#8230;</p>
<p><a href="https://www.alteacultural.com/wp-content/uploads/2021/04/PROGRAMA-2021-06-06.pdf" target="_blank" rel="noopener noreferrer">VEURE PROGRAMA DE MÀ</a></p>
<p>&nbsp;</p>
<p><img fetchpriority="high" decoding="async" class="aligncenter wp-image-6141" src="https://www.alteacultural.com/wp-content/uploads/2021/04/CARTELL-VERTICAL-ALTEA_page-0001.jpg" alt="" width="750" height="1060" srcset="https://www.alteacultural.com/wp-content/uploads/2021/04/CARTELL-VERTICAL-ALTEA_page-0001.jpg 1241w, https://www.alteacultural.com/wp-content/uploads/2021/04/CARTELL-VERTICAL-ALTEA_page-0001-768x1085.jpg 768w, https://www.alteacultural.com/wp-content/uploads/2021/04/CARTELL-VERTICAL-ALTEA_page-0001-1087x1536.jpg 1087w" sizes="(max-width: 750px) 100vw, 750px" /></p>
<p>&nbsp;</p>
<p>&nbsp;</p>

<p>Espectáculo infantil en valenciano 6 de junio | 17:00 h | Centro Cultural de Altea la Vieja El Meravellós [&hellip;]</p>

<!-- This site is optimized with the Yoast SEO plugin v22.8 - https://yoast.com/wordpress/plugins/seo/ -->
<title>El meravellós viatge de la lea - Altea Cultural</title>
<meta name="robots" content="index, follow, max-snippet:-1, max-image-preview:large, max-video-preview:-1" />
<link rel="canonical" href="https://www.alteacultural.com/es/events/el-meravellos-viatge-de-la-lea/" />
<meta property="og:locale" content="es_ES" />
<meta property="og:type" content="article" />
<meta property="og:title" content="El meravellós viatge de la lea - Altea Cultural" />
<meta property="og:description" content="Espectáculo infantil en valenciano 6 de junio | 17:00 h | Centro Cultural de Altea la Vieja El Meravellós [&hellip;]" />
<meta property="og:url" content="https://www.alteacultural.com/es/events/el-meravellos-viatge-de-la-lea/" />
<meta property="og:site_name" content="Altea Cultural" />
<meta property="article:modified_time" content="2026-04-25T10:30:59+00:00" />
<meta property="og:image" content="https://www.alteacultural.com/wp-content/uploads/2021/04/meravellos-viatge.jpg" />
	<meta property="og:image:width" content="1080" />
	<meta property="og:image:height" content="500" />
	<meta property="og:image:type" content="image/jpeg" />
<meta name="twitter:card" content="summary_large_image" />
<meta name="twitter:label1" content="Tiempo de lectura" />
	<meta name="twitter:data1" content="2 minutos" />
<script type="application/ld+json" class="yoast-schema-graph">{"@context":"https://schema.org","@graph":[{"@type":"WebPage","@id":"https://www.alteacultural.com/es/events/el-meravellos-viatge-de-la-lea/","url":"https://www.alteacultural.com/es/events/el-meravellos-viatge-de-la-lea/","name":"El meravellós viatge de la lea - Altea Cultural","isPartOf":{"@id":"https://www.alteacultural.com/es/#website"},"primaryImageOfPage":{"@id":"https://www.alteacultural.com/es/events/el-meravellos-viatge-de-la-lea/#primaryimage"},"image":{"@id":"https://www.alteacultural.com/es/events/el-meravellos-viatge-de-la-lea/#primaryimage"},"thumbnailUrl":"https://www.alteacultural.com/wp-content/uploads/2021/04/meravellos-viatge.jpg","datePublished":"2021-04-30T11:15:43+00:00","dateModified":"2026-04-25T10:30:59+00:00","breadcrumb":{"@id":"https://www.alteacultural.com/es/events/el-meravellos-viatge-de-la-lea/#breadcrumb"},"inLanguage":"es","potentialAction":[{"@type":"ReadAction","target":["https://www.alteacultural.com/es/events/el-meravellos-viatge-de-la-lea/"]}]},{"@type":"ImageObject","inLanguage":"es","@id":"https://www.alteacultural.com/es/events/el-meravellos-viatge-de-la-lea/#primaryimage","url":"https://www.alteacultural.com/wp-content/uploads/2021/04/meravellos-viatge.jpg","contentUrl":"https://www.alteacultural.com/wp-content/uploads/2021/04/meravellos-viatge.jpg","width":1080,"height":500},{"@type":"BreadcrumbList","@id":"https://www.alteacultural.com/es/events/el-meravellos-viatge-de-la-lea/#breadcrumb","itemListElement":[{"@type":"ListItem","position":1,"name":"Inici","item":"https://www.alteacultural.com/es/"},{"@type":"ListItem","position":2,"name":"Eventos","item":"https://www.alteacultural.com/es/events/"},{"@type":"ListItem","position":3,"name":"El meravellós viatge de la lea"}]},{"@type":"WebSite","@id":"https://www.alteacultural.com/es/#website","url":"https://www.alteacultural.com/es/","name":"Altea Cultural","description":"Regidoria de Cultura de l&#039;Ajuntament d&#039;Altea","potentialAction":[{"@type":"SearchAction","target":{"@type":"EntryPoint","urlTemplate":"https://www.alteacultural.com/es/?s={search_term_string}"},"query-input":"required name=search_term_string"}],"inLanguage":"es"}]}</script>
<!-- / Yoast SEO plugin. -->

El meravellós viatge de la lea - Altea Cultural

Espectáculo infantil en valenciano 6 de junio | 17:00 h | Centro Cultural de Altea la Vieja El Meravellós [&hellip;]
