{"id":7848,"date":"2021-06-01T20:27:12","date_gmt":"2021-06-01T18:27:12","guid":{"rendered":"https:\/\/www.alteacultural.com\/events\/gala-premis-altea-2021\/"},"modified":"2025-06-29T11:51:46","modified_gmt":"2025-06-29T09:51:46","slug":"gala-premis-altea-2021","status":"publish","type":"mec-events","link":"https:\/\/www.alteacultural.com\/es\/events\/gala-premis-altea-2021\/","title":{"rendered":"Acte Gala dels Premis Altea 2021"},"content":{"rendered":"<p>ACTO EN VALENCIANO<\/p>\n<p>19-jun<br \/>\nActe Gala dels Premis Altea 2021<\/p>\n<p>Entrada gratu\u00efta amb reserva en alteacultural.com.<br \/>\nCal ocupar seient amb 15 min. d\u2019antelaci\u00f3 (les reserves tenen una validesa fins 15 min. abans de l\u2019acte).<br \/>\nReserves tamb\u00e9 disponibles en Casa de Cultura Altea (dimarts i dijous).<\/p>\n<p>Aforament limitat i mesures especials Covid-19.<\/p>\n<p>L&#8217;acte constar\u00e0 de lliurament de premis, actuaci\u00f3 de l&#8217;Orquestra Blava, obsequis i parlaments, vetlada liter\u00e0ria.<br \/>\n20:00 h \u00b7 Auditori Pla\u00e7a de l&#8217;Aigua<\/p>\n<p><a href=\"https:\/\/www.alteacultural.com\/2021\/06\/18\/segueix-la-gala-de-lliurament-dels-premis-altea-2021\/\">Retransmissi\u00f3 en directe\/diferit de l&#8217;acte (clic ac\u00ed).<\/a><\/p>\n<h2><span style=\"color: #00ccff;\">Entrades:<\/span><\/h2>\n<p><iframe id=\"etktfrm10778\" data-src=\"https:\/\/venta.atenea360.es\/buy\/?id=10778\" width=\"100%\" frameborder=\"0\" src=\"data:image\/gif;base64,R0lGODlhAQABAAAAACH5BAEKAAEALAAAAAABAAEAAAICTAEAOw==\" class=\"lazyload\" data-load-mode=\"1\"><\/iframe><script type=\"text\/javascript\" src=\"https:\/\/d31tcnbxvxtafg.cloudfront.net\/js\/libraries\/buy.js\"><\/script><\/p>\n<p>&nbsp;<\/p>\n<p><img fetchpriority=\"high\" decoding=\"async\" class=\"aligncenter wp-image-8182\" src=\"https:\/\/www.alteacultural.com\/wp-content\/uploads\/2021\/06\/premis_altea_2021_cartell_gala-01.jpg\" alt=\"\" width=\"750\" height=\"1061\" srcset=\"https:\/\/www.alteacultural.com\/wp-content\/uploads\/2021\/06\/premis_altea_2021_cartell_gala-01.jpg 1240w, https:\/\/www.alteacultural.com\/wp-content\/uploads\/2021\/06\/premis_altea_2021_cartell_gala-01-768x1086.jpg 768w, https:\/\/www.alteacultural.com\/wp-content\/uploads\/2021\/06\/premis_altea_2021_cartell_gala-01-1086x1536.jpg 1086w\" sizes=\"(max-width: 750px) 100vw, 750px\" \/><\/p>\n","protected":false},"excerpt":{"rendered":"<p>ACTO EN VALENCIANO 19-jun Acte Gala dels Premis Altea 2021 Entrada gratu\u00efta amb reserva en alteacultural.com. Cal ocupar seient [&hellip;]<\/p>\n","protected":false},"author":1,"featured_media":8179,"comment_status":"open","ping_status":"closed","template":"","meta":{"_expiration-date-status":"saved","_expiration-date":0,"_expiration-date-type":"","_expiration-date-categories":[],"_expiration-date-options":[]},"yoast_head":"<!-- This site is optimized with the Yoast SEO plugin v22.8 - https:\/\/yoast.com\/wordpress\/plugins\/seo\/ -->\n<title>Acte Gala dels Premis Altea 2021 - Altea Cultural<\/title>\n<meta name=\"robots\" content=\"index, follow, max-snippet:-1, max-image-preview:large, max-video-preview:-1\" \/>\n<link rel=\"canonical\" href=\"https:\/\/www.alteacultural.com\/es\/events\/gala-premis-altea-2021\/\" \/>\n<meta property=\"og:locale\" content=\"es_ES\" \/>\n<meta property=\"og:type\" content=\"article\" \/>\n<meta property=\"og:title\" content=\"Acte Gala dels Premis Altea 2021 - Altea Cultural\" \/>\n<meta property=\"og:description\" content=\"ACTO EN VALENCIANO 19-jun Acte Gala dels Premis Altea 2021 Entrada gratu\u00efta amb reserva en alteacultural.com. Cal ocupar seient [&hellip;]\" \/>\n<meta property=\"og:url\" content=\"https:\/\/www.alteacultural.com\/es\/events\/gala-premis-altea-2021\/\" \/>\n<meta property=\"og:site_name\" content=\"Altea Cultural\" \/>\n<meta property=\"article:modified_time\" content=\"2025-06-29T09:51:46+00:00\" \/>\n<meta property=\"og:image\" content=\"https:\/\/www.alteacultural.com\/wp-content\/uploads\/2021\/06\/premis_altea_2021_capcalera_gala-01-scaled.jpg\" \/>\n\t<meta property=\"og:image:width\" content=\"2560\" \/>\n\t<meta property=\"og:image:height\" content=\"947\" \/>\n\t<meta property=\"og:image:type\" content=\"image\/jpeg\" \/>\n<meta name=\"twitter:card\" content=\"summary_large_image\" \/>\n<meta name=\"twitter:label1\" content=\"Tiempo de lectura\" \/>\n\t<meta name=\"twitter:data1\" content=\"1 minuto\" \/>\n<script type=\"application\/ld+json\" class=\"yoast-schema-graph\">{\"@context\":\"https:\/\/schema.org\",\"@graph\":[{\"@type\":\"WebPage\",\"@id\":\"https:\/\/www.alteacultural.com\/es\/events\/gala-premis-altea-2021\/\",\"url\":\"https:\/\/www.alteacultural.com\/es\/events\/gala-premis-altea-2021\/\",\"name\":\"Acte Gala dels Premis Altea 2021 - Altea Cultural\",\"isPartOf\":{\"@id\":\"https:\/\/www.alteacultural.com\/es\/#website\"},\"primaryImageOfPage\":{\"@id\":\"https:\/\/www.alteacultural.com\/es\/events\/gala-premis-altea-2021\/#primaryimage\"},\"image\":{\"@id\":\"https:\/\/www.alteacultural.com\/es\/events\/gala-premis-altea-2021\/#primaryimage\"},\"thumbnailUrl\":\"https:\/\/www.alteacultural.com\/wp-content\/uploads\/2021\/06\/premis_altea_2021_capcalera_gala-01-scaled.jpg\",\"datePublished\":\"2021-06-01T18:27:12+00:00\",\"dateModified\":\"2025-06-29T09:51:46+00:00\",\"breadcrumb\":{\"@id\":\"https:\/\/www.alteacultural.com\/es\/events\/gala-premis-altea-2021\/#breadcrumb\"},\"inLanguage\":\"es\",\"potentialAction\":[{\"@type\":\"ReadAction\",\"target\":[\"https:\/\/www.alteacultural.com\/es\/events\/gala-premis-altea-2021\/\"]}]},{\"@type\":\"ImageObject\",\"inLanguage\":\"es\",\"@id\":\"https:\/\/www.alteacultural.com\/es\/events\/gala-premis-altea-2021\/#primaryimage\",\"url\":\"https:\/\/www.alteacultural.com\/wp-content\/uploads\/2021\/06\/premis_altea_2021_capcalera_gala-01-scaled.jpg\",\"contentUrl\":\"https:\/\/www.alteacultural.com\/wp-content\/uploads\/2021\/06\/premis_altea_2021_capcalera_gala-01-scaled.jpg\",\"width\":2560,\"height\":947},{\"@type\":\"BreadcrumbList\",\"@id\":\"https:\/\/www.alteacultural.com\/es\/events\/gala-premis-altea-2021\/#breadcrumb\",\"itemListElement\":[{\"@type\":\"ListItem\",\"position\":1,\"name\":\"Inici\",\"item\":\"https:\/\/www.alteacultural.com\/es\/\"},{\"@type\":\"ListItem\",\"position\":2,\"name\":\"Eventos\",\"item\":\"https:\/\/www.alteacultural.com\/es\/events\/\"},{\"@type\":\"ListItem\",\"position\":3,\"name\":\"Acte Gala dels Premis Altea 2021\"}]},{\"@type\":\"WebSite\",\"@id\":\"https:\/\/www.alteacultural.com\/es\/#website\",\"url\":\"https:\/\/www.alteacultural.com\/es\/\",\"name\":\"Altea Cultural\",\"description\":\"Regidoria de Cultura de l&#039;Ajuntament d&#039;Altea\",\"potentialAction\":[{\"@type\":\"SearchAction\",\"target\":{\"@type\":\"EntryPoint\",\"urlTemplate\":\"https:\/\/www.alteacultural.com\/es\/?s={search_term_string}\"},\"query-input\":\"required name=search_term_string\"}],\"inLanguage\":\"es\"}]}<\/script>\n<!-- \/ Yoast SEO plugin. -->","yoast_head_json":{"title":"Acte Gala dels Premis Altea 2021 - Altea Cultural","robots":{"index":"index","follow":"follow","max-snippet":"max-snippet:-1","max-image-preview":"max-image-preview:large","max-video-preview":"max-video-preview:-1"},"canonical":"https:\/\/www.alteacultural.com\/es\/events\/gala-premis-altea-2021\/","og_locale":"es_ES","og_type":"article","og_title":"Acte Gala dels Premis Altea 2021 - Altea Cultural","og_description":"ACTO EN VALENCIANO 19-jun Acte Gala dels Premis Altea 2021 Entrada gratu\u00efta amb reserva en alteacultural.com. Cal ocupar seient [&hellip;]","og_url":"https:\/\/www.alteacultural.com\/es\/events\/gala-premis-altea-2021\/","og_site_name":"Altea Cultural","article_modified_time":"2025-06-29T09:51:46+00:00","og_image":[{"width":2560,"height":947,"url":"https:\/\/www.alteacultural.com\/wp-content\/uploads\/2021\/06\/premis_altea_2021_capcalera_gala-01-scaled.jpg","type":"image\/jpeg"}],"twitter_card":"summary_large_image","twitter_misc":{"Tiempo de lectura":"1 minuto"},"schema":{"@context":"https:\/\/schema.org","@graph":[{"@type":"WebPage","@id":"https:\/\/www.alteacultural.com\/es\/events\/gala-premis-altea-2021\/","url":"https:\/\/www.alteacultural.com\/es\/events\/gala-premis-altea-2021\/","name":"Acte Gala dels Premis Altea 2021 - Altea Cultural","isPartOf":{"@id":"https:\/\/www.alteacultural.com\/es\/#website"},"primaryImageOfPage":{"@id":"https:\/\/www.alteacultural.com\/es\/events\/gala-premis-altea-2021\/#primaryimage"},"image":{"@id":"https:\/\/www.alteacultural.com\/es\/events\/gala-premis-altea-2021\/#primaryimage"},"thumbnailUrl":"https:\/\/www.alteacultural.com\/wp-content\/uploads\/2021\/06\/premis_altea_2021_capcalera_gala-01-scaled.jpg","datePublished":"2021-06-01T18:27:12+00:00","dateModified":"2025-06-29T09:51:46+00:00","breadcrumb":{"@id":"https:\/\/www.alteacultural.com\/es\/events\/gala-premis-altea-2021\/#breadcrumb"},"inLanguage":"es","potentialAction":[{"@type":"ReadAction","target":["https:\/\/www.alteacultural.com\/es\/events\/gala-premis-altea-2021\/"]}]},{"@type":"ImageObject","inLanguage":"es","@id":"https:\/\/www.alteacultural.com\/es\/events\/gala-premis-altea-2021\/#primaryimage","url":"https:\/\/www.alteacultural.com\/wp-content\/uploads\/2021\/06\/premis_altea_2021_capcalera_gala-01-scaled.jpg","contentUrl":"https:\/\/www.alteacultural.com\/wp-content\/uploads\/2021\/06\/premis_altea_2021_capcalera_gala-01-scaled.jpg","width":2560,"height":947},{"@type":"BreadcrumbList","@id":"https:\/\/www.alteacultural.com\/es\/events\/gala-premis-altea-2021\/#breadcrumb","itemListElement":[{"@type":"ListItem","position":1,"name":"Inici","item":"https:\/\/www.alteacultural.com\/es\/"},{"@type":"ListItem","position":2,"name":"Eventos","item":"https:\/\/www.alteacultural.com\/es\/events\/"},{"@type":"ListItem","position":3,"name":"Acte Gala dels Premis Altea 2021"}]},{"@type":"WebSite","@id":"https:\/\/www.alteacultural.com\/es\/#website","url":"https:\/\/www.alteacultural.com\/es\/","name":"Altea Cultural","description":"Regidoria de Cultura de l&#039;Ajuntament d&#039;Altea","potentialAction":[{"@type":"SearchAction","target":{"@type":"EntryPoint","urlTemplate":"https:\/\/www.alteacultural.com\/es\/?s={search_term_string}"},"query-input":"required name=search_term_string"}],"inLanguage":"es"}]}},"mec_cost":"Entrada gratu\u00efta amb reserva","mec_date":{"start":{"date":"2021-06-19","hour":8,"minutes":"0","ampm":"PM"},"end":{"date":"2021-06-19","hour":9,"minutes":"45","ampm":"PM"},"comment":"","repeat":{"type":"daily","interval":"1","advanced":"","end":"never","end_at_date":"","end_at_occurrences":"10"}},"_links":{"self":[{"href":"https:\/\/www.alteacultural.com\/es\/wp-json\/wp\/v2\/mec-events\/7848"}],"collection":[{"href":"https:\/\/www.alteacultural.com\/es\/wp-json\/wp\/v2\/mec-events"}],"about":[{"href":"https:\/\/www.alteacultural.com\/es\/wp-json\/wp\/v2\/types\/mec-events"}],"author":[{"embeddable":true,"href":"https:\/\/www.alteacultural.com\/es\/wp-json\/wp\/v2\/users\/1"}],"replies":[{"embeddable":true,"href":"https:\/\/www.alteacultural.com\/es\/wp-json\/wp\/v2\/comments?post=7848"}],"wp:featuredmedia":[{"embeddable":true,"href":"https:\/\/www.alteacultural.com\/es\/wp-json\/wp\/v2\/media\/8179"}],"wp:attachment":[{"href":"https:\/\/www.alteacultural.com\/es\/wp-json\/wp\/v2\/media?parent=7848"}],"curies":[{"name":"wp","href":"https:\/\/api.w.org\/{rel}","templated":true}]}}

<p>ACTO EN VALENCIANO</p>
<p>19-jun<br />
Acte Gala dels Premis Altea 2021</p>
<p>Entrada gratuïta amb reserva en alteacultural.com.<br />
Cal ocupar seient amb 15 min. d’antelació (les reserves tenen una validesa fins 15 min. abans de l’acte).<br />
Reserves també disponibles en Casa de Cultura Altea (dimarts i dijous).</p>
<p>Aforament limitat i mesures especials Covid-19.</p>
<p>L&#8217;acte constarà de lliurament de premis, actuació de l&#8217;Orquestra Blava, obsequis i parlaments, vetlada literària.<br />
20:00 h · Auditori Plaça de l&#8217;Aigua</p>
<p><a href="https://www.alteacultural.com/2021/06/18/segueix-la-gala-de-lliurament-dels-premis-altea-2021/">Retransmissió en directe/diferit de l&#8217;acte (clic ací).</a></p>
<h2><span style="color: #00ccff;">Entrades:</span></h2>
<p><iframe id="etktfrm10778" data-src="https://venta.atenea360.es/buy/?id=10778" width="100%" frameborder="0" src="data:image/gif;base64,R0lGODlhAQABAAAAACH5BAEKAAEALAAAAAABAAEAAAICTAEAOw==" class="lazyload" data-load-mode="1"></iframe><script type="text/javascript" src="https://d31tcnbxvxtafg.cloudfront.net/js/libraries/buy.js"></script></p>
<p>&nbsp;</p>
<p><img fetchpriority="high" decoding="async" class="aligncenter wp-image-8182" src="https://www.alteacultural.com/wp-content/uploads/2021/06/premis_altea_2021_cartell_gala-01.jpg" alt="" width="750" height="1061" srcset="https://www.alteacultural.com/wp-content/uploads/2021/06/premis_altea_2021_cartell_gala-01.jpg 1240w, https://www.alteacultural.com/wp-content/uploads/2021/06/premis_altea_2021_cartell_gala-01-768x1086.jpg 768w, https://www.alteacultural.com/wp-content/uploads/2021/06/premis_altea_2021_cartell_gala-01-1086x1536.jpg 1086w" sizes="(max-width: 750px) 100vw, 750px" /></p>

<p>ACTO EN VALENCIANO 19-jun Acte Gala dels Premis Altea 2021 Entrada gratuïta amb reserva en alteacultural.com. Cal ocupar seient [&hellip;]</p>

<!-- This site is optimized with the Yoast SEO plugin v22.8 - https://yoast.com/wordpress/plugins/seo/ -->
<title>Acte Gala dels Premis Altea 2021 - Altea Cultural</title>
<meta name="robots" content="index, follow, max-snippet:-1, max-image-preview:large, max-video-preview:-1" />
<link rel="canonical" href="https://www.alteacultural.com/es/events/gala-premis-altea-2021/" />
<meta property="og:locale" content="es_ES" />
<meta property="og:type" content="article" />
<meta property="og:title" content="Acte Gala dels Premis Altea 2021 - Altea Cultural" />
<meta property="og:description" content="ACTO EN VALENCIANO 19-jun Acte Gala dels Premis Altea 2021 Entrada gratuïta amb reserva en alteacultural.com. Cal ocupar seient [&hellip;]" />
<meta property="og:url" content="https://www.alteacultural.com/es/events/gala-premis-altea-2021/" />
<meta property="og:site_name" content="Altea Cultural" />
<meta property="article:modified_time" content="2025-06-29T09:51:46+00:00" />
<meta property="og:image" content="https://www.alteacultural.com/wp-content/uploads/2021/06/premis_altea_2021_capcalera_gala-01-scaled.jpg" />
	<meta property="og:image:width" content="2560" />
	<meta property="og:image:height" content="947" />
	<meta property="og:image:type" content="image/jpeg" />
<meta name="twitter:card" content="summary_large_image" />
<meta name="twitter:label1" content="Tiempo de lectura" />
	<meta name="twitter:data1" content="1 minuto" />
<script type="application/ld+json" class="yoast-schema-graph">{"@context":"https://schema.org","@graph":[{"@type":"WebPage","@id":"https://www.alteacultural.com/es/events/gala-premis-altea-2021/","url":"https://www.alteacultural.com/es/events/gala-premis-altea-2021/","name":"Acte Gala dels Premis Altea 2021 - Altea Cultural","isPartOf":{"@id":"https://www.alteacultural.com/es/#website"},"primaryImageOfPage":{"@id":"https://www.alteacultural.com/es/events/gala-premis-altea-2021/#primaryimage"},"image":{"@id":"https://www.alteacultural.com/es/events/gala-premis-altea-2021/#primaryimage"},"thumbnailUrl":"https://www.alteacultural.com/wp-content/uploads/2021/06/premis_altea_2021_capcalera_gala-01-scaled.jpg","datePublished":"2021-06-01T18:27:12+00:00","dateModified":"2025-06-29T09:51:46+00:00","breadcrumb":{"@id":"https://www.alteacultural.com/es/events/gala-premis-altea-2021/#breadcrumb"},"inLanguage":"es","potentialAction":[{"@type":"ReadAction","target":["https://www.alteacultural.com/es/events/gala-premis-altea-2021/"]}]},{"@type":"ImageObject","inLanguage":"es","@id":"https://www.alteacultural.com/es/events/gala-premis-altea-2021/#primaryimage","url":"https://www.alteacultural.com/wp-content/uploads/2021/06/premis_altea_2021_capcalera_gala-01-scaled.jpg","contentUrl":"https://www.alteacultural.com/wp-content/uploads/2021/06/premis_altea_2021_capcalera_gala-01-scaled.jpg","width":2560,"height":947},{"@type":"BreadcrumbList","@id":"https://www.alteacultural.com/es/events/gala-premis-altea-2021/#breadcrumb","itemListElement":[{"@type":"ListItem","position":1,"name":"Inici","item":"https://www.alteacultural.com/es/"},{"@type":"ListItem","position":2,"name":"Eventos","item":"https://www.alteacultural.com/es/events/"},{"@type":"ListItem","position":3,"name":"Acte Gala dels Premis Altea 2021"}]},{"@type":"WebSite","@id":"https://www.alteacultural.com/es/#website","url":"https://www.alteacultural.com/es/","name":"Altea Cultural","description":"Regidoria de Cultura de l&#039;Ajuntament d&#039;Altea","potentialAction":[{"@type":"SearchAction","target":{"@type":"EntryPoint","urlTemplate":"https://www.alteacultural.com/es/?s={search_term_string}"},"query-input":"required name=search_term_string"}],"inLanguage":"es"}]}</script>
<!-- / Yoast SEO plugin. -->

ACTO EN VALENCIANO 19-jun Acte Gala dels Premis Altea 2021 Entrada gratuïta amb reserva en alteacultural.com. Cal ocupar seient [&hellip;]

Entrada gratuïta amb reserva
