{"id":9596,"date":"2021-07-09T18:18:14","date_gmt":"2021-07-09T16:18:14","guid":{"rendered":"https:\/\/www.alteacultural.com\/?post_type=mec-events&#038;p=9596"},"modified":"2021-07-13T18:08:55","modified_gmt":"2021-07-13T16:08:55","slug":"balconades-daltea-2021","status":"publish","type":"mec-events","link":"https:\/\/www.alteacultural.com\/es\/events\/balconades-daltea-2021\/","title":{"rendered":"Balconades d&#8217;Altea &#8211; 2021"},"content":{"rendered":"<p><strong>BALCONADES D&#8217;ALTEA 2021<\/strong><br \/>\nExposici\u00f3n al aire libre, en balcones de la parte antigua de Altea, de lienzos creados por artistas consolidados o amateurs<br \/>\nDel 19-julio a 29-agosto \u00b7 Calles del Casco Antiguo Altea<\/p>\n<p><strong>Acto de inauguraci\u00f3n en Altea:<\/strong><br \/>\n[A causa de l&#8217;alta incid\u00e8ncia Covid-19, no es realitzar\u00e0 l&#8217;acte d&#8217;inauguraci\u00f3]<\/p>\n<p><strong>FECHAS DE EXPOSICI\u00d3N 2021:<\/strong><br \/>\nAltea: 19 julio al 29 agosto<br \/>\nL\u2019Alf\u00e0s del P\u00ed: 3 septiembre al 1 octubre<br \/>\nAgost: 6 al 17 octubre<br \/>\nBenimantell: 5 al 30 noviembre<\/p>\n<p><strong>TR\u00cdPTICO:<\/strong><\/p>\n<p>&nbsp;<\/p>\n<p><a href=\"https:\/\/www.alteacultural.com\/wp-content\/uploads\/2021\/07\/BALCONADES-2021-web.pdf\" target=\"_blank\" rel=\"noopener noreferrer\"><img fetchpriority=\"high\" decoding=\"async\" class=\"wp-image-9597 aligncenter\" src=\"https:\/\/www.alteacultural.com\/wp-content\/uploads\/2021\/07\/BALCONADES-2021-caraA-01.jpg\" alt=\"\" width=\"750\" height=\"1060\" srcset=\"https:\/\/www.alteacultural.com\/wp-content\/uploads\/2021\/07\/BALCONADES-2021-caraA-01.jpg 1754w, https:\/\/www.alteacultural.com\/wp-content\/uploads\/2021\/07\/BALCONADES-2021-caraA-01-768x1086.jpg 768w, https:\/\/www.alteacultural.com\/wp-content\/uploads\/2021\/07\/BALCONADES-2021-caraA-01-1086x1536.jpg 1086w, https:\/\/www.alteacultural.com\/wp-content\/uploads\/2021\/07\/BALCONADES-2021-caraA-01-1448x2048.jpg 1448w\" sizes=\"(max-width: 750px) 100vw, 750px\" \/><\/a><\/p>\n<p style=\"text-align: center;\"><a href=\"https:\/\/www.alteacultural.com\/wp-content\/uploads\/2021\/07\/BALCONADES-2021-web.pdf\" target=\"_blank\" rel=\"noopener noreferrer\">VER\/DESCARGAR TR\u00cdPTICO<\/a><\/p>\n<p>&nbsp;<\/p>\n<p>M\u00e1s info: <a href=\"https:\/\/www.alteacultural.com\/balconades\/?lang=es\">Balconades d&#8217;Altea (Bases de participaci\u00f3n, inscripci\u00f3n, galer\u00eda, etc.)<\/a><\/p>\n","protected":false},"excerpt":{"rendered":"<p>BALCONADES D&#8217;ALTEA 2021 Exposici\u00f3n al aire libre, en balcones de la parte antigua de Altea, de lienzos creados por [&hellip;]<\/p>\n","protected":false},"author":1,"featured_media":9600,"comment_status":"open","ping_status":"closed","template":"","meta":{"_expiration-date-status":"saved","_expiration-date":0,"_expiration-date-type":"","_expiration-date-categories":[],"_expiration-date-options":[]},"yoast_head":"<!-- This site is optimized with the Yoast SEO plugin v22.8 - https:\/\/yoast.com\/wordpress\/plugins\/seo\/ -->\n<title>Balconades d&#039;Altea - 2021 - Altea Cultural<\/title>\n<meta name=\"robots\" content=\"index, follow, max-snippet:-1, max-image-preview:large, max-video-preview:-1\" \/>\n<link rel=\"canonical\" href=\"https:\/\/www.alteacultural.com\/es\/events\/balconades-daltea-2021\/\" \/>\n<meta property=\"og:locale\" content=\"es_ES\" \/>\n<meta property=\"og:type\" content=\"article\" \/>\n<meta property=\"og:title\" content=\"Balconades d&#039;Altea - 2021 - Altea Cultural\" \/>\n<meta property=\"og:description\" content=\"BALCONADES D&#8217;ALTEA 2021 Exposici\u00f3n al aire libre, en balcones de la parte antigua de Altea, de lienzos creados por [&hellip;]\" \/>\n<meta property=\"og:url\" content=\"https:\/\/www.alteacultural.com\/es\/events\/balconades-daltea-2021\/\" \/>\n<meta property=\"og:site_name\" content=\"Altea Cultural\" \/>\n<meta property=\"article:modified_time\" content=\"2021-07-13T16:08:55+00:00\" \/>\n<meta property=\"og:image\" content=\"https:\/\/www.alteacultural.com\/wp-content\/uploads\/2021\/07\/BALCONADES-2021-banner-01-scaled.jpg\" \/>\n\t<meta property=\"og:image:width\" content=\"2560\" \/>\n\t<meta property=\"og:image:height\" content=\"1158\" \/>\n\t<meta property=\"og:image:type\" content=\"image\/jpeg\" \/>\n<meta name=\"twitter:card\" content=\"summary_large_image\" \/>\n<meta name=\"twitter:label1\" content=\"Tiempo de lectura\" \/>\n\t<meta name=\"twitter:data1\" content=\"1 minuto\" \/>\n<script type=\"application\/ld+json\" class=\"yoast-schema-graph\">{\"@context\":\"https:\/\/schema.org\",\"@graph\":[{\"@type\":\"WebPage\",\"@id\":\"https:\/\/www.alteacultural.com\/es\/events\/balconades-daltea-2021\/\",\"url\":\"https:\/\/www.alteacultural.com\/es\/events\/balconades-daltea-2021\/\",\"name\":\"Balconades d'Altea - 2021 - Altea Cultural\",\"isPartOf\":{\"@id\":\"https:\/\/www.alteacultural.com\/es\/#website\"},\"primaryImageOfPage\":{\"@id\":\"https:\/\/www.alteacultural.com\/es\/events\/balconades-daltea-2021\/#primaryimage\"},\"image\":{\"@id\":\"https:\/\/www.alteacultural.com\/es\/events\/balconades-daltea-2021\/#primaryimage\"},\"thumbnailUrl\":\"https:\/\/www.alteacultural.com\/wp-content\/uploads\/2021\/07\/BALCONADES-2021-banner-01-scaled.jpg\",\"datePublished\":\"2021-07-09T16:18:14+00:00\",\"dateModified\":\"2021-07-13T16:08:55+00:00\",\"breadcrumb\":{\"@id\":\"https:\/\/www.alteacultural.com\/es\/events\/balconades-daltea-2021\/#breadcrumb\"},\"inLanguage\":\"es\",\"potentialAction\":[{\"@type\":\"ReadAction\",\"target\":[\"https:\/\/www.alteacultural.com\/es\/events\/balconades-daltea-2021\/\"]}]},{\"@type\":\"ImageObject\",\"inLanguage\":\"es\",\"@id\":\"https:\/\/www.alteacultural.com\/es\/events\/balconades-daltea-2021\/#primaryimage\",\"url\":\"https:\/\/www.alteacultural.com\/wp-content\/uploads\/2021\/07\/BALCONADES-2021-banner-01-scaled.jpg\",\"contentUrl\":\"https:\/\/www.alteacultural.com\/wp-content\/uploads\/2021\/07\/BALCONADES-2021-banner-01-scaled.jpg\",\"width\":2560,\"height\":1158},{\"@type\":\"BreadcrumbList\",\"@id\":\"https:\/\/www.alteacultural.com\/es\/events\/balconades-daltea-2021\/#breadcrumb\",\"itemListElement\":[{\"@type\":\"ListItem\",\"position\":1,\"name\":\"Inici\",\"item\":\"https:\/\/www.alteacultural.com\/es\/\"},{\"@type\":\"ListItem\",\"position\":2,\"name\":\"Eventos\",\"item\":\"https:\/\/www.alteacultural.com\/es\/events\/\"},{\"@type\":\"ListItem\",\"position\":3,\"name\":\"Balconades d&#8217;Altea &#8211; 2021\"}]},{\"@type\":\"WebSite\",\"@id\":\"https:\/\/www.alteacultural.com\/es\/#website\",\"url\":\"https:\/\/www.alteacultural.com\/es\/\",\"name\":\"Altea Cultural\",\"description\":\"Regidoria de Cultura de l&#039;Ajuntament d&#039;Altea\",\"potentialAction\":[{\"@type\":\"SearchAction\",\"target\":{\"@type\":\"EntryPoint\",\"urlTemplate\":\"https:\/\/www.alteacultural.com\/es\/?s={search_term_string}\"},\"query-input\":\"required name=search_term_string\"}],\"inLanguage\":\"es\"}]}<\/script>\n<!-- \/ Yoast SEO plugin. -->","yoast_head_json":{"title":"Balconades d'Altea - 2021 - Altea Cultural","robots":{"index":"index","follow":"follow","max-snippet":"max-snippet:-1","max-image-preview":"max-image-preview:large","max-video-preview":"max-video-preview:-1"},"canonical":"https:\/\/www.alteacultural.com\/es\/events\/balconades-daltea-2021\/","og_locale":"es_ES","og_type":"article","og_title":"Balconades d'Altea - 2021 - Altea Cultural","og_description":"BALCONADES D&#8217;ALTEA 2021 Exposici\u00f3n al aire libre, en balcones de la parte antigua de Altea, de lienzos creados por [&hellip;]","og_url":"https:\/\/www.alteacultural.com\/es\/events\/balconades-daltea-2021\/","og_site_name":"Altea Cultural","article_modified_time":"2021-07-13T16:08:55+00:00","og_image":[{"width":2560,"height":1158,"url":"https:\/\/www.alteacultural.com\/wp-content\/uploads\/2021\/07\/BALCONADES-2021-banner-01-scaled.jpg","type":"image\/jpeg"}],"twitter_card":"summary_large_image","twitter_misc":{"Tiempo de lectura":"1 minuto"},"schema":{"@context":"https:\/\/schema.org","@graph":[{"@type":"WebPage","@id":"https:\/\/www.alteacultural.com\/es\/events\/balconades-daltea-2021\/","url":"https:\/\/www.alteacultural.com\/es\/events\/balconades-daltea-2021\/","name":"Balconades d'Altea - 2021 - Altea Cultural","isPartOf":{"@id":"https:\/\/www.alteacultural.com\/es\/#website"},"primaryImageOfPage":{"@id":"https:\/\/www.alteacultural.com\/es\/events\/balconades-daltea-2021\/#primaryimage"},"image":{"@id":"https:\/\/www.alteacultural.com\/es\/events\/balconades-daltea-2021\/#primaryimage"},"thumbnailUrl":"https:\/\/www.alteacultural.com\/wp-content\/uploads\/2021\/07\/BALCONADES-2021-banner-01-scaled.jpg","datePublished":"2021-07-09T16:18:14+00:00","dateModified":"2021-07-13T16:08:55+00:00","breadcrumb":{"@id":"https:\/\/www.alteacultural.com\/es\/events\/balconades-daltea-2021\/#breadcrumb"},"inLanguage":"es","potentialAction":[{"@type":"ReadAction","target":["https:\/\/www.alteacultural.com\/es\/events\/balconades-daltea-2021\/"]}]},{"@type":"ImageObject","inLanguage":"es","@id":"https:\/\/www.alteacultural.com\/es\/events\/balconades-daltea-2021\/#primaryimage","url":"https:\/\/www.alteacultural.com\/wp-content\/uploads\/2021\/07\/BALCONADES-2021-banner-01-scaled.jpg","contentUrl":"https:\/\/www.alteacultural.com\/wp-content\/uploads\/2021\/07\/BALCONADES-2021-banner-01-scaled.jpg","width":2560,"height":1158},{"@type":"BreadcrumbList","@id":"https:\/\/www.alteacultural.com\/es\/events\/balconades-daltea-2021\/#breadcrumb","itemListElement":[{"@type":"ListItem","position":1,"name":"Inici","item":"https:\/\/www.alteacultural.com\/es\/"},{"@type":"ListItem","position":2,"name":"Eventos","item":"https:\/\/www.alteacultural.com\/es\/events\/"},{"@type":"ListItem","position":3,"name":"Balconades d&#8217;Altea &#8211; 2021"}]},{"@type":"WebSite","@id":"https:\/\/www.alteacultural.com\/es\/#website","url":"https:\/\/www.alteacultural.com\/es\/","name":"Altea Cultural","description":"Regidoria de Cultura de l&#039;Ajuntament d&#039;Altea","potentialAction":[{"@type":"SearchAction","target":{"@type":"EntryPoint","urlTemplate":"https:\/\/www.alteacultural.com\/es\/?s={search_term_string}"},"query-input":"required name=search_term_string"}],"inLanguage":"es"}]}},"mec_cost":"","mec_date":{"start":{"date":"2021-07-19","hour":"8","minutes":"0","ampm":"AM"},"end":{"date":"2021-08-29","hour":6,"minutes":"0","ampm":"PM"},"allday":"1","comment":"","repeat":{"type":"daily","interval":"1","advanced":"","end":"never","end_at_date":"","end_at_occurrences":"10"}},"_links":{"self":[{"href":"https:\/\/www.alteacultural.com\/es\/wp-json\/wp\/v2\/mec-events\/9596"}],"collection":[{"href":"https:\/\/www.alteacultural.com\/es\/wp-json\/wp\/v2\/mec-events"}],"about":[{"href":"https:\/\/www.alteacultural.com\/es\/wp-json\/wp\/v2\/types\/mec-events"}],"author":[{"embeddable":true,"href":"https:\/\/www.alteacultural.com\/es\/wp-json\/wp\/v2\/users\/1"}],"replies":[{"embeddable":true,"href":"https:\/\/www.alteacultural.com\/es\/wp-json\/wp\/v2\/comments?post=9596"}],"wp:featuredmedia":[{"embeddable":true,"href":"https:\/\/www.alteacultural.com\/es\/wp-json\/wp\/v2\/media\/9600"}],"wp:attachment":[{"href":"https:\/\/www.alteacultural.com\/es\/wp-json\/wp\/v2\/media?parent=9596"}],"curies":[{"name":"wp","href":"https:\/\/api.w.org\/{rel}","templated":true}]}}

<p><strong>BALCONADES D&#8217;ALTEA 2021</strong><br />
Exposición al aire libre, en balcones de la parte antigua de Altea, de lienzos creados por artistas consolidados o amateurs<br />
Del 19-julio a 29-agosto · Calles del Casco Antiguo Altea</p>
<p><strong>Acto de inauguración en Altea:</strong><br />
[A causa de l&#8217;alta incidència Covid-19, no es realitzarà l&#8217;acte d&#8217;inauguració]</p>
<p><strong>FECHAS DE EXPOSICIÓN 2021:</strong><br />
Altea: 19 julio al 29 agosto<br />
L’Alfàs del Pí: 3 septiembre al 1 octubre<br />
Agost: 6 al 17 octubre<br />
Benimantell: 5 al 30 noviembre</p>
<p><strong>TRÍPTICO:</strong></p>
<p>&nbsp;</p>
<p><a href="https://www.alteacultural.com/wp-content/uploads/2021/07/BALCONADES-2021-web.pdf" target="_blank" rel="noopener noreferrer"><img fetchpriority="high" decoding="async" class="wp-image-9597 aligncenter" src="https://www.alteacultural.com/wp-content/uploads/2021/07/BALCONADES-2021-caraA-01.jpg" alt="" width="750" height="1060" srcset="https://www.alteacultural.com/wp-content/uploads/2021/07/BALCONADES-2021-caraA-01.jpg 1754w, https://www.alteacultural.com/wp-content/uploads/2021/07/BALCONADES-2021-caraA-01-768x1086.jpg 768w, https://www.alteacultural.com/wp-content/uploads/2021/07/BALCONADES-2021-caraA-01-1086x1536.jpg 1086w, https://www.alteacultural.com/wp-content/uploads/2021/07/BALCONADES-2021-caraA-01-1448x2048.jpg 1448w" sizes="(max-width: 750px) 100vw, 750px" /></a></p>
<p style="text-align: center;"><a href="https://www.alteacultural.com/wp-content/uploads/2021/07/BALCONADES-2021-web.pdf" target="_blank" rel="noopener noreferrer">VER/DESCARGAR TRÍPTICO</a></p>
<p>&nbsp;</p>
<p>Más info: <a href="https://www.alteacultural.com/balconades/?lang=es">Balconades d&#8217;Altea (Bases de participación, inscripción, galería, etc.)</a></p>

<p>BALCONADES D&#8217;ALTEA 2021 Exposición al aire libre, en balcones de la parte antigua de Altea, de lienzos creados por [&hellip;]</p>

<!-- This site is optimized with the Yoast SEO plugin v22.8 - https://yoast.com/wordpress/plugins/seo/ -->
<title>Balconades d&#039;Altea - 2021 - Altea Cultural</title>
<meta name="robots" content="index, follow, max-snippet:-1, max-image-preview:large, max-video-preview:-1" />
<link rel="canonical" href="https://www.alteacultural.com/es/events/balconades-daltea-2021/" />
<meta property="og:locale" content="es_ES" />
<meta property="og:type" content="article" />
<meta property="og:title" content="Balconades d&#039;Altea - 2021 - Altea Cultural" />
<meta property="og:description" content="BALCONADES D&#8217;ALTEA 2021 Exposición al aire libre, en balcones de la parte antigua de Altea, de lienzos creados por [&hellip;]" />
<meta property="og:url" content="https://www.alteacultural.com/es/events/balconades-daltea-2021/" />
<meta property="og:site_name" content="Altea Cultural" />
<meta property="article:modified_time" content="2021-07-13T16:08:55+00:00" />
<meta property="og:image" content="https://www.alteacultural.com/wp-content/uploads/2021/07/BALCONADES-2021-banner-01-scaled.jpg" />
	<meta property="og:image:width" content="2560" />
	<meta property="og:image:height" content="1158" />
	<meta property="og:image:type" content="image/jpeg" />
<meta name="twitter:card" content="summary_large_image" />
<meta name="twitter:label1" content="Tiempo de lectura" />
	<meta name="twitter:data1" content="1 minuto" />
<script type="application/ld+json" class="yoast-schema-graph">{"@context":"https://schema.org","@graph":[{"@type":"WebPage","@id":"https://www.alteacultural.com/es/events/balconades-daltea-2021/","url":"https://www.alteacultural.com/es/events/balconades-daltea-2021/","name":"Balconades d'Altea - 2021 - Altea Cultural","isPartOf":{"@id":"https://www.alteacultural.com/es/#website"},"primaryImageOfPage":{"@id":"https://www.alteacultural.com/es/events/balconades-daltea-2021/#primaryimage"},"image":{"@id":"https://www.alteacultural.com/es/events/balconades-daltea-2021/#primaryimage"},"thumbnailUrl":"https://www.alteacultural.com/wp-content/uploads/2021/07/BALCONADES-2021-banner-01-scaled.jpg","datePublished":"2021-07-09T16:18:14+00:00","dateModified":"2021-07-13T16:08:55+00:00","breadcrumb":{"@id":"https://www.alteacultural.com/es/events/balconades-daltea-2021/#breadcrumb"},"inLanguage":"es","potentialAction":[{"@type":"ReadAction","target":["https://www.alteacultural.com/es/events/balconades-daltea-2021/"]}]},{"@type":"ImageObject","inLanguage":"es","@id":"https://www.alteacultural.com/es/events/balconades-daltea-2021/#primaryimage","url":"https://www.alteacultural.com/wp-content/uploads/2021/07/BALCONADES-2021-banner-01-scaled.jpg","contentUrl":"https://www.alteacultural.com/wp-content/uploads/2021/07/BALCONADES-2021-banner-01-scaled.jpg","width":2560,"height":1158},{"@type":"BreadcrumbList","@id":"https://www.alteacultural.com/es/events/balconades-daltea-2021/#breadcrumb","itemListElement":[{"@type":"ListItem","position":1,"name":"Inici","item":"https://www.alteacultural.com/es/"},{"@type":"ListItem","position":2,"name":"Eventos","item":"https://www.alteacultural.com/es/events/"},{"@type":"ListItem","position":3,"name":"Balconades d&#8217;Altea &#8211; 2021"}]},{"@type":"WebSite","@id":"https://www.alteacultural.com/es/#website","url":"https://www.alteacultural.com/es/","name":"Altea Cultural","description":"Regidoria de Cultura de l&#039;Ajuntament d&#039;Altea","potentialAction":[{"@type":"SearchAction","target":{"@type":"EntryPoint","urlTemplate":"https://www.alteacultural.com/es/?s={search_term_string}"},"query-input":"required name=search_term_string"}],"inLanguage":"es"}]}</script>
<!-- / Yoast SEO plugin. -->

BALCONADES D&#8217;ALTEA 2021 Exposición al aire libre, en balcones de la parte antigua de Altea, de lienzos creados por [&hellip;]
