{"id":15175,"date":"2022-02-08T14:06:31","date_gmt":"2022-02-08T13:06:31","guid":{"rendered":"https:\/\/www.alteacultural.com\/aqueducte-del-reg-de-lama-daltea-la-vella\/"},"modified":"2022-02-23T11:57:19","modified_gmt":"2022-02-23T10:57:19","slug":"aqueducte-del-reg-de-lama-daltea-la-vella","status":"publish","type":"page","link":"https:\/\/www.alteacultural.com\/es\/aqueducte-del-reg-de-lama-daltea-la-vella\/","title":{"rendered":"Aq\u00fceducte del reg de l&#8217;Ama d&#8217;Altea la Vella"},"content":{"rendered":"\t\t<div data-elementor-type=\"wp-page\" data-elementor-id=\"15175\" class=\"elementor elementor-15175\">\n\t\t\t\t\t\t<section class=\"elementor-section elementor-top-section elementor-element elementor-element-79a06da elementor-section-boxed elementor-section-height-default elementor-section-height-default exad-glass-effect-no exad-sticky-section-no\" data-id=\"79a06da\" data-element_type=\"section\">\n\t\t\t\t\t\t<div class=\"elementor-container elementor-column-gap-default\">\n\t\t\t\t\t<div class=\"elementor-column elementor-col-100 elementor-top-column elementor-element elementor-element-1301edd exad-glass-effect-no exad-sticky-section-no\" data-id=\"1301edd\" data-element_type=\"column\">\n\t\t\t<div class=\"elementor-widget-wrap elementor-element-populated\">\n\t\t\t\t\t\t<div class=\"elementor-element elementor-element-acdc123 exad-sticky-section-no exad-glass-effect-no elementor-widget elementor-widget-text-editor\" data-id=\"acdc123\" data-element_type=\"widget\" data-widget_type=\"text-editor.default\">\n\t\t\t\t<div class=\"elementor-widget-container\">\n\t\t\t\t\t\t\t<p><a href=\"https:\/\/www.alteacultural.com\/museu-virtual\/?lang=es\" data-rich-text-format-boundary=\"true\">\u25c4volver<\/a><\/p>\t\t\t\t\t\t<\/div>\n\t\t\t\t<\/div>\n\t\t\t\t\t<\/div>\n\t\t<\/div>\n\t\t\t\t\t<\/div>\n\t\t<\/section>\n\t\t\t\t<section class=\"elementor-section elementor-top-section elementor-element elementor-element-c735e29 elementor-section-boxed elementor-section-height-default elementor-section-height-default exad-glass-effect-no exad-sticky-section-no\" data-id=\"c735e29\" data-element_type=\"section\">\n\t\t\t\t\t\t<div class=\"elementor-container elementor-column-gap-default\">\n\t\t\t\t\t<div class=\"elementor-column elementor-col-100 elementor-top-column elementor-element elementor-element-758c219 exad-glass-effect-no exad-sticky-section-no\" data-id=\"758c219\" data-element_type=\"column\">\n\t\t\t<div class=\"elementor-widget-wrap elementor-element-populated\">\n\t\t\t\t\t\t<div class=\"elementor-element elementor-element-9548b53 elementor-drop-cap-yes elementor-drop-cap-view-default exad-sticky-section-no exad-glass-effect-no elementor-widget elementor-widget-text-editor\" data-id=\"9548b53\" data-element_type=\"widget\" data-settings=\"{&quot;drop_cap&quot;:&quot;yes&quot;}\" data-widget_type=\"text-editor.default\">\n\t\t\t\t<div class=\"elementor-widget-container\">\n\t\t\t\t\t\t\t<p>El acueducto forma parte del riego de l\u2019Ama d\u2019Altea la Vella, fue construido para salvar el barranco en su recorrido de riego. Cuenta con la condici\u00f3n de protecci\u00f3n ambiental y arqueol\u00f3gica. Sus caracter\u00edsticas constructivas nos indican que nos encontramos ante uno de los sistemas de regad\u00edo hist\u00f3ricos del pueblo, que aunque seguramente ser\u00e1 m\u00e1s antiguo, las primeras referencias bibliogr\u00e1ficas hacen referencia en el siglo XVIII.<br \/><br \/>Se trata de una construcci\u00f3n realizada con masoner\u00eda trabada con mortero y revestida con mortero de cal. La construcci\u00f3n est\u00e1 formada por un arco de medio punto realizado con dovelas de piedras irregulares, con contrafuertes a uno y otro lado apoyados directamente en la roca madre, por encima de toda la estructura se sit\u00faa la acequia de regad\u00edo, tambi\u00e9n revestida con mortero de cal.<\/p>\t\t\t\t\t\t<\/div>\n\t\t\t\t<\/div>\n\t\t\t\t\t<\/div>\n\t\t<\/div>\n\t\t\t\t\t<\/div>\n\t\t<\/section>\n\t\t\t\t<section class=\"elementor-section elementor-top-section elementor-element elementor-element-4743cc6 elementor-section-boxed elementor-section-height-default elementor-section-height-default exad-glass-effect-no exad-sticky-section-no\" data-id=\"4743cc6\" data-element_type=\"section\">\n\t\t\t\t\t\t<div class=\"elementor-container elementor-column-gap-default\">\n\t\t\t\t\t<div class=\"elementor-column elementor-col-100 elementor-top-column elementor-element elementor-element-e5cbbf2 exad-glass-effect-no exad-sticky-section-no\" data-id=\"e5cbbf2\" data-element_type=\"column\">\n\t\t\t<div class=\"elementor-widget-wrap elementor-element-populated\">\n\t\t\t\t\t\t<div class=\"elementor-element elementor-element-9d0b58a exad-sticky-section-no exad-glass-effect-no elementor-widget elementor-widget-html\" data-id=\"9d0b58a\" data-element_type=\"widget\" data-widget_type=\"html.default\">\n\t\t\t\t<div class=\"elementor-widget-container\">\n\t\t\t<div class=\"sketchfab-embed-wrapper\"> <iframe title=\"Aq\u00fceducte del reg de l'Ama d'Altea la Vella\" frameborder=\"0\" allowfullscreen mozallowfullscreen=\"true\" webkitallowfullscreen=\"true\" allow=\"autoplay; fullscreen; xr-spatial-tracking\" xr-spatial-tracking execution-while-out-of-viewport execution-while-not-rendered web-share width=\"1200\" height=\"720\" data-src=\"https:\/\/sketchfab.com\/models\/a2821c32ff4f4e2f9eabcdb51e4639b5\/embed\" src=\"data:image\/gif;base64,R0lGODlhAQABAAAAACH5BAEKAAEALAAAAAABAAEAAAICTAEAOw==\" class=\"lazyload\" data-load-mode=\"1\"> <\/iframe> <\/p><\/div>\t\t<\/div>\n\t\t\t\t<\/div>\n\t\t\t\t\t<\/div>\n\t\t<\/div>\n\t\t\t\t\t<\/div>\n\t\t<\/section>\n\t\t\t\t<section class=\"elementor-section elementor-top-section elementor-element elementor-element-6242454 elementor-section-boxed elementor-section-height-default elementor-section-height-default exad-glass-effect-no exad-sticky-section-no\" data-id=\"6242454\" data-element_type=\"section\">\n\t\t\t\t\t\t<div class=\"elementor-container elementor-column-gap-default\">\n\t\t\t\t\t<div class=\"elementor-column elementor-col-100 elementor-top-column elementor-element elementor-element-1211133 exad-glass-effect-no exad-sticky-section-no\" data-id=\"1211133\" data-element_type=\"column\">\n\t\t\t<div class=\"elementor-widget-wrap elementor-element-populated\">\n\t\t\t\t\t\t<div class=\"elementor-element elementor-element-305955e exad-sticky-section-no exad-glass-effect-no elementor-widget elementor-widget-html\" data-id=\"305955e\" data-element_type=\"widget\" data-widget_type=\"html.default\">\n\t\t\t\t<div class=\"elementor-widget-container\">\n\t\t\t<div class=\"sketchfab-embed-wrapper\"> <iframe title=\"Aq\u00fceducte del reg de l'Ama d'Altea la Vella\" frameborder=\"0\" allowfullscreen mozallowfullscreen=\"true\" webkitallowfullscreen=\"true\" allow=\"autoplay; fullscreen; xr-spatial-tracking\" xr-spatial-tracking execution-while-out-of-viewport execution-while-not-rendered web-share width=\"1200\" height=\"720\" data-src=\"https:\/\/sketchfab.com\/models\/f5c9b3a4111a4e41856ae7b0ae6b0406\/embed\" src=\"data:image\/gif;base64,R0lGODlhAQABAAAAACH5BAEKAAEALAAAAAABAAEAAAICTAEAOw==\" class=\"lazyload\" data-load-mode=\"1\"> <\/iframe> <\/div>\t\t<\/div>\n\t\t\t\t<\/div>\n\t\t\t\t\t<\/div>\n\t\t<\/div>\n\t\t\t\t\t<\/div>\n\t\t<\/section>\n\t\t\t\t<\/div>\n\t\t","protected":false},"excerpt":{"rendered":"<p>\u25c4volver El acueducto forma parte del riego de l\u2019Ama d\u2019Altea la Vella, fue construido para salvar el barranco en [&hellip;]<\/p>\n","protected":false},"author":1,"featured_media":0,"parent":0,"menu_order":0,"comment_status":"closed","ping_status":"closed","template":"template-fullwide.php","meta":{"_expiration-date-status":"","_expiration-date":0,"_expiration-date-type":"","_expiration-date-categories":[],"_expiration-date-options":[],"footnotes":""},"yoast_head":"<!-- This site is optimized with the Yoast SEO plugin v22.8 - https:\/\/yoast.com\/wordpress\/plugins\/seo\/ -->\n<title>Aq\u00fceducte del reg de l&#039;Ama d&#039;Altea la Vella - Altea Cultural<\/title>\n<meta name=\"robots\" content=\"index, follow, max-snippet:-1, max-image-preview:large, max-video-preview:-1\" \/>\n<link rel=\"canonical\" href=\"https:\/\/www.alteacultural.com\/es\/aqueducte-del-reg-de-lama-daltea-la-vella\/\" \/>\n<meta property=\"og:locale\" content=\"es_ES\" \/>\n<meta property=\"og:type\" content=\"article\" \/>\n<meta property=\"og:title\" content=\"Aq\u00fceducte del reg de l&#039;Ama d&#039;Altea la Vella - Altea Cultural\" \/>\n<meta property=\"og:description\" content=\"\u25c4volver El acueducto forma parte del riego de l\u2019Ama d\u2019Altea la Vella, fue construido para salvar el barranco en [&hellip;]\" \/>\n<meta property=\"og:url\" content=\"https:\/\/www.alteacultural.com\/es\/aqueducte-del-reg-de-lama-daltea-la-vella\/\" \/>\n<meta property=\"og:site_name\" content=\"Altea Cultural\" \/>\n<meta property=\"article:modified_time\" content=\"2022-02-23T10:57:19+00:00\" \/>\n<meta name=\"twitter:card\" content=\"summary_large_image\" \/>\n<meta name=\"twitter:label1\" content=\"Tiempo de lectura\" \/>\n\t<meta name=\"twitter:data1\" content=\"1 minuto\" \/>\n<script type=\"application\/ld+json\" class=\"yoast-schema-graph\">{\"@context\":\"https:\/\/schema.org\",\"@graph\":[{\"@type\":\"WebPage\",\"@id\":\"https:\/\/www.alteacultural.com\/es\/aqueducte-del-reg-de-lama-daltea-la-vella\/\",\"url\":\"https:\/\/www.alteacultural.com\/es\/aqueducte-del-reg-de-lama-daltea-la-vella\/\",\"name\":\"Aq\u00fceducte del reg de l'Ama d'Altea la Vella - Altea Cultural\",\"isPartOf\":{\"@id\":\"https:\/\/www.alteacultural.com\/es\/#website\"},\"datePublished\":\"2022-02-08T13:06:31+00:00\",\"dateModified\":\"2022-02-23T10:57:19+00:00\",\"breadcrumb\":{\"@id\":\"https:\/\/www.alteacultural.com\/es\/aqueducte-del-reg-de-lama-daltea-la-vella\/#breadcrumb\"},\"inLanguage\":\"es\",\"potentialAction\":[{\"@type\":\"ReadAction\",\"target\":[\"https:\/\/www.alteacultural.com\/es\/aqueducte-del-reg-de-lama-daltea-la-vella\/\"]}]},{\"@type\":\"BreadcrumbList\",\"@id\":\"https:\/\/www.alteacultural.com\/es\/aqueducte-del-reg-de-lama-daltea-la-vella\/#breadcrumb\",\"itemListElement\":[{\"@type\":\"ListItem\",\"position\":1,\"name\":\"Inici\",\"item\":\"https:\/\/www.alteacultural.com\/es\/\"},{\"@type\":\"ListItem\",\"position\":2,\"name\":\"Aq\u00fceducte del reg de l&#8217;Ama d&#8217;Altea la Vella\"}]},{\"@type\":\"WebSite\",\"@id\":\"https:\/\/www.alteacultural.com\/es\/#website\",\"url\":\"https:\/\/www.alteacultural.com\/es\/\",\"name\":\"Altea Cultural\",\"description\":\"Regidoria de Cultura de l&#039;Ajuntament d&#039;Altea\",\"potentialAction\":[{\"@type\":\"SearchAction\",\"target\":{\"@type\":\"EntryPoint\",\"urlTemplate\":\"https:\/\/www.alteacultural.com\/es\/?s={search_term_string}\"},\"query-input\":\"required name=search_term_string\"}],\"inLanguage\":\"es\"}]}<\/script>\n<!-- \/ Yoast SEO plugin. -->","yoast_head_json":{"title":"Aq\u00fceducte del reg de l'Ama d'Altea la Vella - Altea Cultural","robots":{"index":"index","follow":"follow","max-snippet":"max-snippet:-1","max-image-preview":"max-image-preview:large","max-video-preview":"max-video-preview:-1"},"canonical":"https:\/\/www.alteacultural.com\/es\/aqueducte-del-reg-de-lama-daltea-la-vella\/","og_locale":"es_ES","og_type":"article","og_title":"Aq\u00fceducte del reg de l'Ama d'Altea la Vella - Altea Cultural","og_description":"\u25c4volver El acueducto forma parte del riego de l\u2019Ama d\u2019Altea la Vella, fue construido para salvar el barranco en [&hellip;]","og_url":"https:\/\/www.alteacultural.com\/es\/aqueducte-del-reg-de-lama-daltea-la-vella\/","og_site_name":"Altea Cultural","article_modified_time":"2022-02-23T10:57:19+00:00","twitter_card":"summary_large_image","twitter_misc":{"Tiempo de lectura":"1 minuto"},"schema":{"@context":"https:\/\/schema.org","@graph":[{"@type":"WebPage","@id":"https:\/\/www.alteacultural.com\/es\/aqueducte-del-reg-de-lama-daltea-la-vella\/","url":"https:\/\/www.alteacultural.com\/es\/aqueducte-del-reg-de-lama-daltea-la-vella\/","name":"Aq\u00fceducte del reg de l'Ama d'Altea la Vella - Altea Cultural","isPartOf":{"@id":"https:\/\/www.alteacultural.com\/es\/#website"},"datePublished":"2022-02-08T13:06:31+00:00","dateModified":"2022-02-23T10:57:19+00:00","breadcrumb":{"@id":"https:\/\/www.alteacultural.com\/es\/aqueducte-del-reg-de-lama-daltea-la-vella\/#breadcrumb"},"inLanguage":"es","potentialAction":[{"@type":"ReadAction","target":["https:\/\/www.alteacultural.com\/es\/aqueducte-del-reg-de-lama-daltea-la-vella\/"]}]},{"@type":"BreadcrumbList","@id":"https:\/\/www.alteacultural.com\/es\/aqueducte-del-reg-de-lama-daltea-la-vella\/#breadcrumb","itemListElement":[{"@type":"ListItem","position":1,"name":"Inici","item":"https:\/\/www.alteacultural.com\/es\/"},{"@type":"ListItem","position":2,"name":"Aq\u00fceducte del reg de l&#8217;Ama d&#8217;Altea la Vella"}]},{"@type":"WebSite","@id":"https:\/\/www.alteacultural.com\/es\/#website","url":"https:\/\/www.alteacultural.com\/es\/","name":"Altea Cultural","description":"Regidoria de Cultura de l&#039;Ajuntament d&#039;Altea","potentialAction":[{"@type":"SearchAction","target":{"@type":"EntryPoint","urlTemplate":"https:\/\/www.alteacultural.com\/es\/?s={search_term_string}"},"query-input":"required name=search_term_string"}],"inLanguage":"es"}]}},"_links":{"self":[{"href":"https:\/\/www.alteacultural.com\/es\/wp-json\/wp\/v2\/pages\/15175"}],"collection":[{"href":"https:\/\/www.alteacultural.com\/es\/wp-json\/wp\/v2\/pages"}],"about":[{"href":"https:\/\/www.alteacultural.com\/es\/wp-json\/wp\/v2\/types\/page"}],"author":[{"embeddable":true,"href":"https:\/\/www.alteacultural.com\/es\/wp-json\/wp\/v2\/users\/1"}],"replies":[{"embeddable":true,"href":"https:\/\/www.alteacultural.com\/es\/wp-json\/wp\/v2\/comments?post=15175"}],"version-history":[{"count":22,"href":"https:\/\/www.alteacultural.com\/es\/wp-json\/wp\/v2\/pages\/15175\/revisions"}],"predecessor-version":[{"id":15902,"href":"https:\/\/www.alteacultural.com\/es\/wp-json\/wp\/v2\/pages\/15175\/revisions\/15902"}],"wp:attachment":[{"href":"https:\/\/www.alteacultural.com\/es\/wp-json\/wp\/v2\/media?parent=15175"}],"curies":[{"name":"wp","href":"https:\/\/api.w.org\/{rel}","templated":true}]}}

Aqüeducte del reg de l&#8217;Ama d&#8217;Altea la Vella

<div data-elementor-type="wp-page" data-elementor-id="15175" class="elementor elementor-15175">
						<section class="elementor-section elementor-top-section elementor-element elementor-element-79a06da elementor-section-boxed elementor-section-height-default elementor-section-height-default exad-glass-effect-no exad-sticky-section-no" data-id="79a06da" data-element_type="section">
						<div class="elementor-container elementor-column-gap-default">
					<div class="elementor-column elementor-col-100 elementor-top-column elementor-element elementor-element-1301edd exad-glass-effect-no exad-sticky-section-no" data-id="1301edd" data-element_type="column">
			<div class="elementor-widget-wrap elementor-element-populated">
						<div class="elementor-element elementor-element-acdc123 exad-sticky-section-no exad-glass-effect-no elementor-widget elementor-widget-text-editor" data-id="acdc123" data-element_type="widget" data-widget_type="text-editor.default">
				<div class="elementor-widget-container">
							<p><a href="https://www.alteacultural.com/museu-virtual/?lang=es" data-rich-text-format-boundary="true">◄volver</a></p>						</div>
				</div>
					</div>
		</div>
					</div>
		</section>
				<section class="elementor-section elementor-top-section elementor-element elementor-element-c735e29 elementor-section-boxed elementor-section-height-default elementor-section-height-default exad-glass-effect-no exad-sticky-section-no" data-id="c735e29" data-element_type="section">
						<div class="elementor-container elementor-column-gap-default">
					<div class="elementor-column elementor-col-100 elementor-top-column elementor-element elementor-element-758c219 exad-glass-effect-no exad-sticky-section-no" data-id="758c219" data-element_type="column">
			<div class="elementor-widget-wrap elementor-element-populated">
						<div class="elementor-element elementor-element-9548b53 elementor-drop-cap-yes elementor-drop-cap-view-default exad-sticky-section-no exad-glass-effect-no elementor-widget elementor-widget-text-editor" data-id="9548b53" data-element_type="widget" data-settings="{&quot;drop_cap&quot;:&quot;yes&quot;}" data-widget_type="text-editor.default">
				<div class="elementor-widget-container">
							<p>El acueducto forma parte del riego de l’Ama d’Altea la Vella, fue construido para salvar el barranco en su recorrido de riego. Cuenta con la condición de protección ambiental y arqueológica. Sus características constructivas nos indican que nos encontramos ante uno de los sistemas de regadío históricos del pueblo, que aunque seguramente será más antiguo, las primeras referencias bibliográficas hacen referencia en el siglo XVIII.<br /><br />Se trata de una construcción realizada con masonería trabada con mortero y revestida con mortero de cal. La construcción está formada por un arco de medio punto realizado con dovelas de piedras irregulares, con contrafuertes a uno y otro lado apoyados directamente en la roca madre, por encima de toda la estructura se sitúa la acequia de regadío, también revestida con mortero de cal.</p>						</div>
				</div>
					</div>
		</div>
					</div>
		</section>
				<section class="elementor-section elementor-top-section elementor-element elementor-element-4743cc6 elementor-section-boxed elementor-section-height-default elementor-section-height-default exad-glass-effect-no exad-sticky-section-no" data-id="4743cc6" data-element_type="section">
						<div class="elementor-container elementor-column-gap-default">
					<div class="elementor-column elementor-col-100 elementor-top-column elementor-element elementor-element-e5cbbf2 exad-glass-effect-no exad-sticky-section-no" data-id="e5cbbf2" data-element_type="column">
			<div class="elementor-widget-wrap elementor-element-populated">
						<div class="elementor-element elementor-element-9d0b58a exad-sticky-section-no exad-glass-effect-no elementor-widget elementor-widget-html" data-id="9d0b58a" data-element_type="widget" data-widget_type="html.default">
				<div class="elementor-widget-container">
			<div class="sketchfab-embed-wrapper"> <iframe title="Aqüeducte del reg de l'Ama d'Altea la Vella" frameborder="0" allowfullscreen mozallowfullscreen="true" webkitallowfullscreen="true" allow="autoplay; fullscreen; xr-spatial-tracking" xr-spatial-tracking execution-while-out-of-viewport execution-while-not-rendered web-share width="1200" height="720" data-src="https://sketchfab.com/models/a2821c32ff4f4e2f9eabcdb51e4639b5/embed" src="data:image/gif;base64,R0lGODlhAQABAAAAACH5BAEKAAEALAAAAAABAAEAAAICTAEAOw==" class="lazyload" data-load-mode="1"> </iframe> </p></div>		</div>
				</div>
					</div>
		</div>
					</div>
		</section>
				<section class="elementor-section elementor-top-section elementor-element elementor-element-6242454 elementor-section-boxed elementor-section-height-default elementor-section-height-default exad-glass-effect-no exad-sticky-section-no" data-id="6242454" data-element_type="section">
						<div class="elementor-container elementor-column-gap-default">
					<div class="elementor-column elementor-col-100 elementor-top-column elementor-element elementor-element-1211133 exad-glass-effect-no exad-sticky-section-no" data-id="1211133" data-element_type="column">
			<div class="elementor-widget-wrap elementor-element-populated">
						<div class="elementor-element elementor-element-305955e exad-sticky-section-no exad-glass-effect-no elementor-widget elementor-widget-html" data-id="305955e" data-element_type="widget" data-widget_type="html.default">
				<div class="elementor-widget-container">
			<div class="sketchfab-embed-wrapper"> <iframe title="Aqüeducte del reg de l'Ama d'Altea la Vella" frameborder="0" allowfullscreen mozallowfullscreen="true" webkitallowfullscreen="true" allow="autoplay; fullscreen; xr-spatial-tracking" xr-spatial-tracking execution-while-out-of-viewport execution-while-not-rendered web-share width="1200" height="720" data-src="https://sketchfab.com/models/f5c9b3a4111a4e41856ae7b0ae6b0406/embed" src="data:image/gif;base64,R0lGODlhAQABAAAAACH5BAEKAAEALAAAAAABAAEAAAICTAEAOw==" class="lazyload" data-load-mode="1"> </iframe> </div>		</div>
				</div>
					</div>
		</div>
					</div>
		</section>
				</div>

<!-- This site is optimized with the Yoast SEO plugin v22.8 - https://yoast.com/wordpress/plugins/seo/ -->
<title>Aqüeducte del reg de l&#039;Ama d&#039;Altea la Vella - Altea Cultural</title>
<meta name="robots" content="index, follow, max-snippet:-1, max-image-preview:large, max-video-preview:-1" />
<link rel="canonical" href="https://www.alteacultural.com/es/aqueducte-del-reg-de-lama-daltea-la-vella/" />
<meta property="og:locale" content="es_ES" />
<meta property="og:type" content="article" />
<meta property="og:title" content="Aqüeducte del reg de l&#039;Ama d&#039;Altea la Vella - Altea Cultural" />
<meta property="og:description" content="◄volver El acueducto forma parte del riego de l’Ama d’Altea la Vella, fue construido para salvar el barranco en [&hellip;]" />
<meta property="og:url" content="https://www.alteacultural.com/es/aqueducte-del-reg-de-lama-daltea-la-vella/" />
<meta property="og:site_name" content="Altea Cultural" />
<meta property="article:modified_time" content="2022-02-23T10:57:19+00:00" />
<meta name="twitter:card" content="summary_large_image" />
<meta name="twitter:label1" content="Tiempo de lectura" />
	<meta name="twitter:data1" content="1 minuto" />
<script type="application/ld+json" class="yoast-schema-graph">{"@context":"https://schema.org","@graph":[{"@type":"WebPage","@id":"https://www.alteacultural.com/es/aqueducte-del-reg-de-lama-daltea-la-vella/","url":"https://www.alteacultural.com/es/aqueducte-del-reg-de-lama-daltea-la-vella/","name":"Aqüeducte del reg de l'Ama d'Altea la Vella - Altea Cultural","isPartOf":{"@id":"https://www.alteacultural.com/es/#website"},"datePublished":"2022-02-08T13:06:31+00:00","dateModified":"2022-02-23T10:57:19+00:00","breadcrumb":{"@id":"https://www.alteacultural.com/es/aqueducte-del-reg-de-lama-daltea-la-vella/#breadcrumb"},"inLanguage":"es","potentialAction":[{"@type":"ReadAction","target":["https://www.alteacultural.com/es/aqueducte-del-reg-de-lama-daltea-la-vella/"]}]},{"@type":"BreadcrumbList","@id":"https://www.alteacultural.com/es/aqueducte-del-reg-de-lama-daltea-la-vella/#breadcrumb","itemListElement":[{"@type":"ListItem","position":1,"name":"Inici","item":"https://www.alteacultural.com/es/"},{"@type":"ListItem","position":2,"name":"Aqüeducte del reg de l&#8217;Ama d&#8217;Altea la Vella"}]},{"@type":"WebSite","@id":"https://www.alteacultural.com/es/#website","url":"https://www.alteacultural.com/es/","name":"Altea Cultural","description":"Regidoria de Cultura de l&#039;Ajuntament d&#039;Altea","potentialAction":[{"@type":"SearchAction","target":{"@type":"EntryPoint","urlTemplate":"https://www.alteacultural.com/es/?s={search_term_string}"},"query-input":"required name=search_term_string"}],"inLanguage":"es"}]}</script>
<!-- / Yoast SEO plugin. -->

Aqüeducte del reg de l'Ama d'Altea la Vella - Altea Cultural
