{"id":15214,"date":"2022-02-08T14:34:41","date_gmt":"2022-02-08T13:34:41","guid":{"rendered":"https:\/\/www.alteacultural.com\/moli-vell-de-bellaguarda\/"},"modified":"2022-02-23T12:31:31","modified_gmt":"2022-02-23T11:31:31","slug":"moli-vell-de-bellaguarda","status":"publish","type":"page","link":"https:\/\/www.alteacultural.com\/es\/moli-vell-de-bellaguarda\/","title":{"rendered":"Mol\u00ed vell de Bellaguarda"},"content":{"rendered":"\t\t<div data-elementor-type=\"wp-page\" data-elementor-id=\"15214\" class=\"elementor elementor-15214\">\n\t\t\t\t\t\t<section class=\"elementor-section elementor-top-section elementor-element elementor-element-998fea9 elementor-section-boxed elementor-section-height-default elementor-section-height-default exad-glass-effect-no exad-sticky-section-no\" data-id=\"998fea9\" data-element_type=\"section\">\n\t\t\t\t\t\t<div class=\"elementor-container elementor-column-gap-default\">\n\t\t\t\t\t<div class=\"elementor-column elementor-col-100 elementor-top-column elementor-element elementor-element-d2ef115 exad-glass-effect-no exad-sticky-section-no\" data-id=\"d2ef115\" data-element_type=\"column\">\n\t\t\t<div class=\"elementor-widget-wrap elementor-element-populated\">\n\t\t\t\t\t\t<div class=\"elementor-element elementor-element-5350b67 exad-sticky-section-no exad-glass-effect-no elementor-widget elementor-widget-text-editor\" data-id=\"5350b67\" data-element_type=\"widget\" data-widget_type=\"text-editor.default\">\n\t\t\t\t<div class=\"elementor-widget-container\">\n\t\t\t\t\t\t\t<p><a href=\"https:\/\/www.alteacultural.com\/museu-virtual\/?lang=es\" data-rich-text-format-boundary=\"true\">\u25c4volver<\/a><\/p>\t\t\t\t\t\t<\/div>\n\t\t\t\t<\/div>\n\t\t\t\t\t<\/div>\n\t\t<\/div>\n\t\t\t\t\t<\/div>\n\t\t<\/section>\n\t\t\t\t<section class=\"elementor-section elementor-top-section elementor-element elementor-element-20e647e elementor-section-boxed elementor-section-height-default elementor-section-height-default exad-glass-effect-no exad-sticky-section-no\" data-id=\"20e647e\" data-element_type=\"section\">\n\t\t\t\t\t\t<div class=\"elementor-container elementor-column-gap-default\">\n\t\t\t\t\t<div class=\"elementor-column elementor-col-100 elementor-top-column elementor-element elementor-element-3cfda47 exad-glass-effect-no exad-sticky-section-no\" data-id=\"3cfda47\" data-element_type=\"column\">\n\t\t\t<div class=\"elementor-widget-wrap elementor-element-populated\">\n\t\t\t\t\t\t<div class=\"elementor-element elementor-element-efc1a6c elementor-drop-cap-yes elementor-drop-cap-view-default exad-sticky-section-no exad-glass-effect-no elementor-widget elementor-widget-text-editor\" data-id=\"efc1a6c\" data-element_type=\"widget\" data-settings=\"{&quot;drop_cap&quot;:&quot;yes&quot;}\" data-widget_type=\"text-editor.default\">\n\t\t\t\t<div class=\"elementor-widget-container\">\n\t\t\t\t\t\t\t<p>Conocido tambi\u00e9n como el Aljub, es testigo de un pasado medieval que dej\u00f3 poca huella en Altea, pero muestra la importancia de la cultura ancestral del agua de nuestra tierra. Este molino hidr\u00e1ulico debi\u00f3 tener su \u00e9poca activa entre los siglos XIV al XVI. De \u00e9l podemos ver hoy su estructura vinculada a la alquer\u00eda medieval de Bellaguarda, en las faldas de la antigua colina sobre la que m\u00e1s tarde se levant\u00f3 Altea. Estar\u00eda abastecido por una antigua acequia, S\u00e9quia Blanca, que en \u00e9poca medieval podr\u00eda dar agua a este molino desde un ramal procedente del actual Pla del Castell.<\/p>\t\t\t\t\t\t<\/div>\n\t\t\t\t<\/div>\n\t\t\t\t\t<\/div>\n\t\t<\/div>\n\t\t\t\t\t<\/div>\n\t\t<\/section>\n\t\t\t\t<section class=\"elementor-section elementor-top-section elementor-element elementor-element-72e1750 elementor-section-boxed elementor-section-height-default elementor-section-height-default exad-glass-effect-no exad-sticky-section-no\" data-id=\"72e1750\" data-element_type=\"section\">\n\t\t\t\t\t\t<div class=\"elementor-container elementor-column-gap-default\">\n\t\t\t\t\t<div class=\"elementor-column elementor-col-100 elementor-top-column elementor-element elementor-element-e5b4dc9 exad-glass-effect-no exad-sticky-section-no\" data-id=\"e5b4dc9\" data-element_type=\"column\">\n\t\t\t<div class=\"elementor-widget-wrap elementor-element-populated\">\n\t\t\t\t\t\t<div class=\"elementor-element elementor-element-000eea3 exad-sticky-section-no exad-glass-effect-no elementor-widget elementor-widget-html\" data-id=\"000eea3\" data-element_type=\"widget\" data-widget_type=\"html.default\">\n\t\t\t\t<div class=\"elementor-widget-container\">\n\t\t\t<div class=\"sketchfab-embed-wrapper\"> <iframe title=\"MOL\u00cd VELL DE BELLAGUARDA (ALJUB)\" frameborder=\"0\" allowfullscreen mozallowfullscreen=\"true\" webkitallowfullscreen=\"true\" allow=\"autoplay; fullscreen; xr-spatial-tracking\" xr-spatial-tracking execution-while-out-of-viewport execution-while-not-rendered web-share width=\"1200\" height=\"720\" data-src=\"https:\/\/sketchfab.com\/models\/b26ef44f6f40472c8b9e68ea2053ea36\/embed\" src=\"data:image\/gif;base64,R0lGODlhAQABAAAAACH5BAEKAAEALAAAAAABAAEAAAICTAEAOw==\" class=\"lazyload\" data-load-mode=\"1\"> <\/iframe> <\/div>\t\t<\/div>\n\t\t\t\t<\/div>\n\t\t\t\t\t<\/div>\n\t\t<\/div>\n\t\t\t\t\t<\/div>\n\t\t<\/section>\n\t\t\t\t<\/div>\n\t\t","protected":false},"excerpt":{"rendered":"<p>\u25c4volver Conocido tambi\u00e9n como el Aljub, es testigo de un pasado medieval que dej\u00f3 poca huella en Altea, pero [&hellip;]<\/p>\n","protected":false},"author":1,"featured_media":0,"parent":0,"menu_order":0,"comment_status":"closed","ping_status":"closed","template":"template-fullwide.php","meta":{"_expiration-date-status":"","_expiration-date":0,"_expiration-date-type":"","_expiration-date-categories":[],"_expiration-date-options":[],"footnotes":""},"yoast_head":"<!-- This site is optimized with the Yoast SEO plugin v22.8 - https:\/\/yoast.com\/wordpress\/plugins\/seo\/ -->\n<title>Mol\u00ed vell de Bellaguarda - Altea Cultural<\/title>\n<meta name=\"robots\" content=\"index, follow, max-snippet:-1, max-image-preview:large, max-video-preview:-1\" \/>\n<link rel=\"canonical\" href=\"https:\/\/www.alteacultural.com\/es\/moli-vell-de-bellaguarda\/\" \/>\n<meta property=\"og:locale\" content=\"es_ES\" \/>\n<meta property=\"og:type\" content=\"article\" \/>\n<meta property=\"og:title\" content=\"Mol\u00ed vell de Bellaguarda - Altea Cultural\" \/>\n<meta property=\"og:description\" content=\"\u25c4volver Conocido tambi\u00e9n como el Aljub, es testigo de un pasado medieval que dej\u00f3 poca huella en Altea, pero [&hellip;]\" \/>\n<meta property=\"og:url\" content=\"https:\/\/www.alteacultural.com\/es\/moli-vell-de-bellaguarda\/\" \/>\n<meta property=\"og:site_name\" content=\"Altea Cultural\" \/>\n<meta property=\"article:modified_time\" content=\"2022-02-23T11:31:31+00:00\" \/>\n<meta name=\"twitter:card\" content=\"summary_large_image\" \/>\n<meta name=\"twitter:label1\" content=\"Tiempo de lectura\" \/>\n\t<meta name=\"twitter:data1\" content=\"1 minuto\" \/>\n<script type=\"application\/ld+json\" class=\"yoast-schema-graph\">{\"@context\":\"https:\/\/schema.org\",\"@graph\":[{\"@type\":\"WebPage\",\"@id\":\"https:\/\/www.alteacultural.com\/es\/moli-vell-de-bellaguarda\/\",\"url\":\"https:\/\/www.alteacultural.com\/es\/moli-vell-de-bellaguarda\/\",\"name\":\"Mol\u00ed vell de Bellaguarda - Altea Cultural\",\"isPartOf\":{\"@id\":\"https:\/\/www.alteacultural.com\/es\/#website\"},\"datePublished\":\"2022-02-08T13:34:41+00:00\",\"dateModified\":\"2022-02-23T11:31:31+00:00\",\"breadcrumb\":{\"@id\":\"https:\/\/www.alteacultural.com\/es\/moli-vell-de-bellaguarda\/#breadcrumb\"},\"inLanguage\":\"es\",\"potentialAction\":[{\"@type\":\"ReadAction\",\"target\":[\"https:\/\/www.alteacultural.com\/es\/moli-vell-de-bellaguarda\/\"]}]},{\"@type\":\"BreadcrumbList\",\"@id\":\"https:\/\/www.alteacultural.com\/es\/moli-vell-de-bellaguarda\/#breadcrumb\",\"itemListElement\":[{\"@type\":\"ListItem\",\"position\":1,\"name\":\"Inici\",\"item\":\"https:\/\/www.alteacultural.com\/es\/\"},{\"@type\":\"ListItem\",\"position\":2,\"name\":\"Mol\u00ed vell de Bellaguarda\"}]},{\"@type\":\"WebSite\",\"@id\":\"https:\/\/www.alteacultural.com\/es\/#website\",\"url\":\"https:\/\/www.alteacultural.com\/es\/\",\"name\":\"Altea Cultural\",\"description\":\"Regidoria de Cultura de l&#039;Ajuntament d&#039;Altea\",\"potentialAction\":[{\"@type\":\"SearchAction\",\"target\":{\"@type\":\"EntryPoint\",\"urlTemplate\":\"https:\/\/www.alteacultural.com\/es\/?s={search_term_string}\"},\"query-input\":\"required name=search_term_string\"}],\"inLanguage\":\"es\"}]}<\/script>\n<!-- \/ Yoast SEO plugin. -->","yoast_head_json":{"title":"Mol\u00ed vell de Bellaguarda - Altea Cultural","robots":{"index":"index","follow":"follow","max-snippet":"max-snippet:-1","max-image-preview":"max-image-preview:large","max-video-preview":"max-video-preview:-1"},"canonical":"https:\/\/www.alteacultural.com\/es\/moli-vell-de-bellaguarda\/","og_locale":"es_ES","og_type":"article","og_title":"Mol\u00ed vell de Bellaguarda - Altea Cultural","og_description":"\u25c4volver Conocido tambi\u00e9n como el Aljub, es testigo de un pasado medieval que dej\u00f3 poca huella en Altea, pero [&hellip;]","og_url":"https:\/\/www.alteacultural.com\/es\/moli-vell-de-bellaguarda\/","og_site_name":"Altea Cultural","article_modified_time":"2022-02-23T11:31:31+00:00","twitter_card":"summary_large_image","twitter_misc":{"Tiempo de lectura":"1 minuto"},"schema":{"@context":"https:\/\/schema.org","@graph":[{"@type":"WebPage","@id":"https:\/\/www.alteacultural.com\/es\/moli-vell-de-bellaguarda\/","url":"https:\/\/www.alteacultural.com\/es\/moli-vell-de-bellaguarda\/","name":"Mol\u00ed vell de Bellaguarda - Altea Cultural","isPartOf":{"@id":"https:\/\/www.alteacultural.com\/es\/#website"},"datePublished":"2022-02-08T13:34:41+00:00","dateModified":"2022-02-23T11:31:31+00:00","breadcrumb":{"@id":"https:\/\/www.alteacultural.com\/es\/moli-vell-de-bellaguarda\/#breadcrumb"},"inLanguage":"es","potentialAction":[{"@type":"ReadAction","target":["https:\/\/www.alteacultural.com\/es\/moli-vell-de-bellaguarda\/"]}]},{"@type":"BreadcrumbList","@id":"https:\/\/www.alteacultural.com\/es\/moli-vell-de-bellaguarda\/#breadcrumb","itemListElement":[{"@type":"ListItem","position":1,"name":"Inici","item":"https:\/\/www.alteacultural.com\/es\/"},{"@type":"ListItem","position":2,"name":"Mol\u00ed vell de Bellaguarda"}]},{"@type":"WebSite","@id":"https:\/\/www.alteacultural.com\/es\/#website","url":"https:\/\/www.alteacultural.com\/es\/","name":"Altea Cultural","description":"Regidoria de Cultura de l&#039;Ajuntament d&#039;Altea","potentialAction":[{"@type":"SearchAction","target":{"@type":"EntryPoint","urlTemplate":"https:\/\/www.alteacultural.com\/es\/?s={search_term_string}"},"query-input":"required name=search_term_string"}],"inLanguage":"es"}]}},"_links":{"self":[{"href":"https:\/\/www.alteacultural.com\/es\/wp-json\/wp\/v2\/pages\/15214"}],"collection":[{"href":"https:\/\/www.alteacultural.com\/es\/wp-json\/wp\/v2\/pages"}],"about":[{"href":"https:\/\/www.alteacultural.com\/es\/wp-json\/wp\/v2\/types\/page"}],"author":[{"embeddable":true,"href":"https:\/\/www.alteacultural.com\/es\/wp-json\/wp\/v2\/users\/1"}],"replies":[{"embeddable":true,"href":"https:\/\/www.alteacultural.com\/es\/wp-json\/wp\/v2\/comments?post=15214"}],"version-history":[{"count":15,"href":"https:\/\/www.alteacultural.com\/es\/wp-json\/wp\/v2\/pages\/15214\/revisions"}],"predecessor-version":[{"id":15934,"href":"https:\/\/www.alteacultural.com\/es\/wp-json\/wp\/v2\/pages\/15214\/revisions\/15934"}],"wp:attachment":[{"href":"https:\/\/www.alteacultural.com\/es\/wp-json\/wp\/v2\/media?parent=15214"}],"curies":[{"name":"wp","href":"https:\/\/api.w.org\/{rel}","templated":true}]}}

Molí vell de Bellaguarda

<div data-elementor-type="wp-page" data-elementor-id="15214" class="elementor elementor-15214">
						<section class="elementor-section elementor-top-section elementor-element elementor-element-998fea9 elementor-section-boxed elementor-section-height-default elementor-section-height-default exad-glass-effect-no exad-sticky-section-no" data-id="998fea9" data-element_type="section">
						<div class="elementor-container elementor-column-gap-default">
					<div class="elementor-column elementor-col-100 elementor-top-column elementor-element elementor-element-d2ef115 exad-glass-effect-no exad-sticky-section-no" data-id="d2ef115" data-element_type="column">
			<div class="elementor-widget-wrap elementor-element-populated">
						<div class="elementor-element elementor-element-5350b67 exad-sticky-section-no exad-glass-effect-no elementor-widget elementor-widget-text-editor" data-id="5350b67" data-element_type="widget" data-widget_type="text-editor.default">
				<div class="elementor-widget-container">
							<p><a href="https://www.alteacultural.com/museu-virtual/?lang=es" data-rich-text-format-boundary="true">◄volver</a></p>						</div>
				</div>
					</div>
		</div>
					</div>
		</section>
				<section class="elementor-section elementor-top-section elementor-element elementor-element-20e647e elementor-section-boxed elementor-section-height-default elementor-section-height-default exad-glass-effect-no exad-sticky-section-no" data-id="20e647e" data-element_type="section">
						<div class="elementor-container elementor-column-gap-default">
					<div class="elementor-column elementor-col-100 elementor-top-column elementor-element elementor-element-3cfda47 exad-glass-effect-no exad-sticky-section-no" data-id="3cfda47" data-element_type="column">
			<div class="elementor-widget-wrap elementor-element-populated">
						<div class="elementor-element elementor-element-efc1a6c elementor-drop-cap-yes elementor-drop-cap-view-default exad-sticky-section-no exad-glass-effect-no elementor-widget elementor-widget-text-editor" data-id="efc1a6c" data-element_type="widget" data-settings="{&quot;drop_cap&quot;:&quot;yes&quot;}" data-widget_type="text-editor.default">
				<div class="elementor-widget-container">
							<p>Conocido también como el Aljub, es testigo de un pasado medieval que dejó poca huella en Altea, pero muestra la importancia de la cultura ancestral del agua de nuestra tierra. Este molino hidráulico debió tener su época activa entre los siglos XIV al XVI. De él podemos ver hoy su estructura vinculada a la alquería medieval de Bellaguarda, en las faldas de la antigua colina sobre la que más tarde se levantó Altea. Estaría abastecido por una antigua acequia, Séquia Blanca, que en época medieval podría dar agua a este molino desde un ramal procedente del actual Pla del Castell.</p>						</div>
				</div>
					</div>
		</div>
					</div>
		</section>
				<section class="elementor-section elementor-top-section elementor-element elementor-element-72e1750 elementor-section-boxed elementor-section-height-default elementor-section-height-default exad-glass-effect-no exad-sticky-section-no" data-id="72e1750" data-element_type="section">
						<div class="elementor-container elementor-column-gap-default">
					<div class="elementor-column elementor-col-100 elementor-top-column elementor-element elementor-element-e5b4dc9 exad-glass-effect-no exad-sticky-section-no" data-id="e5b4dc9" data-element_type="column">
			<div class="elementor-widget-wrap elementor-element-populated">
						<div class="elementor-element elementor-element-000eea3 exad-sticky-section-no exad-glass-effect-no elementor-widget elementor-widget-html" data-id="000eea3" data-element_type="widget" data-widget_type="html.default">
				<div class="elementor-widget-container">
			<div class="sketchfab-embed-wrapper"> <iframe title="MOLÍ VELL DE BELLAGUARDA (ALJUB)" frameborder="0" allowfullscreen mozallowfullscreen="true" webkitallowfullscreen="true" allow="autoplay; fullscreen; xr-spatial-tracking" xr-spatial-tracking execution-while-out-of-viewport execution-while-not-rendered web-share width="1200" height="720" data-src="https://sketchfab.com/models/b26ef44f6f40472c8b9e68ea2053ea36/embed" src="data:image/gif;base64,R0lGODlhAQABAAAAACH5BAEKAAEALAAAAAABAAEAAAICTAEAOw==" class="lazyload" data-load-mode="1"> </iframe> </div>		</div>
				</div>
					</div>
		</div>
					</div>
		</section>
				</div>

<p>◄volver Conocido también como el Aljub, es testigo de un pasado medieval que dejó poca huella en Altea, pero [&hellip;]</p>

<!-- This site is optimized with the Yoast SEO plugin v22.8 - https://yoast.com/wordpress/plugins/seo/ -->
<title>Molí vell de Bellaguarda - Altea Cultural</title>
<meta name="robots" content="index, follow, max-snippet:-1, max-image-preview:large, max-video-preview:-1" />
<link rel="canonical" href="https://www.alteacultural.com/es/moli-vell-de-bellaguarda/" />
<meta property="og:locale" content="es_ES" />
<meta property="og:type" content="article" />
<meta property="og:title" content="Molí vell de Bellaguarda - Altea Cultural" />
<meta property="og:description" content="◄volver Conocido también como el Aljub, es testigo de un pasado medieval que dejó poca huella en Altea, pero [&hellip;]" />
<meta property="og:url" content="https://www.alteacultural.com/es/moli-vell-de-bellaguarda/" />
<meta property="og:site_name" content="Altea Cultural" />
<meta property="article:modified_time" content="2022-02-23T11:31:31+00:00" />
<meta name="twitter:card" content="summary_large_image" />
<meta name="twitter:label1" content="Tiempo de lectura" />
	<meta name="twitter:data1" content="1 minuto" />
<script type="application/ld+json" class="yoast-schema-graph">{"@context":"https://schema.org","@graph":[{"@type":"WebPage","@id":"https://www.alteacultural.com/es/moli-vell-de-bellaguarda/","url":"https://www.alteacultural.com/es/moli-vell-de-bellaguarda/","name":"Molí vell de Bellaguarda - Altea Cultural","isPartOf":{"@id":"https://www.alteacultural.com/es/#website"},"datePublished":"2022-02-08T13:34:41+00:00","dateModified":"2022-02-23T11:31:31+00:00","breadcrumb":{"@id":"https://www.alteacultural.com/es/moli-vell-de-bellaguarda/#breadcrumb"},"inLanguage":"es","potentialAction":[{"@type":"ReadAction","target":["https://www.alteacultural.com/es/moli-vell-de-bellaguarda/"]}]},{"@type":"BreadcrumbList","@id":"https://www.alteacultural.com/es/moli-vell-de-bellaguarda/#breadcrumb","itemListElement":[{"@type":"ListItem","position":1,"name":"Inici","item":"https://www.alteacultural.com/es/"},{"@type":"ListItem","position":2,"name":"Molí vell de Bellaguarda"}]},{"@type":"WebSite","@id":"https://www.alteacultural.com/es/#website","url":"https://www.alteacultural.com/es/","name":"Altea Cultural","description":"Regidoria de Cultura de l&#039;Ajuntament d&#039;Altea","potentialAction":[{"@type":"SearchAction","target":{"@type":"EntryPoint","urlTemplate":"https://www.alteacultural.com/es/?s={search_term_string}"},"query-input":"required name=search_term_string"}],"inLanguage":"es"}]}</script>
<!-- / Yoast SEO plugin. -->

Molí vell de Bellaguarda - Altea Cultural

◄volver Conocido también como el Aljub, es testigo de un pasado medieval que dejó poca huella en Altea, pero [&hellip;]
