{"id":15220,"date":"2022-02-08T14:40:28","date_gmt":"2022-02-08T13:40:28","guid":{"rendered":"https:\/\/www.alteacultural.com\/estela-funeraria-iberica-daltea-la-vella\/"},"modified":"2022-02-23T12:36:23","modified_gmt":"2022-02-23T11:36:23","slug":"estela-funeraria-iberica-daltea-la-vella","status":"publish","type":"page","link":"https:\/\/www.alteacultural.com\/es\/estela-funeraria-iberica-daltea-la-vella\/","title":{"rendered":"Estela funer\u00e0ria ib\u00e8rica d\u2019Altea la Vella"},"content":{"rendered":"\t\t<div data-elementor-type=\"wp-page\" data-elementor-id=\"15220\" class=\"elementor elementor-15220\">\n\t\t\t\t\t\t<section class=\"elementor-section elementor-top-section elementor-element elementor-element-6868a25 elementor-section-boxed elementor-section-height-default elementor-section-height-default exad-glass-effect-no exad-sticky-section-no\" data-id=\"6868a25\" data-element_type=\"section\">\n\t\t\t\t\t\t<div class=\"elementor-container elementor-column-gap-default\">\n\t\t\t\t\t<div class=\"elementor-column elementor-col-100 elementor-top-column elementor-element elementor-element-08c0ba3 exad-glass-effect-no exad-sticky-section-no\" data-id=\"08c0ba3\" data-element_type=\"column\">\n\t\t\t<div class=\"elementor-widget-wrap elementor-element-populated\">\n\t\t\t\t\t\t<div class=\"elementor-element elementor-element-e2b04e4 exad-sticky-section-no exad-glass-effect-no elementor-widget elementor-widget-text-editor\" data-id=\"e2b04e4\" data-element_type=\"widget\" data-widget_type=\"text-editor.default\">\n\t\t\t\t<div class=\"elementor-widget-container\">\n\t\t\t\t\t\t\t<p><a href=\"https:\/\/www.alteacultural.com\/museo-virtual\/?lang=es\" data-rich-text-format-boundary=\"true\">\u25c4volver<\/a><\/p>\t\t\t\t\t\t<\/div>\n\t\t\t\t<\/div>\n\t\t\t\t\t<\/div>\n\t\t<\/div>\n\t\t\t\t\t<\/div>\n\t\t<\/section>\n\t\t\t\t<section class=\"elementor-section elementor-top-section elementor-element elementor-element-cc31548 elementor-section-boxed elementor-section-height-default elementor-section-height-default exad-glass-effect-no exad-sticky-section-no\" data-id=\"cc31548\" data-element_type=\"section\">\n\t\t\t\t\t\t<div class=\"elementor-container elementor-column-gap-default\">\n\t\t\t\t\t<div class=\"elementor-column elementor-col-100 elementor-top-column elementor-element elementor-element-6a1d0ab exad-glass-effect-no exad-sticky-section-no\" data-id=\"6a1d0ab\" data-element_type=\"column\">\n\t\t\t<div class=\"elementor-widget-wrap elementor-element-populated\">\n\t\t\t\t\t\t<div class=\"elementor-element elementor-element-e34a9fd elementor-drop-cap-yes elementor-drop-cap-view-default exad-sticky-section-no exad-glass-effect-no elementor-widget elementor-widget-text-editor\" data-id=\"e34a9fd\" data-element_type=\"widget\" data-settings=\"{&quot;drop_cap&quot;:&quot;yes&quot;}\" data-widget_type=\"text-editor.default\">\n\t\t\t\t<div class=\"elementor-widget-container\">\n\t\t\t\t\t\t\t<p>Se encontr\u00f3 accidentalmente en 1972 en el espacio de una necr\u00f3polis ib\u00e9rica conocida y expoliada desde principios del siglo XX. Los escasos materiales conocidos no se empezaron a estudiar hasta los a\u00f1os 80. La estela est\u00e1 realizada en piedra arenisca de grano fino, muy porosa. Mediante un grabado de incisi\u00f3n y fricci\u00f3n se represent\u00f3 de manera esquem\u00e1tica la panoplia propia de un guerrero, de un hoplita. En ella podemos distinguir elementos como una espada con empu\u00f1adura de antenas y hoja recta, un cuchillo afalcatado de uso personal, un posible guante o manopla, un hipot\u00e9tico linothorax o coraza hecha de capas de lino, el cintur\u00f3n de apariencia samnita de l\u00e1mina de bronce y las grebas de protecci\u00f3n para la espinilla. Todos ellos, elementos s\u00edmbolo de estatus y prestigio para su poseedor.<\/p>\t\t\t\t\t\t<\/div>\n\t\t\t\t<\/div>\n\t\t\t\t\t<\/div>\n\t\t<\/div>\n\t\t\t\t\t<\/div>\n\t\t<\/section>\n\t\t\t\t<section class=\"elementor-section elementor-top-section elementor-element elementor-element-7948bfc elementor-section-boxed elementor-section-height-default elementor-section-height-default exad-glass-effect-no exad-sticky-section-no\" data-id=\"7948bfc\" data-element_type=\"section\">\n\t\t\t\t\t\t<div class=\"elementor-container elementor-column-gap-default\">\n\t\t\t\t\t<div class=\"elementor-column elementor-col-100 elementor-top-column elementor-element elementor-element-568f30b exad-glass-effect-no exad-sticky-section-no\" data-id=\"568f30b\" data-element_type=\"column\">\n\t\t\t<div class=\"elementor-widget-wrap elementor-element-populated\">\n\t\t\t\t\t\t<div class=\"elementor-element elementor-element-5c66df6 exad-sticky-section-no exad-glass-effect-no elementor-widget elementor-widget-html\" data-id=\"5c66df6\" data-element_type=\"widget\" data-widget_type=\"html.default\">\n\t\t\t\t<div class=\"elementor-widget-container\">\n\t\t\t<div class=\"sketchfab-embed-wrapper\"> <iframe title=\"ESTELA FUNER\u00c0RIA IB\u00c8RICA D'ALTEA LA VELLA.\" frameborder=\"0\" allowfullscreen mozallowfullscreen=\"true\" webkitallowfullscreen=\"true\" allow=\"autoplay; fullscreen; xr-spatial-tracking\" xr-spatial-tracking execution-while-out-of-viewport execution-while-not-rendered web-share width=\"1200\" height=\"720\" data-src=\"https:\/\/sketchfab.com\/models\/e6a170359259468295732e97730ef441\/embed\" src=\"data:image\/gif;base64,R0lGODlhAQABAAAAACH5BAEKAAEALAAAAAABAAEAAAICTAEAOw==\" class=\"lazyload\" data-load-mode=\"1\"> <\/iframe> <\/div>\t\t<\/div>\n\t\t\t\t<\/div>\n\t\t\t\t\t<\/div>\n\t\t<\/div>\n\t\t\t\t\t<\/div>\n\t\t<\/section>\n\t\t\t\t<\/div>\n\t\t","protected":false},"excerpt":{"rendered":"<p>\u25c4volver Se encontr\u00f3 accidentalmente en 1972 en el espacio de una necr\u00f3polis ib\u00e9rica conocida y expoliada desde principios del [&hellip;]<\/p>\n","protected":false},"author":1,"featured_media":0,"parent":0,"menu_order":0,"comment_status":"closed","ping_status":"closed","template":"template-fullwide.php","meta":{"_expiration-date-status":"","_expiration-date":0,"_expiration-date-type":"","_expiration-date-categories":[],"_expiration-date-options":[],"footnotes":""},"yoast_head":"<!-- This site is optimized with the Yoast SEO plugin v22.8 - https:\/\/yoast.com\/wordpress\/plugins\/seo\/ -->\n<title>Estela funer\u00e0ria ib\u00e8rica d\u2019Altea la Vella - Altea Cultural<\/title>\n<meta name=\"robots\" content=\"index, follow, max-snippet:-1, max-image-preview:large, max-video-preview:-1\" \/>\n<link rel=\"canonical\" href=\"https:\/\/www.alteacultural.com\/es\/estela-funeraria-iberica-daltea-la-vella\/\" \/>\n<meta property=\"og:locale\" content=\"es_ES\" \/>\n<meta property=\"og:type\" content=\"article\" \/>\n<meta property=\"og:title\" content=\"Estela funer\u00e0ria ib\u00e8rica d\u2019Altea la Vella - Altea Cultural\" \/>\n<meta property=\"og:description\" content=\"\u25c4volver Se encontr\u00f3 accidentalmente en 1972 en el espacio de una necr\u00f3polis ib\u00e9rica conocida y expoliada desde principios del [&hellip;]\" \/>\n<meta property=\"og:url\" content=\"https:\/\/www.alteacultural.com\/es\/estela-funeraria-iberica-daltea-la-vella\/\" \/>\n<meta property=\"og:site_name\" content=\"Altea Cultural\" \/>\n<meta property=\"article:modified_time\" content=\"2022-02-23T11:36:23+00:00\" \/>\n<meta name=\"twitter:card\" content=\"summary_large_image\" \/>\n<meta name=\"twitter:label1\" content=\"Tiempo de lectura\" \/>\n\t<meta name=\"twitter:data1\" content=\"1 minuto\" \/>\n<script type=\"application\/ld+json\" class=\"yoast-schema-graph\">{\"@context\":\"https:\/\/schema.org\",\"@graph\":[{\"@type\":\"WebPage\",\"@id\":\"https:\/\/www.alteacultural.com\/es\/estela-funeraria-iberica-daltea-la-vella\/\",\"url\":\"https:\/\/www.alteacultural.com\/es\/estela-funeraria-iberica-daltea-la-vella\/\",\"name\":\"Estela funer\u00e0ria ib\u00e8rica d\u2019Altea la Vella - Altea Cultural\",\"isPartOf\":{\"@id\":\"https:\/\/www.alteacultural.com\/es\/#website\"},\"datePublished\":\"2022-02-08T13:40:28+00:00\",\"dateModified\":\"2022-02-23T11:36:23+00:00\",\"breadcrumb\":{\"@id\":\"https:\/\/www.alteacultural.com\/es\/estela-funeraria-iberica-daltea-la-vella\/#breadcrumb\"},\"inLanguage\":\"es\",\"potentialAction\":[{\"@type\":\"ReadAction\",\"target\":[\"https:\/\/www.alteacultural.com\/es\/estela-funeraria-iberica-daltea-la-vella\/\"]}]},{\"@type\":\"BreadcrumbList\",\"@id\":\"https:\/\/www.alteacultural.com\/es\/estela-funeraria-iberica-daltea-la-vella\/#breadcrumb\",\"itemListElement\":[{\"@type\":\"ListItem\",\"position\":1,\"name\":\"Inici\",\"item\":\"https:\/\/www.alteacultural.com\/es\/\"},{\"@type\":\"ListItem\",\"position\":2,\"name\":\"Estela funer\u00e0ria ib\u00e8rica d\u2019Altea la Vella\"}]},{\"@type\":\"WebSite\",\"@id\":\"https:\/\/www.alteacultural.com\/es\/#website\",\"url\":\"https:\/\/www.alteacultural.com\/es\/\",\"name\":\"Altea Cultural\",\"description\":\"Regidoria de Cultura de l&#039;Ajuntament d&#039;Altea\",\"potentialAction\":[{\"@type\":\"SearchAction\",\"target\":{\"@type\":\"EntryPoint\",\"urlTemplate\":\"https:\/\/www.alteacultural.com\/es\/?s={search_term_string}\"},\"query-input\":\"required name=search_term_string\"}],\"inLanguage\":\"es\"}]}<\/script>\n<!-- \/ Yoast SEO plugin. -->","yoast_head_json":{"title":"Estela funer\u00e0ria ib\u00e8rica d\u2019Altea la Vella - Altea Cultural","robots":{"index":"index","follow":"follow","max-snippet":"max-snippet:-1","max-image-preview":"max-image-preview:large","max-video-preview":"max-video-preview:-1"},"canonical":"https:\/\/www.alteacultural.com\/es\/estela-funeraria-iberica-daltea-la-vella\/","og_locale":"es_ES","og_type":"article","og_title":"Estela funer\u00e0ria ib\u00e8rica d\u2019Altea la Vella - Altea Cultural","og_description":"\u25c4volver Se encontr\u00f3 accidentalmente en 1972 en el espacio de una necr\u00f3polis ib\u00e9rica conocida y expoliada desde principios del [&hellip;]","og_url":"https:\/\/www.alteacultural.com\/es\/estela-funeraria-iberica-daltea-la-vella\/","og_site_name":"Altea Cultural","article_modified_time":"2022-02-23T11:36:23+00:00","twitter_card":"summary_large_image","twitter_misc":{"Tiempo de lectura":"1 minuto"},"schema":{"@context":"https:\/\/schema.org","@graph":[{"@type":"WebPage","@id":"https:\/\/www.alteacultural.com\/es\/estela-funeraria-iberica-daltea-la-vella\/","url":"https:\/\/www.alteacultural.com\/es\/estela-funeraria-iberica-daltea-la-vella\/","name":"Estela funer\u00e0ria ib\u00e8rica d\u2019Altea la Vella - Altea Cultural","isPartOf":{"@id":"https:\/\/www.alteacultural.com\/es\/#website"},"datePublished":"2022-02-08T13:40:28+00:00","dateModified":"2022-02-23T11:36:23+00:00","breadcrumb":{"@id":"https:\/\/www.alteacultural.com\/es\/estela-funeraria-iberica-daltea-la-vella\/#breadcrumb"},"inLanguage":"es","potentialAction":[{"@type":"ReadAction","target":["https:\/\/www.alteacultural.com\/es\/estela-funeraria-iberica-daltea-la-vella\/"]}]},{"@type":"BreadcrumbList","@id":"https:\/\/www.alteacultural.com\/es\/estela-funeraria-iberica-daltea-la-vella\/#breadcrumb","itemListElement":[{"@type":"ListItem","position":1,"name":"Inici","item":"https:\/\/www.alteacultural.com\/es\/"},{"@type":"ListItem","position":2,"name":"Estela funer\u00e0ria ib\u00e8rica d\u2019Altea la Vella"}]},{"@type":"WebSite","@id":"https:\/\/www.alteacultural.com\/es\/#website","url":"https:\/\/www.alteacultural.com\/es\/","name":"Altea Cultural","description":"Regidoria de Cultura de l&#039;Ajuntament d&#039;Altea","potentialAction":[{"@type":"SearchAction","target":{"@type":"EntryPoint","urlTemplate":"https:\/\/www.alteacultural.com\/es\/?s={search_term_string}"},"query-input":"required name=search_term_string"}],"inLanguage":"es"}]}},"_links":{"self":[{"href":"https:\/\/www.alteacultural.com\/es\/wp-json\/wp\/v2\/pages\/15220"}],"collection":[{"href":"https:\/\/www.alteacultural.com\/es\/wp-json\/wp\/v2\/pages"}],"about":[{"href":"https:\/\/www.alteacultural.com\/es\/wp-json\/wp\/v2\/types\/page"}],"author":[{"embeddable":true,"href":"https:\/\/www.alteacultural.com\/es\/wp-json\/wp\/v2\/users\/1"}],"replies":[{"embeddable":true,"href":"https:\/\/www.alteacultural.com\/es\/wp-json\/wp\/v2\/comments?post=15220"}],"version-history":[{"count":15,"href":"https:\/\/www.alteacultural.com\/es\/wp-json\/wp\/v2\/pages\/15220\/revisions"}],"predecessor-version":[{"id":15946,"href":"https:\/\/www.alteacultural.com\/es\/wp-json\/wp\/v2\/pages\/15220\/revisions\/15946"}],"wp:attachment":[{"href":"https:\/\/www.alteacultural.com\/es\/wp-json\/wp\/v2\/media?parent=15220"}],"curies":[{"name":"wp","href":"https:\/\/api.w.org\/{rel}","templated":true}]}}

Estela funerària ibèrica d’Altea la Vella

<div data-elementor-type="wp-page" data-elementor-id="15220" class="elementor elementor-15220">
						<section class="elementor-section elementor-top-section elementor-element elementor-element-6868a25 elementor-section-boxed elementor-section-height-default elementor-section-height-default exad-glass-effect-no exad-sticky-section-no" data-id="6868a25" data-element_type="section">
						<div class="elementor-container elementor-column-gap-default">
					<div class="elementor-column elementor-col-100 elementor-top-column elementor-element elementor-element-08c0ba3 exad-glass-effect-no exad-sticky-section-no" data-id="08c0ba3" data-element_type="column">
			<div class="elementor-widget-wrap elementor-element-populated">
						<div class="elementor-element elementor-element-e2b04e4 exad-sticky-section-no exad-glass-effect-no elementor-widget elementor-widget-text-editor" data-id="e2b04e4" data-element_type="widget" data-widget_type="text-editor.default">
				<div class="elementor-widget-container">
							<p><a href="https://www.alteacultural.com/museo-virtual/?lang=es" data-rich-text-format-boundary="true">◄volver</a></p>						</div>
				</div>
					</div>
		</div>
					</div>
		</section>
				<section class="elementor-section elementor-top-section elementor-element elementor-element-cc31548 elementor-section-boxed elementor-section-height-default elementor-section-height-default exad-glass-effect-no exad-sticky-section-no" data-id="cc31548" data-element_type="section">
						<div class="elementor-container elementor-column-gap-default">
					<div class="elementor-column elementor-col-100 elementor-top-column elementor-element elementor-element-6a1d0ab exad-glass-effect-no exad-sticky-section-no" data-id="6a1d0ab" data-element_type="column">
			<div class="elementor-widget-wrap elementor-element-populated">
						<div class="elementor-element elementor-element-e34a9fd elementor-drop-cap-yes elementor-drop-cap-view-default exad-sticky-section-no exad-glass-effect-no elementor-widget elementor-widget-text-editor" data-id="e34a9fd" data-element_type="widget" data-settings="{&quot;drop_cap&quot;:&quot;yes&quot;}" data-widget_type="text-editor.default">
				<div class="elementor-widget-container">
							<p>Se encontró accidentalmente en 1972 en el espacio de una necrópolis ibérica conocida y expoliada desde principios del siglo XX. Los escasos materiales conocidos no se empezaron a estudiar hasta los años 80. La estela está realizada en piedra arenisca de grano fino, muy porosa. Mediante un grabado de incisión y fricción se representó de manera esquemática la panoplia propia de un guerrero, de un hoplita. En ella podemos distinguir elementos como una espada con empuñadura de antenas y hoja recta, un cuchillo afalcatado de uso personal, un posible guante o manopla, un hipotético linothorax o coraza hecha de capas de lino, el cinturón de apariencia samnita de lámina de bronce y las grebas de protección para la espinilla. Todos ellos, elementos símbolo de estatus y prestigio para su poseedor.</p>						</div>
				</div>
					</div>
		</div>
					</div>
		</section>
				<section class="elementor-section elementor-top-section elementor-element elementor-element-7948bfc elementor-section-boxed elementor-section-height-default elementor-section-height-default exad-glass-effect-no exad-sticky-section-no" data-id="7948bfc" data-element_type="section">
						<div class="elementor-container elementor-column-gap-default">
					<div class="elementor-column elementor-col-100 elementor-top-column elementor-element elementor-element-568f30b exad-glass-effect-no exad-sticky-section-no" data-id="568f30b" data-element_type="column">
			<div class="elementor-widget-wrap elementor-element-populated">
						<div class="elementor-element elementor-element-5c66df6 exad-sticky-section-no exad-glass-effect-no elementor-widget elementor-widget-html" data-id="5c66df6" data-element_type="widget" data-widget_type="html.default">
				<div class="elementor-widget-container">
			<div class="sketchfab-embed-wrapper"> <iframe title="ESTELA FUNERÀRIA IBÈRICA D'ALTEA LA VELLA." frameborder="0" allowfullscreen mozallowfullscreen="true" webkitallowfullscreen="true" allow="autoplay; fullscreen; xr-spatial-tracking" xr-spatial-tracking execution-while-out-of-viewport execution-while-not-rendered web-share width="1200" height="720" data-src="https://sketchfab.com/models/e6a170359259468295732e97730ef441/embed" src="data:image/gif;base64,R0lGODlhAQABAAAAACH5BAEKAAEALAAAAAABAAEAAAICTAEAOw==" class="lazyload" data-load-mode="1"> </iframe> </div>		</div>
				</div>
					</div>
		</div>
					</div>
		</section>
				</div>

<p>◄volver Se encontró accidentalmente en 1972 en el espacio de una necrópolis ibérica conocida y expoliada desde principios del [&hellip;]</p>

<!-- This site is optimized with the Yoast SEO plugin v22.8 - https://yoast.com/wordpress/plugins/seo/ -->
<title>Estela funerària ibèrica d’Altea la Vella - Altea Cultural</title>
<meta name="robots" content="index, follow, max-snippet:-1, max-image-preview:large, max-video-preview:-1" />
<link rel="canonical" href="https://www.alteacultural.com/es/estela-funeraria-iberica-daltea-la-vella/" />
<meta property="og:locale" content="es_ES" />
<meta property="og:type" content="article" />
<meta property="og:title" content="Estela funerària ibèrica d’Altea la Vella - Altea Cultural" />
<meta property="og:description" content="◄volver Se encontró accidentalmente en 1972 en el espacio de una necrópolis ibérica conocida y expoliada desde principios del [&hellip;]" />
<meta property="og:url" content="https://www.alteacultural.com/es/estela-funeraria-iberica-daltea-la-vella/" />
<meta property="og:site_name" content="Altea Cultural" />
<meta property="article:modified_time" content="2022-02-23T11:36:23+00:00" />
<meta name="twitter:card" content="summary_large_image" />
<meta name="twitter:label1" content="Tiempo de lectura" />
	<meta name="twitter:data1" content="1 minuto" />
<script type="application/ld+json" class="yoast-schema-graph">{"@context":"https://schema.org","@graph":[{"@type":"WebPage","@id":"https://www.alteacultural.com/es/estela-funeraria-iberica-daltea-la-vella/","url":"https://www.alteacultural.com/es/estela-funeraria-iberica-daltea-la-vella/","name":"Estela funerària ibèrica d’Altea la Vella - Altea Cultural","isPartOf":{"@id":"https://www.alteacultural.com/es/#website"},"datePublished":"2022-02-08T13:40:28+00:00","dateModified":"2022-02-23T11:36:23+00:00","breadcrumb":{"@id":"https://www.alteacultural.com/es/estela-funeraria-iberica-daltea-la-vella/#breadcrumb"},"inLanguage":"es","potentialAction":[{"@type":"ReadAction","target":["https://www.alteacultural.com/es/estela-funeraria-iberica-daltea-la-vella/"]}]},{"@type":"BreadcrumbList","@id":"https://www.alteacultural.com/es/estela-funeraria-iberica-daltea-la-vella/#breadcrumb","itemListElement":[{"@type":"ListItem","position":1,"name":"Inici","item":"https://www.alteacultural.com/es/"},{"@type":"ListItem","position":2,"name":"Estela funerària ibèrica d’Altea la Vella"}]},{"@type":"WebSite","@id":"https://www.alteacultural.com/es/#website","url":"https://www.alteacultural.com/es/","name":"Altea Cultural","description":"Regidoria de Cultura de l&#039;Ajuntament d&#039;Altea","potentialAction":[{"@type":"SearchAction","target":{"@type":"EntryPoint","urlTemplate":"https://www.alteacultural.com/es/?s={search_term_string}"},"query-input":"required name=search_term_string"}],"inLanguage":"es"}]}</script>
<!-- / Yoast SEO plugin. -->

Estela funerària ibèrica d’Altea la Vella - Altea Cultural

◄volver Se encontró accidentalmente en 1972 en el espacio de una necrópolis ibérica conocida y expoliada desde principios del [&hellip;]
